000
CXUS54 KLZK 181130
CF6ADF
PRELIMINARY LOCAL CLIMATOLOGICAL DATA (WS FORM: F-6)

                                          STATION:   Arkadelphia Airport
                                          MONTH:     JANUARY
                                          YEAR:      2017
                                          LATITUDE:   34  9 N
                                          LONGITUDE:  93  4 W

  TEMPERATURE IN F:       :PCPN:    SNOW:  WIND      :SUNSHINE: SKY     :PK WND
================================================================================
1   2   3   4   5  6A  6B    7    8   9   10  11  12  13   14  15   16   17  18
                                     12Z  AVG MX 2MIN
DY MAX MIN AVG DEP HDD CDD  WTR  SNW DPTH SPD SPD DIR MIN PSBL S-S WX    SPD DR
================================================================================

 1  49  45  47   6  18   0 0.01    M    0  4.7  7  80   M    M  10 18      M  M
 2  62  48  55  14  10   0 0.33    M    0  4.3 10 360   M    M   6 123     M  M
 3  61  46  54  13  11   0 0.01    M    0  3.9 14 350   M    M   9 12     20 340
 4  45  32  39  -2  26   0 0.00  0.0    0  7.0 12 360   M    M   3         M  M
 5  40  33  37  -4  28   0 0.00  0.0    0  6.7 13  10   M    M  10        17 340
 6  33  22  28 -13  37   0    T    M    0 10.0 14  30   M    M  10 1      21  30
 7  36  15  26 -15  39   0 0.00  0.0    0  2.8  8 360   M    M   0         M  M
 8  39  18  29 -12  36   0 0.00  0.0    0  2.2  9 130   M    M   0         M  M
 9  49  22  36  -5  29   0 0.00  0.0    0  3.0  8 160   M    M   6         M  M
10  74  47  61  20   4   0 0.00  0.0    0  8.6 17 210   M    M   8        35 240
11  73  50  62  21   3   0 0.00  0.0    0  9.9 20 200   M    M   9        30 200
12  75  61  68  27   0   3 0.00  0.0    0  8.8 17 200   M    M   9        22 200
13  63  44  54  13  11   0 0.00  0.0    0  6.8 13  20   M    M  10         M  M
14  51  43  47   6  18   0    T    M    0  5.2  8  30   M    M  10 1       M  M
15  54  46  50   9  15   0 0.00  0.0    0  5.3  7  50   M    M  10 1       M  M
16   M   M   M   M   M   M 0.82    M    0  6.3 15 280   M    M  10 13     20 280
17  58  50  54  13  11   0 0.13  0.0    0  2.4  8 360   M    M   7         M  M
================================================================================
SM  862  622       296   3  1.30     0.0  97.9          M      127
================================================================================
AV 53.9 38.9                               5.8 FASTST   M    M   7    MAX(MPH)
                                 MISC ---->    20   M               # 35  240
================================================================================
NOTES:
# LAST OF SEVERAL OCCURRENCES

COLUMN 17 PEAK WIND IN M.P.H.

PRELIMINARY LOCAL CLIMATOLOGICAL DATA (WS FORM: F-6) , PAGE 2

                                          STATION:  Arkadelphia Airport
                                          MONTH:    JANUARY
                                          YEAR:     2017
                                          LATITUDE:   34  9 N
                                          LONGITUDE:  93  4 W

[TEMPERATURE DATA]      [PRECIPITATION DATA]       SYMBOLS USED IN COLUMN 16

AVERAGE MONTHLY: 46.4   TOTAL FOR MONTH:   1.30    1 = FOG OR MIST
DPTR FM NORMAL:   5.4   DPTR FM NORMAL:   -0.89    2 = FOG REDUCING VISIBILITY
HIGHEST:    75 ON 12    GRTST 24HR  0.82 ON 16-16      TO 1/4 MILE OR LESS
LOWEST:     15 ON  7                               3 = THUNDER
                        SNOW, ICE PELLETS, HAIL    4 = ICE PELLETS
                        TOTAL MONTH:   0.0 INCH    5 = HAIL
                        GRTST 24HR     0.0         6 = FREEZING RAIN OR DRIZZLE
                        GRTST DEPTH:   0           7 = DUSTSTORM OR SANDSTORM:
                                                       VSBY 1/2 MILE OR LESS
                                                   8 = SMOKE OR HAZE
[NO. OF DAYS WITH]      [WEATHER - DAYS WITH]      9 = BLOWING SNOW
                                                   X = TORNADO
MAX 32 OR BELOW:   0    0.01 INCH OR MORE:   5
MAX 90 OR ABOVE:   0    0.10 INCH OR MORE:   3
MIN 32 OR BELOW:   5    0.50 INCH OR MORE:   1
MIN  0 OR BELOW:   0    1.00 INCH OR MORE:   0

[HDD (BASE 65) ]
TOTAL THIS MO.   296    CLEAR  (SCALE 0-3)   2
DPTR FM NORMAL  -112    PTCLDY (SCALE 4-7)   5
TOTAL FM JUL 1  1256    CLOUDY (SCALE 8-10) 10
DPTR FM NORMAL  -372

[CDD (BASE 65) ]
TOTAL THIS MO.     3
DPTR FM NORMAL     3    [PRESSURE DATA]
TOTAL FM JAN 1     3    HIGHEST SLP M ON M
DPTR FM NORMAL     3    LOWEST  SLP M ON M

[REMARKS]
