000
CXUS54 KLZK 311130
CF6ADF
PRELIMINARY LOCAL CLIMATOLOGICAL DATA (WS FORM: F-6)

                                          STATION:   Arkadelphia Airport
                                          MONTH:     AUGUST
                                          YEAR:      2015
                                          LATITUDE:   34  9 N
                                          LONGITUDE:  93  4 W

  TEMPERATURE IN F:       :PCPN:    SNOW:  WIND      :SUNSHINE: SKY     :PK WND
================================================================================
1   2   3   4   5  6A  6B    7    8   9   10  11  12  13   14  15   16   17  18
                                     12Z  AVG MX 2MIN
DY MAX MIN AVG DEP HDD CDD  WTR  SNW DPTH SPD SPD DIR MIN PSBL S-S WX    SPD DR
================================================================================

 1  99  65  82   1   0  17 0.00  0.0    0  1.3  7 160   M    M   0 1       M  M
 2 101  66  84   3   0  19 0.00  0.0    0  1.3  5 160   M    M   0 1       M  M
 3 101  67  84   3   0  19 0.00  0.0    0  1.4  7  99   M    M   0 8       M  M
 4 101  70  86   5   0  21 0.00  0.0    0  1.6  8 200   M    M   0         M  M
 5 102  74  88   7   0  23 0.00  0.0    0  6.1 14 230   M    M   1 1       M  M
 6 103  78  91  10   0  26    T  0.0    0  5.1 15 230   M    M   1 3       M  M
 7 104  74  89   8   0  24 0.00  0.0    0  4.9 13 240   M    M   0 1       M  M
 8 107  74  91  10   0  26 0.00  0.0    0  2.9  8 260   M    M   0         M  M
 9 107  76  92  11   0  27 0.00  0.0    0  2.3  7 170   M    M   0 1       M  M
10  99  73  86   5   0  21    T  0.0    0  3.0  7  70   M    M   0 1       M  M
11 102  75  89   8   0  24 0.00  0.0    0  4.0  9 360   M    M   1 1       M  M
12  95  73  84   3   0  19 0.00  0.0    0  5.3  9  20   M    M   1         M  M
13  94  63  79  -2   0  14 0.00  0.0    0  3.6  9  40   M    M   0         M  M
14  94  62  78  -3   0  13 0.00  0.0    0  3.5  9  30   M    M   0         M  M
15  97  63  80  -1   0  15 0.00  0.0    0  3.2  7  40   M    M   1 1       M  M
16  99  71  85   4   0  20 0.00  0.0    0  3.7  7  30   M    M   1         M  M
17  97  70  84   3   0  19 0.00  0.0    0  2.0  7 110   M    M   0         M  M
18  98  70  84   3   0  19 0.00  0.0    0  6.5 12 240   M    M   1         M  M
19  90  72  81   1   0  16 0.20  0.0    0  5.4 13 200   M    M   7 13      M  M
20  83  66  75  -5   0  10 0.00  0.0    0  4.6  9  20   M    M   5         M  M
21  93  69  81   1   0  16 0.00  0.0    0  2.0  7 170   M    M   5         M  M
22  83  70  77  -3   0  12 0.26  0.0    0  1.8 10 180   M    M   4 13      M  M
23  87  68  78  -2   0  13    T  0.0    0  2.8 15 190   M    M   4 123     M  M
24  91  72  82   2   0  17 0.01  0.0    0  3.3  8  50   M    M   3 13      M  M
25  90  62  76  -4   0  11 0.00  0.0    0  3.2  7  99   M    M   1         M  M
26  93  58  76  -4   0  11 0.00  0.0    0  1.7  7  99   M    M   0         M  M
27  87  59  73  -6   0   8 0.00  0.0    0  1.2  6  99   M    M   0         M  M
28  90  57  74  -5   0   9 0.00  0.0    0  1.0  5  99   M    M   0 1       M  M
29  89  64  77  -2   0  12 0.00  0.0    0  1.7  7 210   M    M   0 1       M  M
30  96  65  81   2   0  16 0.00  0.0    0  2.5  9 180   M    M   0 12      M  M
================================================================================
SM 2872 2046         0 517  0.47     0.0  92.9          M       36
================================================================================
AV 95.7 68.2                               3.1 FASTST   M    M   1    MAX(MPH)
                                 MISC ---->  # 15 230                  M    M
================================================================================
NOTES:
# LAST OF SEVERAL OCCURRENCES

COLUMN 17 PEAK WIND IN M.P.H.

PRELIMINARY LOCAL CLIMATOLOGICAL DATA (WS FORM: F-6) , PAGE 2

                                          STATION:  Arkadelphia Airport
                                          MONTH:    AUGUST
                                          YEAR:     2015
                                          LATITUDE:   34  9 N
                                          LONGITUDE:  93  4 W

[TEMPERATURE DATA]      [PRECIPITATION DATA]       SYMBOLS USED IN COLUMN 16

AVERAGE MONTHLY: 82.0   TOTAL FOR MONTH:   0.47    1 = FOG OR MIST
DPTR FM NORMAL:   1.5   DPTR FM NORMAL:   -2.28    2 = FOG REDUCING VISIBILITY
HIGHEST:   107 ON  9, 8 GRTST 24HR  0.26 ON 22-22      TO 1/4 MILE OR LESS
LOWEST:     57 ON 28                               3 = THUNDER
                        SNOW, ICE PELLETS, HAIL    4 = ICE PELLETS
                        TOTAL MONTH:   0.0 INCH    5 = HAIL
                        GRTST 24HR     0.0         6 = FREEZING RAIN OR DRIZZLE
                        GRTST DEPTH:   0           7 = DUSTSTORM OR SANDSTORM:
                                                       VSBY 1/2 MILE OR LESS
                                                   8 = SMOKE OR HAZE
[NO. OF DAYS WITH]      [WEATHER - DAYS WITH]      9 = BLOWING SNOW
                                                   X = TORNADO
MAX 32 OR BELOW:   0    0.01 INCH OR MORE:   3
MAX 90 OR ABOVE:  25    0.10 INCH OR MORE:   2
MIN 32 OR BELOW:   0    0.50 INCH OR MORE:   0
MIN  0 OR BELOW:   0    1.00 INCH OR MORE:   0

[HDD (BASE 65) ]
TOTAL THIS MO.     0    CLEAR  (SCALE 0-3)  24
DPTR FM NORMAL     0    PTCLDY (SCALE 4-7)   6
TOTAL FM JUL 1     0    CLOUDY (SCALE 8-10)  0
DPTR FM NORMAL     0

[CDD (BASE 65) ]
TOTAL THIS MO.   517
DPTR FM NORMAL    52    [PRESSURE DATA]
TOTAL FM JAN 1  1996    HIGHEST SLP M ON M
DPTR FM NORMAL   432    LOWEST  SLP M ON M

[REMARKS]
