000
CXUS54 KLCH 012010
CF6AEX
PRELIMINARY LOCAL CLIMATOLOGICAL DATA (WS FORM: F-6)

                                          STATION:   ALEXANDRIA
                                          MONTH:     FEBRUARY
                                          YEAR:      2015
                                          LATITUDE:   31 19 N
                                          LONGITUDE:  92 33 W

  TEMPERATURE IN F:       :PCPN:    SNOW:  WIND      :SUNSHINE: SKY     :PK WND
================================================================================
1   2   3   4   5  6A  6B    7    8   9   10  11  12  13   14  15   16   17  18
                                     12Z  AVG MX 2MIN
DY MAX MIN AVG DEP HDD CDD  WTR  SNW DPTH SPD SPD DIR MIN PSBL S-S WX    SPD DR
================================================================================

 1  76  44  60  11   5   0 0.06    M    0 12.4 29 310   M    M   7 13     38 310
 2  49  31  40 -10  25   0 0.00  0.0    0  9.3 25 320   M    M   0        34 310
 3  45  33  39 -11  26   0 0.00  0.0    0  3.1  8 110   M    M   0        10 110
 4  54  39  47  -3  18   0 0.01    M    0  3.0 14  80   M    M   8 1      18  80
 5  51  36  44  -6  21   0 0.00  0.0    0  7.3 18  30   M    M   7        26  20
 6  58  28  43  -7  22   0 0.00  0.0    0  2.2  9 150   M    M   0        11 140
 7  69  33  51   1  14   0 0.00  0.0    0  6.9 18 210   M    M   2 18     25 200
 8  75  50  63  13   2   0 0.00  0.0    0  8.0 18 200   M    M   7 1      25 200
 9  76  48  62  11   3   0 0.00  0.0    0  5.8 18 320   M    M   4 128    26 310
10  65  38  52   1  13   0 0.00  0.0    0  5.3 14  50   M    M   0 18     19  40
11  72  36  54   3  11   0 0.00  0.0    0  1.6 10  50   M    M   0 8      15  40
12  61  38  50  -1  15   0 0.00  0.0    0  8.1 17 350   M    M   0        23  20
13  57  28  43  -8  22   0 0.00  0.0    0  3.8  8 200   M    M   0        11 100
14  74  36  55   3  10   0 0.00  0.0    0  3.3 12 250   M    M   0 1      16 250
15  60  43  52   0  13   0 0.04    M    0  3.8 14  30   M    M   3 18     17  30
16  67  34  51  -1  14   0 0.38    M    0 12.4 32 320   M    M  10 1      42 310
17  44  27  36 -16  29   0 0.00  0.0    0  8.4 18 350   M    M   4        24  10
18  56  27  42 -11  23   0 0.00  0.0    0  5.2 21 310   M    M   0        26 310
19  49  30  40 -13  25   0 0.00  0.0    0  5.9 14  60   M    M   1        20  60
20  65  34  50  -3  15   0 0.00    M    0 12.7 20 140   M    M  10        26 180
21  70  61  66  13   0   1 0.01  0.0    0 12.4 28 190   M    M   9 1      36 210
22  64  39  52  -2  13   0 0.17    M    0  8.5 22  20   M    M  10 1      27 360
23  40  30  35 -19  30   0 0.03    M    0 10.7 18  30   M    M  10 16     31  40
24  38  27  33 -21  32   0 0.00  0.0    0  5.3 25 360   M    M  10 1      65 340
25  38  33  36 -18  29   0 0.69    M    0  7.7 16 330   M    M  10 1      20 340
26  51  35  43 -12  22   0 0.00  0.0    0  9.3 16 350   M    M   9        21 340
27  48  30  39 -16  26   0 0.00  0.0    0  8.4 16  30   M    M   6        21  50
28  59  32  46  -9  19   0 0.00  0.0    0  5.3 10  90   M    M   9        14  60
================================================================================
SM 1631 1000       497   1  1.39     0.0 196.1          M      136
================================================================================
AV 58.2 35.7                               7.0 FASTST   M    M   5    MAX(MPH)
                                 MISC ---->  # 32 320               # 65  340
================================================================================
NOTES:
# LAST OF SEVERAL OCCURRENCES

COLUMN 17 PEAK WIND IN M.P.H.

PRELIMINARY LOCAL CLIMATOLOGICAL DATA (WS FORM: F-6) , PAGE 2

                                          STATION:  ALEXANDRIA
                                          MONTH:    FEBRUARY
                                          YEAR:     2015
                                          LATITUDE:   31 19 N
                                          LONGITUDE:  92 33 W

[TEMPERATURE DATA]      [PRECIPITATION DATA]       SYMBOLS USED IN COLUMN 16

AVERAGE MONTHLY: 47.0   TOTAL FOR MONTH:   1.39    1 = FOG OR MIST
DPTR FM NORMAL:  -5.0   DPTR FM NORMAL:   -3.07    2 = FOG REDUCING VISIBILITY
HIGHEST:    76 ON  9, 1 GRTST 24HR  0.69 ON 25-25      TO 1/4 MILE OR LESS
LOWEST:     27 ON 24,18                            3 = THUNDER
                        SNOW, ICE PELLETS, HAIL    4 = ICE PELLETS
                        TOTAL MONTH:   0.0 INCH    5 = HAIL
                        GRTST 24HR     0.0         6 = FREEZING RAIN OR DRIZZLE
                        GRTST DEPTH:   0           7 = DUSTSTORM OR SANDSTORM:
                                                       VSBY 1/2 MILE OR LESS
                                                   8 = SMOKE OR HAZE
[NO. OF DAYS WITH]      [WEATHER - DAYS WITH]      9 = BLOWING SNOW
                                                   X = TORNADO
MAX 32 OR BELOW:   0    0.01 INCH OR MORE:   8
MAX 90 OR ABOVE:   0    0.10 INCH OR MORE:   3
MIN 32 OR BELOW:  10    0.50 INCH OR MORE:   1
MIN  0 OR BELOW:   0    1.00 INCH OR MORE:   0

[HDD (BASE 65) ]
TOTAL THIS MO.   497    CLEAR  (SCALE 0-3)  12
DPTR FM NORMAL   123    PTCLDY (SCALE 4-7)   6
TOTAL FM JUL 1  1851    CLOUDY (SCALE 8-10) 10
DPTR FM NORMAL   186

[CDD (BASE 65) ]
TOTAL THIS MO.     1
DPTR FM NORMAL   -10    [PRESSURE DATA]
TOTAL FM JAN 1     1    HIGHEST SLP 30.50 ON 19
DPTR FM NORMAL   -16    LOWEST  SLP 29.79 ON 25

[REMARKS]
#FINAL-02-15#
