000
CXUS54 KFWD 190730
CF6AFW
PRELIMINARY LOCAL CLIMATOLOGICAL DATA (WS FORM: F-6)

                                          STATION:   FORT WORTH ALLIANCE
                                          MONTH:     APRIL
                                          YEAR:      2014
                                          LATITUDE:   32 58 N
                                          LONGITUDE:  97 19 W

  TEMPERATURE IN F:       :PCPN:    SNOW:  WIND      :SUNSHINE: SKY     :PK WND
================================================================================
1   2   3   4   5  6A  6B    7    8   9   10  11  12  13   14  15   16   17  18
                                     12Z  AVG MX 2MIN
DY MAX MIN AVG DEP HDD CDD  WTR  SNW DPTH SPD SPD DIR MIN PSBL S-S WX    SPD DR
================================================================================

 1  83  63  73  12   0   8 0.00  0.0    0 12.0 23 160   M    M   8        28 160
 2  81  69  75  14   0  10 0.00  0.0    0 14.6 24 160   M    M   8 18     30 160
 3  87  56  72  11   0   7 0.58  0.0    0 15.3 32 340   M    M   6 13578  40 340
 4  65  42  54  -8  11   0 0.00  0.0    0  9.4 26 350   M    M   4        38 360
 5  57  43  50 -12  15   0    T  0.0    0  6.9 18 120   M    M   9        24 100
 6  51  45  48 -14  17   0 0.85  0.0    0  8.9 17  40   M    M  10 13     24 360
 7  67  46  57  -5   8   0 0.10  0.0    0  4.9 32 340   M    M   6 3      41 350
 8  69  43  56  -6   9   0 0.00  0.0    0 12.1 30 320   M    M   1        39 320
 9  79  40  60  -3   5   0 0.00  0.0    0  9.4 18 170   M    M   1        28 170
10  85  58  72   9   0   7 0.00  0.0    0 16.2 28 190   M    M   5        39 170
11  81  59  70   7   0   5 0.00  0.0    0 12.6 21 160   M    M   5 8      26 180
12  82  63  73  10   0   8 0.00  0.0    0 16.4 29 170   M    M   8        37 160
13  77  55  66   2   0   1 0.26  0.0    0 15.8 28 160   M    M   8 1      40 170
14  55  40  48 -16  17   0    T  0.0    0 18.3 30 350   M    M   7        38 350
15  62  27  45 -19  20   0 0.00  0.0    0  4.4 12 160   M    M   0        16 290
16  67  40  54 -10  11   0 0.00  0.0    0 13.4 26 150   M    M   4        37 150
17  63  48  56  -9   9   0 0.06  0.0    0  5.9 15 130   M    M   7 1      18 130
18  75  52  64  -1   1   0 0.00  0.0    0  3.1 10  80   M    M   6 18     16  80
================================================================================
SM 1286  889       123  46  1.85     0.0 199.6          M      103
================================================================================
AV 71.4 49.4                              11.1 FASTST   M    M   6    MAX(MPH)
                                 MISC ---->  # 32 340               # 41  350
================================================================================
NOTES:
# LAST OF SEVERAL OCCURRENCES

COLUMN 17 PEAK WIND IN M.P.H.

PRELIMINARY LOCAL CLIMATOLOGICAL DATA (WS FORM: F-6) , PAGE 2

                                          STATION:  FORT WORTH ALLIANCE
                                          MONTH:    APRIL
                                          YEAR:     2014
                                          LATITUDE:   32 58 N
                                          LONGITUDE:  97 19 W

[TEMPERATURE DATA]      [PRECIPITATION DATA]       SYMBOLS USED IN COLUMN 16

AVERAGE MONTHLY: 60.4   TOTAL FOR MONTH:   1.85    1 = FOG OR MIST
DPTR FM NORMAL:  -2.4   DPTR FM NORMAL:    0.11    2 = FOG REDUCING VISIBILITY
HIGHEST:    87 ON  3    GRTST 24HR  0.85 ON  6- 6      TO 1/4 MILE OR LESS
LOWEST:     27 ON 15                               3 = THUNDER
                        SNOW, ICE PELLETS, HAIL    4 = ICE PELLETS
                        TOTAL MONTH:   0.0 INCH    5 = HAIL
                        GRTST 24HR     0.0         6 = FREEZING RAIN OR DRIZZLE
                        GRTST DEPTH:   0           7 = DUSTSTORM OR SANDSTORM:
                                                       VSBY 1/2 MILE OR LESS
                                                   8 = SMOKE OR HAZE
[NO. OF DAYS WITH]      [WEATHER - DAYS WITH]      9 = BLOWING SNOW
                                                   X = TORNADO
MAX 32 OR BELOW:   0    0.01 INCH OR MORE:   5
MAX 90 OR ABOVE:   0    0.10 INCH OR MORE:   4
MIN 32 OR BELOW:   1    0.50 INCH OR MORE:   2
MIN  0 OR BELOW:   0    1.00 INCH OR MORE:   0

[HDD (BASE 65) ]
TOTAL THIS MO.   123    CLEAR  (SCALE 0-3)   3
DPTR FM NORMAL    44    PTCLDY (SCALE 4-7)  13
TOTAL FM JUL 1  3089    CLOUDY (SCALE 8-10)  2
DPTR FM NORMAL   660

[CDD (BASE 65) ]
TOTAL THIS MO.    46
DPTR FM NORMAL     3    [PRESSURE DATA]
TOTAL FM JAN 1    62    HIGHEST SLP M ON M
DPTR FM NORMAL   -16    LOWEST  SLP 29.51 ON 13

[REMARKS]
