269
CXUS54 KFWD 220730
CF6AFW
PRELIMINARY LOCAL CLIMATOLOGICAL DATA (WS FORM: F-6)

                                          STATION:   FORT WORTH ALLIANCE
                                          MONTH:     MAY
                                          YEAR:      2015
                                          LATITUDE:   32 58 N
                                          LONGITUDE:  97 19 W

  TEMPERATURE IN F:       :PCPN:    SNOW:  WIND      :SUNSHINE: SKY     :PK WND
================================================================================
1   2   3   4   5  6A  6B    7    8   9   10  11  12  13   14  15   16   17  18
                                     12Z  AVG MX 2MIN
DY MAX MIN AVG DEP HDD CDD  WTR  SNW DPTH SPD SPD DIR MIN PSBL S-S WX    SPD DR
================================================================================

 1  81  49  65  -3   0   0 0.00  0.0    0  2.8 13 120   M    M   2        16 130
 2  81  54  68   0   0   3 0.00  0.0    0  5.7 15 140   M    M   2        20 140
 3  79  59  69   0   0   4 0.00  0.0    0  8.5 18 160   M    M   3        24 140
 4  82  63  73   4   0   8 0.00  0.0    0 12.1 21 130   M    M   7        27 130
 5  81  62  72   3   0   7 0.17  0.0    0 13.7 25 150   M    M   8 18     33 140
 6  82  68  75   5   0  10 0.49  0.0    0 13.7 21 160   M    M   7 13     31 130
 7  82  63  73   3   0   8 1.47  0.0    0 10.2 28 180   M    M   9 138    41 180
 8  84  64  74   4   0   9    T  0.0    0 11.0 24 150   M    M   8 18     34 170
 9  83  71  77   6   0  12 0.11  0.0    0 13.4 36 150   M    M   9 138    45 150
10  75  63  69  -2   0   4 1.10  0.0    0  9.7 29 170   M    M   8 13     41 160
11  72  58  65  -6   0   0 0.00  0.0    0 11.3 20  10   M    M   6 1      26  10
12  71  57  64  -8   1   0 0.04  0.0    0  7.5 15 130   M    M   8 1      18  70
13  68  62  65  -7   0   0 0.74  0.0    0  8.4 17 110   M    M   9 13     23 230
14  84  64  74   2   0   9 0.00  0.0    0  9.4 18 160   M    M   9 1      24 150
15  79  71  75   2   0  10 0.00  0.0    0 12.4 22 170   M    M   8 1      30 170
16  84  67  76   3   0  11 0.10  0.0    0 14.2 24 240   M    M   9 13     38 210
17  81  65  73   0   0   8 0.54  0.0    0  8.4 22 140   M    M   7 13     27 120
18  90  63  77   3   0  12 0.00  0.0    0  5.4 16 140   M    M   3 1      21 140
19  82  72  77   3   0  12 0.07  0.0    0 12.7 22 140   M    M   9 1      28 130
20  85  62  74   0   0   9 0.01  0.0    0 11.0 20  10   M    M   8        25 340
21  65  54  60 -14   5   0 1.89  0.0    0  9.3 24 360   M    M  10 13     31 360
================================================================================
SM 1671 1311         6 136  6.73     0.0 210.8          M      149
================================================================================
AV 79.6 62.4                              10.0 FASTST   M    M   7    MAX(MPH)
                                 MISC ---->  # 36 150               # 45  150
================================================================================
NOTES:
# LAST OF SEVERAL OCCURRENCES

COLUMN 17 PEAK WIND IN M.P.H.

PRELIMINARY LOCAL CLIMATOLOGICAL DATA (WS FORM: F-6) , PAGE 2

                                          STATION:  FORT WORTH ALLIANCE
                                          MONTH:    MAY
                                          YEAR:     2015
                                          LATITUDE:   32 58 N
                                          LONGITUDE:  97 19 W

[TEMPERATURE DATA]      [PRECIPITATION DATA]       SYMBOLS USED IN COLUMN 16

AVERAGE MONTHLY: 71.0   TOTAL FOR MONTH:   6.73    1 = FOG OR MIST
DPTR FM NORMAL:  -0.3   DPTR FM NORMAL:    3.40    2 = FOG REDUCING VISIBILITY
HIGHEST:    90 ON 18    GRTST 24HR  1.90 ON 20-21      TO 1/4 MILE OR LESS
LOWEST:     49 ON  1                               3 = THUNDER
                        SNOW, ICE PELLETS, HAIL    4 = ICE PELLETS
                        TOTAL MONTH:   0.0 INCH    5 = HAIL
                        GRTST 24HR     0.0         6 = FREEZING RAIN OR DRIZZLE
                        GRTST DEPTH:   0           7 = DUSTSTORM OR SANDSTORM:
                                                       VSBY 1/2 MILE OR LESS
                                                   8 = SMOKE OR HAZE
[NO. OF DAYS WITH]      [WEATHER - DAYS WITH]      9 = BLOWING SNOW
                                                   X = TORNADO
MAX 32 OR BELOW:   0    0.01 INCH OR MORE:  12
MAX 90 OR ABOVE:   1    0.10 INCH OR MORE:   9
MIN 32 OR BELOW:   0    0.50 INCH OR MORE:   5
MIN  0 OR BELOW:   0    1.00 INCH OR MORE:   3

[HDD (BASE 65) ]
TOTAL THIS MO.     6    CLEAR  (SCALE 0-3)   3
DPTR FM NORMAL    -3    PTCLDY (SCALE 4-7)   7
TOTAL FM JUL 1  2631    CLOUDY (SCALE 8-10) 11
DPTR FM NORMAL   168

[CDD (BASE 65) ]
TOTAL THIS MO.   136
DPTR FM NORMAL    -8    [PRESSURE DATA]
TOTAL FM JAN 1   251    HIGHEST SLP M ON M
DPTR FM NORMAL   -11    LOWEST  SLP 29.68 ON 16

[REMARKS]
