000
CXUS55 KCAE 281400
CF6AGS
PRELIMINARY LOCAL CLIMATOLOGICAL DATA (WS FORM: F-6)

                                          STATION:   AUGUSTA BUSH FIELD GA
                                          MONTH:     MAY
                                          YEAR:      2017
                                          LATITUDE:   33 22 N
                                          LONGITUDE:  81 58 W

  TEMPERATURE IN F:       :PCPN:    SNOW:  WIND      :SUNSHINE: SKY     :PK WND
================================================================================
1   2   3   4   5  6A  6B    7    8   9   10  11  12  13   14  15   16   17  18
                                     12Z  AVG MX 2MIN
DY MAX MIN AVG DEP HDD CDD  WTR  SNW DPTH SPD SPD DIR MIN PSBL S-S WX    SPD DR
================================================================================

 1  87  64  76   9   0  11 0.04  0.0    0 11.3 23 200   M    M   6 138    32 190
 2  84  55  70   3   0   5 0.00  0.0    0  8.1 16 300   M    M   0        21 300
 3  88  50  69   2   0   4 0.00  0.0    0  3.6 12 150   M    M   0        16 150
 4  80  60  70   2   0   5 0.13  0.0    0  6.9 16 130   M    M   4 1      22 140
 5  70  56  63  -5   2   0 0.08  0.0    0 11.3 22 260   M    M   7 1      30 240
 6  77  51  64  -4   1   0    T  0.0    0 12.4 24 360   M    M   4        30 320
 7  78  53  66  -2   0   1    T  0.0    0  8.1 18 320   M    M   1        26 320
 8  84  45  65  -4   0   0 0.00  0.0    0  2.6 15 300   M    M   0        20 290
 9  93  52  73   4   0   8 0.00  0.0    0  6.0 18 270   M    M   0 8      27 260
10  96  57  77   8   0  12 0.00  0.0    0  5.9 16 280   M    M   0        22 290
11  94  71  83  13   0  18 0.00  0.0    0 10.0 22 300   M    M   0        28 280
12  90  66  78   8   0  13 0.00  0.0    0  5.6 17 350   M    M   2        22 360
13  76  63  70   0   0   5 0.51  0.0    0  3.5 14 290   M    M   6 138    16 280
14  87  57  72   1   0   7 0.00  0.0    0  1.9  9  90   M    M   2 12     12 100
15  93  55  74   3   0   9 0.00  0.0    0  2.3 12 100   M    M   0 12     14 100
16  95  59  77   6   0  12 0.00  0.0    0  5.0 14 160   M    M   0 1      18 190
17  93  62  78   6   0  13 0.00  0.0    0  7.7 15 180   M    M   2        18 150
18  92  66  79   7   0  14 0.00  0.0    0  6.7 13 150   M    M   5 128    17 160
19  90  62  76   4   0  11 0.00  0.0    0  3.6 12 150   M    M   0 1      14 140
20  94  66  80   8   0  15    T  0.0    0  4.7 18 240   M    M   5 13     23 240
21  90  72  81   8   0  16    T  0.0    0  7.9 17 150   M    M   7        24 140
22  92  69  81   8   0  16 0.63  0.0    0  4.2 21 180   M    M   4 13     29 190
23  74  69  72  -1   0   7 0.82  0.0    0  2.1 13 280   M    M  10 18     18 290
24  80  63  72  -2   0   7 1.13  0.0    0  7.2 29 250   M    M   8 138    40 240
25  79  61  70  -4   0   5 0.00  0.0    0 10.6 25 270   M    M   2        35 270
26  87  55  71  -3   0   6 0.00  0.0    0  6.7 18 300   M    M   0        23 310
27  93  61  77   3   0  12 0.00  0.0    0  6.2 20 270   M    M   0 1      25 280
================================================================================
SM 2336 1620         3 232  3.34     0.0 172.1          M       75
================================================================================
AV 86.5 60.0                               6.4 FASTST   M    M   3    MAX(MPH)
                                 MISC ---->  # 29 250               # 40  240
================================================================================
NOTES:
# LAST OF SEVERAL OCCURRENCES

COLUMN 17 PEAK WIND IN M.P.H.

PRELIMINARY LOCAL CLIMATOLOGICAL DATA (WS FORM: F-6) , PAGE 2

                                          STATION:  AUGUSTA BUSH FIELD GA
                                          MONTH:    MAY
                                          YEAR:     2017
                                          LATITUDE:   33 22 N
                                          LONGITUDE:  81 58 W

[TEMPERATURE DATA]      [PRECIPITATION DATA]       SYMBOLS USED IN COLUMN 16

AVERAGE MONTHLY: 73.3   TOTAL FOR MONTH:   3.34    1 = FOG OR MIST
DPTR FM NORMAL:   2.7   DPTR FM NORMAL:    1.15    2 = FOG REDUCING VISIBILITY
HIGHEST:    96 ON 10    GRTST 24HR  1.13 ON 24-24      TO 1/4 MILE OR LESS
LOWEST:     45 ON  8                               3 = THUNDER
                        SNOW, ICE PELLETS, HAIL    4 = ICE PELLETS
                        TOTAL MONTH:   0.0 INCH    5 = HAIL
                        GRTST 24HR     0.0         6 = FREEZING RAIN OR DRIZZLE
                        GRTST DEPTH:   0           7 = DUSTSTORM OR SANDSTORM:
                                                       VSBY 1/2 MILE OR LESS
                                                   8 = SMOKE OR HAZE
[NO. OF DAYS WITH]      [WEATHER - DAYS WITH]      9 = BLOWING SNOW
                                                   X = TORNADO
MAX 32 OR BELOW:   0    0.01 INCH OR MORE:   7
MAX 90 OR ABOVE:  13    0.10 INCH OR MORE:   5
MIN 32 OR BELOW:   0    0.50 INCH OR MORE:   4
MIN  0 OR BELOW:   0    1.00 INCH OR MORE:   1

[HDD (BASE 65) ]
TOTAL THIS MO.     3    CLEAR  (SCALE 0-3)  16
DPTR FM NORMAL   -15    PTCLDY (SCALE 4-7)  10
TOTAL FM JUL 1  1407    CLOUDY (SCALE 8-10)  1
DPTR FM NORMAL -1063

[CDD (BASE 65) ]
TOTAL THIS MO.   232
DPTR FM NORMAL    62    [PRESSURE DATA]
TOTAL FM JAN 1   482    HIGHEST SLP M ON M
DPTR FM NORMAL   239    LOWEST  SLP 29.47 ON 24

[REMARKS]
