000
CXUS52 KFFC 281110
CF6AHN
PRELIMINARY LOCAL CLIMATOLOGICAL DATA (WS FORM: F-6)

                                          STATION:   ATHENS
                                          MONTH:     FEBRUARY
                                          YEAR:      2015
                                          LATITUDE:   33 57 N
                                          LONGITUDE:  83 19 W

  TEMPERATURE IN F:       :PCPN:    SNOW:  WIND      :SUNSHINE: SKY     :PK WND
================================================================================
1   2   3   4   5  6A  6B    7    8   9   10  11  12  13   14  15   16   17  18
                                     12Z  AVG MX 2MIN
DY MAX MIN AVG DEP HDD CDD  WTR  SNW DPTH SPD SPD DIR MIN PSBL S-S WX    SPD DR
================================================================================

 1  59  34  47   2  18   0 0.32  0.0    0  6.2 15 200   M    M   5 1      28 210
 2  56  28  42  -3  23   0 0.35  0.0    0 12.3 29 300   M    M   5 1      43 300
 3  49  22  36  -9  29   0 0.00  0.0    0  2.7  8 310   M    M   0        11 310
 4  52  29  41  -4  24   0 0.00  0.0    0  0.9  7 220   M    M   2        10 180
 5  58  28  43  -2  22   0 0.00  0.0    0  7.0 16  20   M    M   1        24  20
 6  53  19  36 -10  29   0 0.00  0.0    0  1.9  9 240   M    M   0        13 220
 7  65  27  46   0  19   0 0.00  0.0    0  4.4 15 240   M    M   0        21 220
 8  70  37  54   8  11   0 0.00  0.0    0  6.1 15 210   M    M   1        24 250
 9  63  50  57  11   8   0 0.52  0.0    0  5.3 10 310   M    M   8 1      16 320
10  61  39  50   4  15   0 0.00  0.0    0  6.7 15 300   M    M   5        19 290
11  62  32  47   1  18   0 0.00  0.0    0  4.6  9 300   M    M   0        14 240
12  53  28  41  -6  24   0 0.00  0.0    0 11.4 26 310   M    M   0 8      40 300
13  45  25  35 -12  30   0 0.00  0.0    0  3.7 12 330   M    M   0        16 250
14  60  27  44  -3  21   0 0.00  0.0    0 10.4 31 300   M    M   1 8      46 300
15  47  26  37 -10  28   0 0.00  0.0    0  7.3 31 300   M    M   1 8      43 290
16  39  30  35 -12  30   0 0.91  0.0    0  7.7 16  80   M    M  10 168    22  70
17  37  28  33 -15  32   0 0.14  0.0    0  6.2 13 290   M    M   8 16     16 310
18  39  21  30 -18  35   0    T    T    0 11.6 24 300   M    M   4        36 280
19  29  15  22 -26  43   0 0.00  0.0    0 12.6 21 300   M    M   0        29 290
20  37  14  26 -22  39   0    T    T    0  4.6 14 300   M    M   6        19 280
21  51  32  42  -7  23   0 0.03  0.0    0  4.5 10 160   M    M   9        16 180
22  53  37  45  -4  20   0 0.70  0.0    0  2.0 13 140   M    M  10 12     17 140
23  56  43  50   1  15   0 0.28  0.0    0  5.1 10 300   M    M   8 12     15 330
24  44  31  38 -11  27   0 0.13    M    0  6.0 15  60   M    M  10 16     19  60
25  40  31  36 -14  29   0 0.58    M    0  6.4 14  70   M    M   4 1      17  80
26  43  32  38 -12  27   0 0.03  0.0    0  4.2 13  10   M    M   8 1      19  10
27  55  30  43  -7  22   0 0.00  0.0    0  4.5  9 330   M    M   3        12 310
================================================================================
SM 1376  795       661   0  3.99    T    166.3          M      109
================================================================================
AV 51.0 29.4                               6.2 FASTST   M    M   4    MAX(MPH)
                                 MISC ---->  # 31 300               # 46  300
================================================================================
NOTES:
# LAST OF SEVERAL OCCURRENCES

COLUMN 17 PEAK WIND IN M.P.H.

PRELIMINARY LOCAL CLIMATOLOGICAL DATA (WS FORM: F-6) , PAGE 2

                                          STATION:  ATHENS
                                          MONTH:    FEBRUARY
                                          YEAR:     2015
                                          LATITUDE:   33 57 N
                                          LONGITUDE:  83 19 W

[TEMPERATURE DATA]      [PRECIPITATION DATA]       SYMBOLS USED IN COLUMN 16

AVERAGE MONTHLY: 40.2   TOTAL FOR MONTH:   3.99    1 = FOG OR MIST
DPTR FM NORMAL:  -7.0   DPTR FM NORMAL:   -0.33    2 = FOG REDUCING VISIBILITY
HIGHEST:    70 ON  8    GRTST 24HR  1.05 ON 16-17      TO 1/4 MILE OR LESS
LOWEST:     14 ON 20                               3 = THUNDER
                        SNOW, ICE PELLETS, HAIL    4 = ICE PELLETS
                        TOTAL MONTH:    T          5 = HAIL
                        GRTST 24HR    T  ON 20-20  6 = FREEZING RAIN OR DRIZZLE
                        GRTST DEPTH:   0           7 = DUSTSTORM OR SANDSTORM:
                                                       VSBY 1/2 MILE OR LESS
                                                   8 = SMOKE OR HAZE
[NO. OF DAYS WITH]      [WEATHER - DAYS WITH]      9 = BLOWING SNOW
                                                   X = TORNADO
MAX 32 OR BELOW:   1    0.01 INCH OR MORE:  11
MAX 90 OR ABOVE:   0    0.10 INCH OR MORE:   9
MIN 32 OR BELOW:  21    0.50 INCH OR MORE:   4
MIN  0 OR BELOW:   0    1.00 INCH OR MORE:   0

[HDD (BASE 65) ]
TOTAL THIS MO.   661    CLEAR  (SCALE 0-3)  13
DPTR FM NORMAL   179    PTCLDY (SCALE 4-7)  10
TOTAL FM JUL 1  2484    CLOUDY (SCALE 8-10)  4
DPTR FM NORMAL   245

[CDD (BASE 65) ]
TOTAL THIS MO.     0
DPTR FM NORMAL     0    [PRESSURE DATA]
TOTAL FM JAN 1     0    HIGHEST SLP M ON M
DPTR FM NORMAL     0    LOWEST  SLP 29.65 ON  2

[REMARKS]
