000
CXUS52 KFFC 301110
CF6AHN
PRELIMINARY LOCAL CLIMATOLOGICAL DATA (WS FORM: F-6)

                                          STATION:   ATHENS
                                          MONTH:     APRIL
                                          YEAR:      2017
                                          LATITUDE:   33 57 N
                                          LONGITUDE:  83 19 W

  TEMPERATURE IN F:       :PCPN:    SNOW:  WIND      :SUNSHINE: SKY     :PK WND
================================================================================
1   2   3   4   5  6A  6B    7    8   9   10  11  12  13   14  15   16   17  18
                                     12Z  AVG MX 2MIN
DY MAX MIN AVG DEP HDD CDD  WTR  SNW DPTH SPD SPD DIR MIN PSBL S-S WX    SPD DR
================================================================================

 1  81  50  66   8   0   1 0.00  0.0    0  5.3 12 320   M    M   0        16 330
 2  81  53  67   9   0   2 0.00  0.0    0  6.3 15  70   M    M   0        21  60
 3  70  58  64   5   1   0 0.69  0.0    0  5.7 22 300   M    M   7 3      32 300
 4  83  60  72  13   0   7 0.00  0.0    0  4.5 12 280   M    M   2        19 290
 5  65  56  61   2   4   0 3.54  0.0    0  6.3 21 310   M    M   7 3      34 290
 6  63  44  54  -5  11   0    T  0.0    0 11.5 24 290   M    M   6        38 280
 7  65  43  54  -6  11   0 0.00  0.0    0  9.0 22 300   M    M   0        33 310
 8  72  35  54  -6  11   0 0.00  0.0    0  1.7  8 320   M    M   0        11 280
 9  78  37  58  -2   7   0 0.00  0.0    0  1.5  9 220   M    M   0        13 210
10  80  46  63   3   2   0 0.00  0.0    0  2.2  8 220   M    M   0        15 280
11  83  54  69   9   0   4 0.00  0.0    0  2.8  8 220   M    M   0        14 200
12  82  53  68   7   0   3 0.00  0.0    0  1.6  7 180   M    M   1        13 190
13  84  53  69   8   0   4 0.00  0.0    0  1.7  8  90   M    M   1        13 110
14  84  61  73  12   0   8 0.00  0.0    0  2.5  8 180   M    M   5        13 190
15  83  56  70   9   0   5 0.00  0.0    0  3.2  9 210   M    M   1        14 200
16  82  60  71   9   0   6 0.00  0.0    0  2.8  9 240   M    M   2        17 210
17  85  55  70   8   0   5 0.02  0.0    0  3.2 10 270   M    M   3        17 280
18  80  59  70   8   0   5    T  0.0    0  6.3 15  60   M    M   6        20  60
19  75  61  68   6   0   3 0.06  0.0    0  5.1 10  80   M    M   8        14  80
20  85  60  73  10   0   8 0.00  0.0    0  2.1  8 240   M    M   5        14 220
21  88  60  74  11   0   9 0.00  0.0    0  3.7 10 190   M    M   3        17 180
22  85  60  73  10   0   8 0.00  0.0    0  5.3 16 260   M    M   3        25 250
23  66  52  59  -5   6   0 2.52  0.0    0  8.9 20  60   M    M  10 3      25  60
24  65  51  58  -6   7   0 0.03  0.0    0  6.3 14  70   M    M   9        24 270
25  80  52  66   2   0   1 0.00  0.0    0  4.5 13 310   M    M   5        18 330
26  85  52  69   5   0   4 0.00  0.0    0  2.8  9 180   M    M   1        16 180
27  79  58  69   4   0   4    T  0.0    0  3.8 13 180   M    M   5        22 180
28  85  61  73   8   0   8    T  0.0    0  2.0  8 170   M    M   6        13 160
29  88  64  76  11   0  11 0.00  0.0    0  3.1  8 170   M    M   4        13 180
================================================================================
SM 2282 1564        60 106  6.86     0.0 125.7          M      100
================================================================================
AV 78.7 53.9                               4.3 FASTST   M    M   3    MAX(MPH)
                                 MISC ---->  # 24 290               # 38  280
================================================================================
NOTES:
# LAST OF SEVERAL OCCURRENCES

COLUMN 17 PEAK WIND IN M.P.H.

PRELIMINARY LOCAL CLIMATOLOGICAL DATA (WS FORM: F-6) , PAGE 2

                                          STATION:  ATHENS
                                          MONTH:    APRIL
                                          YEAR:     2017
                                          LATITUDE:   33 57 N
                                          LONGITUDE:  83 19 W

[TEMPERATURE DATA]      [PRECIPITATION DATA]       SYMBOLS USED IN COLUMN 16

AVERAGE MONTHLY: 66.3   TOTAL FOR MONTH:   6.86    1 = FOG OR MIST
DPTR FM NORMAL:   4.8   DPTR FM NORMAL:    3.81    2 = FOG REDUCING VISIBILITY
HIGHEST:    88 ON 29,21 GRTST 24HR  3.54 ON  5- 5      TO 1/4 MILE OR LESS
LOWEST:     35 ON  8                               3 = THUNDER
                        SNOW, ICE PELLETS, HAIL    4 = ICE PELLETS
                        TOTAL MONTH:   0.0 INCH    5 = HAIL
                        GRTST 24HR     0.0         6 = FREEZING RAIN OR DRIZZLE
                        GRTST DEPTH:   0           7 = DUSTSTORM OR SANDSTORM:
                                                       VSBY 1/2 MILE OR LESS
                                                   8 = SMOKE OR HAZE
[NO. OF DAYS WITH]      [WEATHER - DAYS WITH]      9 = BLOWING SNOW
                                                   X = TORNADO
MAX 32 OR BELOW:   0    0.01 INCH OR MORE:   6
MAX 90 OR ABOVE:   0    0.10 INCH OR MORE:   3
MIN 32 OR BELOW:   0    0.50 INCH OR MORE:   3
MIN  0 OR BELOW:   0    1.00 INCH OR MORE:   2

[HDD (BASE 65) ]
TOTAL THIS MO.    60    CLEAR  (SCALE 0-3)  15
DPTR FM NORMAL   -85    PTCLDY (SCALE 4-7)  12
TOTAL FM JUL 1  1865    CLOUDY (SCALE 8-10)  2
DPTR FM NORMAL  -875

[CDD (BASE 65) ]
TOTAL THIS MO.   106
DPTR FM NORMAL    62    [PRESSURE DATA]
TOTAL FM JAN 1   153    HIGHEST SLP M ON M
DPTR FM NORMAL    98    LOWEST  SLP 29.59 ON  5

[REMARKS]
