000
CXUS55 KCYS 291000
CF6AIA
PRELIMINARY LOCAL CLIMATOLOGICAL DATA (WS FORM: F-6)

                                          STATION:   ALLIANCE NEBRASKA AIRPORT
                                          MONTH:     APRIL
                                          YEAR:      2017
                                          LATITUDE:   42  2 N
                                          LONGITUDE: 102 48 W

  TEMPERATURE IN F:       :PCPN:    SNOW:  WIND      :SUNSHINE: SKY     :PK WND
================================================================================
1   2   3   4   5  6A  6B    7    8   9   10  11  12  13   14  15   16   17  18
                                     12Z  AVG MX 2MIN
DY MAX MIN AVG DEP HDD CDD  WTR  SNW DPTH SPD SPD DIR MIN PSBL S-S WX    SPD DR
================================================================================

 1  49  28  39  -2  26   0    T    M    M  5.1 12  40   M    M   8 1      13  40
 2  63  27  45   3  20   0 0.04    M    M  8.2 23  20   M    M   3 1      29  10
 3  43  32  38  -4  27   0 0.20    M    M  9.8 18  20   M    M   9 1      22 360
 4  45  23  34  -8  31   0    T    M    M 10.4 24  10   M    M   7        29  20
 5  57  20  39  -3  26   0 0.00    M    M  8.9 18 360   M    M   1        32 310
 6  64  23  44   2  21   0 0.00    M    M 10.2 20 160   M    M   1        24 160
 7  80  40  60  17   5   0 0.00    M    M 12.1 26 240   M    M   0        36 260
 8  78  39  59  16   6   0 0.00    M    M 10.1 32 250   M    M   2 3      42 250
 9  62  33  48   5  17   0 0.03    M    M 20.8 40 300   M    M   4 3      50 290
10  51  27  39  -4  26   0    T    M    M 14.6 39 300   M    M   6 1      50 290
11  66  24  45   1  20   0 0.00    M    M  8.6 20 200   M    M   0        23 210
12  67  35  51   7  14   0 0.00    M    M 10.4 18  30   M    M   0        28  10
13  74  29  52   8  13   0 0.00    M    M 18.0 35 160   M    M   2 128    44 150
14  78  50  64  20   1   0 0.01    M    M 11.9 30  40   M    M   4 3      41  50
15  65  26  46   1  19   0 0.00    M    M 11.9 28 310   M    M   0        35 310
16  70  21  46   1  19   0 0.00    M    M  9.5 24 240   M    M   2        35 240
17  67  35  51   6  14   0 0.00    M    M 16.1 33 160   M    M   7        42 160
18  68  30  49   4  16   0 0.00    M    M  8.8 24 100   M    M   3        31 100
19  64  30  47   1  18   0 0.27    M    M 17.3 37 310   M    M   5        46 310
20  64  30  47   1  18   0 0.00    M    M  9.9 20 110   M    M   0        27 350
21  52  37  45  -1  20   0 0.00    M    M 11.3 22 130   M    M   7        25 130
22  62  28  45  -1  20   0    T    M    M  8.2 16 190   M    M   1        22 190
23  73  30  52   5  13   0    T    M    M 16.1 26 180   M    M   0        33 190
24  67  40  54   7  11   0 0.08    M    M 10.2 25 320   M    M   3        34 310
25  46  28  37 -11  28   0 0.23    M    M 14.3 22  10   M    M   9 1      27  20
26  53  27  40  -8  25   0 0.00    M    M 10.7 18 330   M    M   6        21 330
27  51  28  40  -8  25   0 0.17    M    M 11.6 24 110   M    M   6 1      29 110
28  39  33  36 -12  29   0 0.55    M    M 12.0 26  80   M    M  10 12     33  80
================================================================================
SM 1718  853       528   0  1.58    M    327.0          M      106
================================================================================
AV 61.4 30.5                              11.7 FASTST   M    M   4    MAX(MPH)
                                 MISC ---->  # 40 300               # 50  290
================================================================================
NOTES:
# LAST OF SEVERAL OCCURRENCES

COLUMN 17 PEAK WIND IN M.P.H.

PRELIMINARY LOCAL CLIMATOLOGICAL DATA (WS FORM: F-6) , PAGE 2

                                          STATION:  ALLIANCE NEBRASKA AIRPORT
                                          MONTH:    APRIL
                                          YEAR:     2017
                                          LATITUDE:   42  2 N
                                          LONGITUDE: 102 48 W

[TEMPERATURE DATA]      [PRECIPITATION DATA]       SYMBOLS USED IN COLUMN 16

AVERAGE MONTHLY: 45.9   TOTAL FOR MONTH:   1.58    1 = FOG OR MIST
DPTR FM NORMAL:   1.3   DPTR FM NORMAL:    0.24    2 = FOG REDUCING VISIBILITY
HIGHEST:    80 ON  7    GRTST 24HR  0.69 ON 27-28      TO 1/4 MILE OR LESS
LOWEST:     20 ON  5                               3 = THUNDER
                        SNOW, ICE PELLETS, HAIL    4 = ICE PELLETS
                        TOTAL MONTH:    M          5 = HAIL
                        GRTST 24HR    M  ON   M    6 = FREEZING RAIN OR DRIZZLE
                        GRTST DEPTH:  M  ON   M    7 = DUSTSTORM OR SANDSTORM:
                                                       VSBY 1/2 MILE OR LESS
                                                   8 = SMOKE OR HAZE
[NO. OF DAYS WITH]      [WEATHER - DAYS WITH]      9 = BLOWING SNOW
                                                   X = TORNADO
MAX 32 OR BELOW:   0    0.01 INCH OR MORE:   9
MAX 90 OR ABOVE:   0    0.10 INCH OR MORE:   5
MIN 32 OR BELOW:  19    0.50 INCH OR MORE:   1
MIN  0 OR BELOW:   0    1.00 INCH OR MORE:   0

[HDD (BASE 65) ]
TOTAL THIS MO.   528    CLEAR  (SCALE 0-3)  15
DPTR FM NORMAL   -43    PTCLDY (SCALE 4-7)  10
TOTAL FM JUL 1  6211    CLOUDY (SCALE 8-10)  3
DPTR FM NORMAL  -646

[CDD (BASE 65) ]
TOTAL THIS MO.     0
DPTR FM NORMAL     0    [PRESSURE DATA]
TOTAL FM JAN 1     0    HIGHEST SLP M ON M
DPTR FM NORMAL     0    LOWEST  SLP 29.41 ON 25

[REMARKS]
