000
CXUS55 KCYS 271000
CF6AIA
PRELIMINARY LOCAL CLIMATOLOGICAL DATA (WS FORM: F-6)

                                          STATION:   ALLIANCE NEBRASKA AIRPORT
                                          MONTH:     MARCH
                                          YEAR:      2015
                                          LATITUDE:   42  2 N
                                          LONGITUDE: 102 48 W

  TEMPERATURE IN F:       :PCPN:    SNOW:  WIND      :SUNSHINE: SKY     :PK WND
================================================================================
1   2   3   4   5  6A  6B    7    8   9   10  11  12  13   14  15   16   17  18
                                     12Z  AVG MX 2MIN
DY MAX MIN AVG DEP HDD CDD  WTR  SNW DPTH SPD SPD DIR MIN PSBL S-S WX    SPD DR
================================================================================

 1  35  12  24  -7  41   0    T    M    M  6.9 18 330   M    M   5        24 330
 2  41  20  31  -1  34   0    T    M    M 15.0 30 180   M    M   5 18     36 170
 3  29   9  19 -13  46   0    T    M    M 15.6 33  10   M    M  10 18     43 360
 4  24  -2  11 -21  54   0 0.00    M    M 12.1 25 320   M    M   0        32 290
 5  46  -3  22 -11  43   0 0.00    M    M 10.8 28 300   M    M   1        37 290
 6  58  18  38   5  27   0 0.00  0.0    0 12.7 24 290   M    M   1        30 310
 7  62  23  43   9  22   0 0.00    M    M  9.5 22 270   M    M   0        27 280
 8  56  18  37   3  28   0 0.00    M    M  6.3 13 360   M    M   0        17  10
 9  64  22  43   9  22   0 0.00    M    M  7.7 17 330   M    M   0        24 310
10  66  20  43   8  22   0 0.00    M    M  6.2 17 360   M    M   0        22 360
11  73  19  46  11  19   0 0.00    M    M 10.4 26 200   M    M   0        34 220
12  68  29  49  14  16   0 0.00    M    M  8.9 22 310   M    M   0        26 300
13  64  23  44   8  21   0 0.00    M    M  8.6 23 340   M    M   1        29 340
14  71  20  46  10  19   0 0.00    M    M 12.8 26 210   M    M   0        32 230
15  83  41  62  26   3   0 0.00    M    M 10.5 21 240   M    M   0        30 270
16  79  33  56  19   9   0 0.00    M    M 18.2 36  30   M    M   1        42  40
17  43  29  36  -1  29   0 0.00    M    M 15.5 25 160   M    M   6        31 150
18  61  30  46   8  19   0 0.00    M    M 12.6 24 170   M    M   1        30 180
19  60  24  42   4  23   0 0.00    M    M 10.5 30 340   M    M   3        37 340
20  70  19  45   7  20   0 0.00    M    M  7.0 21 320   M    M   0        28 310
21  78  20  49  11  16   0 0.00    M    M  9.7 25 220   M    M   0        32 210
22  61  26  44   5  21   0 0.00    M    M 10.4 29 340   M    M   0        36 340
23  62  27  45   6  20   0    T    M    M 14.0 32 160   M    M   6        40 160
24  60  29  45   6  20   0 0.00    M    M 15.2 31 280   M    M   2        38 280
25  52  21  37  -3  28   0    T    M    M 11.5 25 340   M    M   6        30 340
26  55  18  37  -3  28   0    T    M    M 12.0 32 310   M    M   8        41 320
================================================================================
SM 1521  545       650   0    T      0.0 290.6          M       56
================================================================================
AV 58.5 21.0                              11.2 FASTST   M    M   2    MAX(MPH)
                                 MISC ---->  # 36  30               # 43  360
================================================================================
NOTES:
# LAST OF SEVERAL OCCURRENCES

COLUMN 17 PEAK WIND IN M.P.H.

PRELIMINARY LOCAL CLIMATOLOGICAL DATA (WS FORM: F-6) , PAGE 2

                                          STATION:  ALLIANCE NEBRASKA AIRPORT
                                          MONTH:    MARCH
                                          YEAR:     2015
                                          LATITUDE:   42  2 N
                                          LONGITUDE: 102 48 W

[TEMPERATURE DATA]      [PRECIPITATION DATA]       SYMBOLS USED IN COLUMN 16

AVERAGE MONTHLY: 39.7   TOTAL FOR MONTH:      T    1 = FOG OR MIST
DPTR FM NORMAL:   3.9   DPTR FM NORMAL:   -0.56    2 = FOG REDUCING VISIBILITY
HIGHEST:    83 ON 15    GRTST 24HR    T  ON 26-26      TO 1/4 MILE OR LESS
LOWEST:     -3 ON  5                               3 = THUNDER
                        SNOW, ICE PELLETS, HAIL    4 = ICE PELLETS
                        TOTAL MONTH:   0.0 INCH    5 = HAIL
                        GRTST 24HR     0.0         6 = FREEZING RAIN OR DRIZZLE
                        GRTST DEPTH:   0           7 = DUSTSTORM OR SANDSTORM:
                                                       VSBY 1/2 MILE OR LESS
                                                   8 = SMOKE OR HAZE
[NO. OF DAYS WITH]      [WEATHER - DAYS WITH]      9 = BLOWING SNOW
                                                   X = TORNADO
MAX 32 OR BELOW:   2    0.01 INCH OR MORE:   0
MAX 90 OR ABOVE:   0    0.10 INCH OR MORE:   0
MIN 32 OR BELOW:  24    0.50 INCH OR MORE:   0
MIN  0 OR BELOW:   2    1.00 INCH OR MORE:   0

[HDD (BASE 65) ]
TOTAL THIS MO.   650    CLEAR  (SCALE 0-3)  19
DPTR FM NORMAL  -110    PTCLDY (SCALE 4-7)   6
TOTAL FM JUL 1  5877    CLOUDY (SCALE 8-10)  1
DPTR FM NORMAL  -287

[CDD (BASE 65) ]
TOTAL THIS MO.     0
DPTR FM NORMAL     0    [PRESSURE DATA]
TOTAL FM JAN 1     0    HIGHEST SLP M ON M
DPTR FM NORMAL     0    LOWEST  SLP 29.48 ON M

[REMARKS]
