000
CXUS55 KCYS 211000
CF6AIA
PRELIMINARY LOCAL CLIMATOLOGICAL DATA (WS FORM: F-6)

                                          STATION:   ALLIANCE NEBRASKA AIRPORT
                                          MONTH:     OCTOBER
                                          YEAR:      2014
                                          LATITUDE:   42  2 N
                                          LONGITUDE: 102 48 W

  TEMPERATURE IN F:       :PCPN:    SNOW:  WIND      :SUNSHINE: SKY     :PK WND
================================================================================
1   2   3   4   5  6A  6B    7    8   9   10  11  12  13   14  15   16   17  18
                                     12Z  AVG MX 2MIN
DY MAX MIN AVG DEP HDD CDD  WTR  SNW DPTH SPD SPD DIR MIN PSBL S-S WX    SPD DR
================================================================================

 1  66  39  53   1  12   0 0.07    M    M  7.2 23 340   M    M   5 1      30 340
 2  64  34  49  -3  16   0 0.01    M    M 13.8 33  20   M    M   4 1      44  10
 3  52  29  41 -10  24   0 0.01    M    M 15.8 32 320   M    M   1        43 310
 4  68  27  48  -3  17   0    T    M    M 11.3 26 340   M    M   6        34 340
 5  67  40  54   4  11   0 0.02    M    M 14.8 33 330   M    M   5        42 330
 6  74  43  59   9   6   0 0.00    M    M 13.9 32 300   M    M   3        40 290
 7  71  41  56   7   9   0 0.00    M    M  6.4 14  30   M    M   4        17  30
 8  74  37  56   7   9   0 0.00    M    M  8.1 22 190   M    M   0        27 190
 9  60  39  50   2  15   0 0.00    M    M  8.2 18  20   M    M   2        21  20
10  61  38  50   2  15   0 0.00    M    M  8.7 17 200   M    M   5        23 190
11  71  37  54   6  11   0 0.00    M    M 13.3 26 180   M    M   0        32 180
12  57  38  48   1  17   0 0.01    M    M 16.1 41 360   M    M   5 1      50 360
13  59  26  43  -4  22   0 0.00    M    M 14.4 24 340   M    M   0        33 330
14  73  24  49   3  16   0 0.00    M    M  5.9 10 160   M    M   0        14 290
15  81  34  58  12   7   0 0.00    M    M 10.4 25 200   M    M   0        31 200
16  65  35  50   4  15   0 0.00    M    M 12.1 24 340   M    M   0        31 340
17  61  26  44  -1  21   0 0.00    M    M  3.7 15  10   M    M   0 1      16  10
18  69  28  49   4  16   0 0.00    M    M 12.5 28 170   M    M   0 1      33 180
19  75  31  53   8  12   0 0.00    M    M  4.7 10  40   M    M   0        16  30
20  77  28  53   9  12   0 0.00    M    M 10.1 23 190   M    M   0        29 180
================================================================================
SM 1345  674       283   0  0.12    M    211.4          M       40
================================================================================
AV 67.2 33.7                              10.6 FASTST   M    M   2    MAX(MPH)
                                 MISC ---->  # 41 360               # 50  360
================================================================================
NOTES:
# LAST OF SEVERAL OCCURRENCES

COLUMN 17 PEAK WIND IN M.P.H.

PRELIMINARY LOCAL CLIMATOLOGICAL DATA (WS FORM: F-6) , PAGE 2

                                          STATION:  ALLIANCE NEBRASKA AIRPORT
                                          MONTH:    OCTOBER
                                          YEAR:     2014
                                          LATITUDE:   42  2 N
                                          LONGITUDE: 102 48 W

[TEMPERATURE DATA]      [PRECIPITATION DATA]       SYMBOLS USED IN COLUMN 16

AVERAGE MONTHLY: 50.5   TOTAL FOR MONTH:   0.12    1 = FOG OR MIST
DPTR FM NORMAL:   2.5   DPTR FM NORMAL:   -0.73    2 = FOG REDUCING VISIBILITY
HIGHEST:    81 ON 15    GRTST 24HR  0.22 ON 30- 1      TO 1/4 MILE OR LESS
LOWEST:     24 ON 14                               3 = THUNDER
                        SNOW, ICE PELLETS, HAIL    4 = ICE PELLETS
                        TOTAL MONTH:    M          5 = HAIL
                        GRTST 24HR    M  ON   M    6 = FREEZING RAIN OR DRIZZLE
                        GRTST DEPTH:  M  ON   M    7 = DUSTSTORM OR SANDSTORM:
                                                       VSBY 1/2 MILE OR LESS
                                                   8 = SMOKE OR HAZE
[NO. OF DAYS WITH]      [WEATHER - DAYS WITH]      9 = BLOWING SNOW
                                                   X = TORNADO
MAX 32 OR BELOW:   0    0.01 INCH OR MORE:   5
MAX 90 OR ABOVE:   0    0.10 INCH OR MORE:   0
MIN 32 OR BELOW:   8    0.50 INCH OR MORE:   0
MIN  0 OR BELOW:   0    1.00 INCH OR MORE:   0

[HDD (BASE 65) ]
TOTAL THIS MO.   283    CLEAR  (SCALE 0-3)  13
DPTR FM NORMAL   -60    PTCLDY (SCALE 4-7)   7
TOTAL FM JUL 1   471    CLOUDY (SCALE 8-10)  0
DPTR FM NORMAL  -117

[CDD (BASE 65) ]
TOTAL THIS MO.     0
DPTR FM NORMAL     0    [PRESSURE DATA]
TOTAL FM JAN 1   499    HIGHEST SLP  0.00 ON  2
DPTR FM NORMAL   -64    LOWEST  SLP 29.53 ON 12

[REMARKS]
