000
CXUS53 KGRB 161439
CF6AIG
PRELIMINARY LOCAL CLIMATOLOGICAL DATA (WS FORM: F-6)

                                          STATION:   ANTIGO AWOS
                                          MONTH:     SEPTEMBER
                                          YEAR:      2014
                                          LATITUDE:   45  9 N
                                          LONGITUDE:  89  8 W

  TEMPERATURE IN F:       :PCPN:    SNOW:  WIND      :SUNSHINE: SKY     :PK WND
================================================================================
1   2   3   4   5  6A  6B    7    8   9   10  11  12  13   14  15   16   17  18
                                     12Z  AVG MX 2MIN
DY MAX MIN AVG DEP HDD CDD  WTR  SNW DPTH SPD SPD DIR MIN PSBL S-S WX    SPD DR
================================================================================

 1  73  58  66   4   0   1 0.11  0.0    0  8.4 15 250   M    M   5 1      18 230
 2  73  47  60  -2   5   0 0.46    M    0  4.0 13 300   M    M   4 1      18 300
 3  72  49  61   0   4   0 0.06    M    0  6.4 16 180   M    M   3        25 180
 4  69  62  66   5   0   1 1.87  0.0    0 11.0 23 190   M    M   9 1      43 270
 5  70  53  62   1   3   0 0.00  0.0    0  9.2 16 320   M    M   6        21 290
 6  69  43  56  -4   9   0 0.00  0.0    0  5.5 13 300   M    M   0        21 310
 7  74  46  60   0   5   0 0.00  0.0    0  4.6 13 250   M    M   2        18 270
 8  71  51  61   1   4   0 0.00  0.0    0  7.3 18 200   M    M   3        22 200
 9  74  54  64   5   1   0 0.11  0.0    0  5.2 10 160   M    M   7 1       M  M
10  64  40  52  -7  13   0 0.74    M    0 14.6 25 340   M    M  10 1      35 340
11  50  37  44 -14  21   0 0.00  0.0    0 11.0 18 360   M    M   8        25 340
12  47  32  40 -18  25   0 0.13    M    0  2.5  7 270   M    M   6         M  M
13  54  35  45 -12  20   0 0.00  0.0    0  4.3  8 210   M    M   7 12      M  M
14  61  42  52  -5  13   0 0.00  0.0    0 11.0 20 240   M    M   5        27 240
15  59  40  50  -6  15   0 0.00  0.0    0  4.1 10 320   M    M   5        16 320
16   M   M   M   M   M   M    M    M    M   M   M   M   M    M   M         M  M
17   M   M   M   M   M   M    M    M    M   M   M   M   M    M   M         M  M
18   M   M   M   M   M   M    M    M    M   M   M   M   M    M   M         M  M
19   M   M   M   M   M   M    M    M    M   M   M   M   M    M   M         M  M
20   M   M   M   M   M   M    M    M    M   M   M   M   M    M   M         M  M
21   M   M   M   M   M   M    M    M    M   M   M   M   M    M   M         M  M
22   M   M   M   M   M   M    M    M    M   M   M   M   M    M   M         M  M
23   M   M   M   M   M   M    M    M    M   M   M   M   M    M   M         M  M
24   M   M   M   M   M   M    M    M    M   M   M   M   M    M   M         M  M
25   M   M   M   M   M   M    M    M    M   M   M   M   M    M   M         M  M
26   M   M   M   M   M   M    M    M    M   M   M   M   M    M   M         M  M
27   M   M   M   M   M   M    M    M    M   M   M   M   M    M   M         M  M
28   M   M   M   M   M   M    M    M    M   M   M   M   M    M   M         M  M
29   M   M   M   M   M   M    M    M    M   M   M   M   M    M   M         M  M
30   M   M   M   M   M   M    M    M    M   M   M   M   M    M   M         M  M
================================================================================
SM  980  689       138   2  3.48     0.0 109.1          M       80
================================================================================
AV 65.3 45.9                               7.3 FASTST   M    M   5    MAX(MPH)
                                 MISC ---->    25   M                 43    M
================================================================================
NOTES:
# LAST OF SEVERAL OCCURRENCES

COLUMN 17 PEAK WIND IN M.P.H.

PRELIMINARY LOCAL CLIMATOLOGICAL DATA (WS FORM: F-6) , PAGE 2

                                          STATION:  ANTIGO AWOS
                                          MONTH:    SEPTEMBER
                                          YEAR:     2014
                                          LATITUDE:   45  9 N
                                          LONGITUDE:  89  8 W

[TEMPERATURE DATA]      [PRECIPITATION DATA]       SYMBOLS USED IN COLUMN 16

AVERAGE MONTHLY: 55.6   TOTAL FOR MONTH:   3.48    1 = FOG OR MIST
DPTR FM NORMAL:  -0.6   DPTR FM NORMAL:   -0.31    2 = FOG REDUCING VISIBILITY
HIGHEST:    74 ON  9, 7 GRTST 24HR  1.87 ON  4- 4      TO 1/4 MILE OR LESS
LOWEST:     32 ON 12                               3 = THUNDER
                        SNOW, ICE PELLETS, HAIL    4 = ICE PELLETS
                        TOTAL MONTH:   0.0 INCH    5 = HAIL
                        GRTST 24HR     0.0         6 = FREEZING RAIN OR DRIZZLE
                        GRTST DEPTH:   0           7 = DUSTSTORM OR SANDSTORM:
                                                       VSBY 1/2 MILE OR LESS
                                                   8 = SMOKE OR HAZE
[NO. OF DAYS WITH]      [WEATHER - DAYS WITH]      9 = BLOWING SNOW
                                                   X = TORNADO
MAX 32 OR BELOW:   0    0.01 INCH OR MORE:   7
MAX 90 OR ABOVE:   0    0.10 INCH OR MORE:   6
MIN 32 OR BELOW:   1    0.50 INCH OR MORE:   2
MIN  0 OR BELOW:   0    1.00 INCH OR MORE:   1

[HDD (BASE 65) ]
TOTAL THIS MO.   138    CLEAR  (SCALE 0-3)   2
DPTR FM NORMAL  -146    PTCLDY (SCALE 4-7)  11
TOTAL FM JUL 1   312    CLOUDY (SCALE 8-10)  2
DPTR FM NORMAL   -99

[CDD (BASE 65) ]
TOTAL THIS MO.     2
DPTR FM NORMAL   -18    [PRESSURE DATA]
TOTAL FM JAN 1   128    HIGHEST SLP M ON M
DPTR FM NORMAL  -130    LOWEST  SLP M ON M

[REMARKS]
