000
CXUS51 KPHI 011837
CF6AIY

PRELIMINARY LOCAL CLIMATOLOGICAL DATA (WS FORM: F-6)

                                          STATION:   ATLANTIC CITY MARINA
                                          MONTH:     NOVEMBER
                                          YEAR:      2014
                                          LATITUDE:   39 16 N
                                          LONGITUDE:  74 20 W

  TEMPERATURE IN F:       :PCPN:    SNOW:  WIND      :SUNSHINE: SKY     :PK WND
================================================================================
1   2   3   4   5  6A  6B    7    8   9   10  11  12  13   14  15   16   17  18
                                     12Z  AVG MX 2MIN
DY MAX MIN AVG DEP HDD CDD  WTR  SNW DPTH SPD SPD DIR MIN PSBL S-S WX    SPD DR
================================================================================
1   57  44  51  -3  14  0    3.04  0  0   12.3 20  50   M   M    M   M    33  40
2   48  42  45  -9  20  0    0.04  0  0   16.0 26 320   M   M    M   M    46 330
3   59  40  50  -3  15  0    0.00  0  0    8.5 21 280   M   M    M   M    26 320
4   64  52  58   5   7  0    0.00  0  0    9.9 15 280   M   M    M   M    22 280
5   66  55  61   8   4  0    0.00  0  0    7.0 14 230   M   M    M   M    21 230
6   60  52  56   4   9  0    0.52  0  0    6.6 12 110   M   M    M   M    22 230
7   54  41  48  -4  17  0    0.01  0  0    9.0 14 320   M   M    M   M    31 320
8   52  37  45  -7  20  0    0.00  0  0    7.3 12 260   M   M    M   M    25 320
9   56  49  53   1  12  0    0.00  0  0    4.8 10 250#  M   M    M   M    18 240
10  57  45  51   0  14  0    0.00  0  0    3.9  7 140#  M   M    M   M    12 120
11  62  51  57   6   8  0    0.00  0  0    5.5 13 130   M   M    M   M    21 130
12  68  50  59   8   6  0    0.00  0  0    5.3  9 330   M   M    M   M    19 320
13  53  37  45  -5  20  0    0.00  0  0    7.0 12 330   M   M    M   M    20 330
14  42  34  38 -12  27  0    0.09  0  0    9.5 15 330   M   M    M   M    34 330
15  43  32  38 -12  27  0    0.00  0  0    5.9 10 330   M   M    M   M    20 320
16  46  36  41  -8  24  0    0.00  0  0    3.4  9 280   M   M    M   M    14 250
17  61  44  53   4  12  0    1.31  0  0    7.3 25 230   M   M    M   M    41 230
18  48  27  38 -11  27  0    0.00  0  0   12.6 18 290#  M   M    M   M    36 290
19  40  25  33 -15  32  0    0.00  0  0   12.3 20 250   M   M    M   M    35 250
20  50  35  43  -5  22  0    0.00  0  0   11.5 18 250#  M   M    M   M    26 250#
21  39  30  35 -13  30  0    0.00  0  0    7.7 13 330   M   M    M   M    29 310
22  45  29  37 -10  28  0    0.00  0  0   10.8 17 250#  M   M    M   M    26 250
23  60  45  53   6  12  0    0.00  0  0    9.7 14 250#  M   M    M   M    25 250
24  61  56  59  12   6  0    0.41  0  0   17.0 25 170#  M   M    M   M    40 170
25  61  50  56  10   9  0    0.00  0  0    5.9 18 230   M   M    M   M    30 230
26  52  37  45  -1  20  0    1.47  0  0   12.7 21  40   M   M    M   M    33  40
27  44  34  39  -7  26  0    0.00  0  0    6.9 10 290   M   M    M   M    19 330
28  39  32  36  -9  29  0    0.00  0  0    7.5 15 330   M   M    M   M    28 320
29  48  30  39  -6  26  0    0.00  0  0    5.4 15 230   M   M    M   M    25 230
30  55  48  52  -7  13  0    0.00  0  0   12.1 18 230   M   M    M   M    29 230
================================================================================
SM 1590 1956        536      6.89  M   M  261.4
================================================================================
AV 53.0  40.6                      M FASTST   M    M   M    MAX(MPH)
                                 MISC ---->     M   M                  M    M
================================================================================
NOTES:
# LAST OF SEVERAL OCCURRENCES

COLUMN 17 PEAK WIND IN M.P.H.

PRELIMINARY LOCAL CLIMATOLOGICAL DATA (WS FORM: F-6) , PAGE 2

                                          STATION:  ATLANTIC CITY MARINA
                                          MONTH:    NOVEMBER
                                          YEAR:     2014
                                          LATITUDE:   39 16 N
                                          LONGITUDE:  74 20 W

[TEMPERATURE DATA]      [PRECIPITATION DATA]       SYMBOLS USED IN COLUMN 16

AVERAGE MONTHLY: 46.8   TOTAL FOR MONTH:    6.89   1 = FOG OR MIST
DPTR FM NORMAL:  -2.6   DPTR FM NORMAL:     2.74   2 = FOG REDUCING VISIBILITY
HIGHEST:    68 ON  12TH  GRTST 24HR   3.04  ON 1ST     TO 1/4 MILE OR LESS
LOWEST:     25 ON  19TH                            3 = THUNDER
                        SNOW, ICE PELLETS, HAIL    4 = ICE PELLETS
                        TOTAL MONTH:    M          5 = HAIL
                        GRTST 24HR    M  ON   M    6 = FREEZING RAIN OR DRIZZLE
                        GRTST DEPTH:  M  ON   M    7 = DUSTSTORM OR SANDSTORM:
                                                       VSBY 1/2 MILE OR LESS
                                                   8 = SMOKE OR HAZE
[NO. OF DAYS WITH]      [WEATHER - DAYS WITH]      9 = BLOWING SNOW
                                                   X = TORNADO
MAX 32 OR BELOW:   0    0.01 INCH OR MORE:   8
MAX 70 OR ABOVE:   0    0.10 INCH OR MORE:   5
MIN 32 OR BELOW:   7    0.50 INCH OR MORE:   4
MIN  0 OR BELOW:   0    1.00 INCH OR MORE:   3

[HDD (BASE 65) ]
TOTAL THIS MO.    536   CLEAR  (SCALE 0-3)   0
DPTR FM NORMAL     66   PTCLDY (SCALE 4-7)   0
TOTAL FM JUL 1    692   CLOUDY (SCALE 8-10)  0
DPTR FM NORMAL     21

[CDD (BASE 65) ]
TOTAL THIS MO.     0
DPTR FM NORMAL     0    [PRESSURE DATA]
TOTAL FM JAN 1   919    HIGHEST SLP M ON M
DPTR FM NORMAL   101    LOWEST  SLP M ON M

[REMARKS]
#LAST OF SEVERAL OCCURANCES
TRACES OF PRECIPITATION NOT RECORDED
