000
CXUS51 KPHI 011321
CF6AIY

PRELIMINARY LOCAL CLIMATOLOGICAL DATA (WS FORM: F-6)

                                          STATION:   ATLANTIC CITY MARINA
                                          MONTH:     JULY
                                          YEAR:      2014
                                          LATITUDE:   39 16 N
                                          LONGITUDE:  74 20 W

  TEMPERATURE IN F:       :PCPN:    SNOW:  WIND      :SUNSHINE: SKY     :PK WND
================================================================================
1   2   3   4   5  6A  6B    7    8   9   10  11  12  13   14  15   16   17  18
                                     12Z  AVG MX 2MIN
DY MAX MIN AVG DEP HDD CDD  WTR  SNW DPTH SPD SPD DIR MIN PSBL S-S WX    SPD DR
================================================================================
1  78  73  76  2   0   11   0.00  M   M  11.8 14  210# M   M   M   M     25  210
2  79  74  77  3   0   12   0.07  M   M  11.1 14  200# M   M   M   M     28  210
3  81  72  77  2   0   12   0.22  M   M  12.5 19  230  M   M   M   M     33  240
4  78  65  72 -3   0    7   1.20  M   M   8.8 18  320# M   M   M   M     38  320
5  81  62  72 -3   0    7   0.00  M   M   7.5 13  320  M   M   M   M     28  320
6  75  68  72 -3   0    7   0.00  M   M  10.9 16  215  M   M   M   M     25  220
7  79  69  74 -1   0    9   0.00  M   M  13.1 20  220# M   M   M   M     31  220
8  82  70  76  1   0   11   0.04  M   M  12.7 18  220  M   M   M   M     32  260
9  80  70  75  0   0   10   0.11  M   M   7.3 14  210  M   M   M   M     24  240
10 74  68  71 -5   0    6   1.19  M   M   6.2 10   80# M   M   M   M     19  240
11 76  68  72 -4   0    7   0.00  M   M   5.1 11  100# M   M   M   M     27  190
12 75  69  72 -4   0    7   0.00  M   M   6.0 11  190  M   M   M   M     30  220
13 76  72  74 -2   0    9   0.00  M   M  11.8 16  210  M   M   M   M     27  230
14 77  72  75 -1   0   10   0.15  M   M  10.2 14  210# M   M   M   M     30  220
15 77  71  74 -2   0    9   0.33  M   M  10.7 18  230  M   M   M   M     27  230
16 80  70  75 -1   0   10   0.05  M   M   4.8  8  220  M   M   M   M     18  260
17 80  67  74 -2   0    9   0.00  M   M   5.4 10  110  M   M   M   M     15  290
18 74  65  70 -6   0    5   0.00  M   M   5.3 10  110  M   M   M   M     16  120
19 73  67  70 -6   0    5   0.00  M   M   7.2 13   90  M   M   M   M     18   80
20 72  67  70 -6   0    5   1.04  M   M   9.2 25   70  M   M   M   M     25   70
21 73  65  69 -7   0    4   0.00  M   M   5.7 11  120# M   M   M   M     17  100
22 76  69  73 -3   0    8   0.00  M   M   6.7 13  220# M   M   M   M     21  220
23 78  72  75 -1   0   10   0.00  M   M  10.0 15  230  M   M   M   M     24  230
24 79  72  76  0   0   11   0.01  M   M   5.6 10  270  M   M   M   M     18  320
25 75  65  70 -6   0    5   0.00  M   M   7.3 13  110  M   M   M   M     19  100
26 76  71  74 -2   0    9   0.01  M   M   8.0 13  230  M   M   M   M     21  230
27 81  74  78  2   0   13   0.08  M   M  10.5 16  270# M   M   M   M     29  220
28 83  70  77  1   0   12   0.05  M   M  10.9 17  290  M   M   M   M     29  290
29 74  65  70 -6   0    5   0.00  M   M   6.2  9  170# M   M   M   M     18  330
30 75  64  70 -6   0    5   0.00  M   M   6.3 11  210# M   M   M   M     21  230
31 77  69  73 -3   0    8   0.00  M   M   8.2 12  220# M   M   M   M     22  210
================================================================================
SM 2394 2135           258  4.55  M   M   263.0
================================================================================
AV 77.2  68.9                      M FASTST   M    M   6    MAX(MPH)
                                 MISC ---->     M   M                  M    M
================================================================================
NOTES:
# LAST OF SEVERAL OCCURRENCES

COLUMN 17 PEAK WIND IN M.P.H.

PRELIMINARY LOCAL CLIMATOLOGICAL DATA (WS FORM: F-6) , PAGE 2

                                          STATION:  ATLANTIC CITY MARINA
                                          MONTH:    JULY
                                          YEAR:     2014
                                          LATITUDE:   39 16 N
                                          LONGITUDE:  74 20 W

[TEMPERATURE DATA]      [PRECIPITATION DATA]       SYMBOLS USED IN COLUMN 16

AVERAGE MONTHLY:  73.1  TOTAL FOR MONTH:     4.55  1 = FOG OR MIST
DPTR FM NORMAL:   -2.5  DPTR FM NORMAL:     1.24   2 = FOG REDUCING VISIBILITY
HIGHEST:     83 ON 28TH GRTST 24HR   1.20  ON 4TH      TO 1/4 MILE OR LESS
LOWEST:      62 ON  5TH                            3 = THUNDER
                        SNOW, ICE PELLETS, HAIL    4 = ICE PELLETS
                        TOTAL MONTH:    M          5 = HAIL
                        GRTST 24HR    M  ON   M    6 = FREEZING RAIN OR DRIZZLE
                        GRTST DEPTH:  M  ON   M    7 = DUSTSTORM OR SANDSTORM:
                                                       VSBY 1/2 MILE OR LESS
                                                   8 = SMOKE OR HAZE
[NO. OF DAYS WITH]      [WEATHER - DAYS WITH]      9 = BLOWING SNOW
                                                   X = TORNADO
MAX 32 OR BELOW:   0    0.01 INCH OR MORE:  14
MAX 70 OR ABOVE:  31    0.10 INCH OR MORE:   7
MIN 32 OR BELOW:   0    0.50 INCH OR MORE:   3
MIN  0 OR BELOW:   0    1.00 INCH OR MORE:   3

[HDD (BASE 65) ]
TOTAL THIS MO.      0   CLEAR  (SCALE 0-3)   0
DPTR FM NORMAL      0   PTCLDY (SCALE 4-7)   0
TOTAL FM JUL 1      0   CLOUDY (SCALE 8-10)  0
DPTR FM NORMAL      0

[CDD (BASE 65) ]
TOTAL THIS MO.   258
DPTR FM NORMAL   -72    [PRESSURE DATA]
TOTAL FM JAN 1   482    HIGHEST SLP M ON M
DPTR FM NORMAL   -56    LOWEST  SLP M ON M

[REMARKS]
#LAST OF SEVERAL OCCURANCES
TRACES OF PRECIPITATION NOT RECORDED
