000
CXUS51 KPHI 051856 AAA
CF6AIY

PRELIMINARY LOCAL CLIMATOLOGICAL DATA (WS FORM: F-6)

                                          STATION:   ATLANTIC CITY MARINA
                                          MONTH:     OCTOBER
                                          YEAR:      2014
                                          LATITUDE:   39 16 N
                                          LONGITUDE:  74 20 W

  TEMPERATURE IN F:       :PCPN:    SNOW:  WIND      :SUNSHINE: SKY     :PK WND
================================================================================
1   2   3   4   5  6A  6B    7    8   9   10  11  12  13   14  15   16   17  18
                                     12Z  AVG MX 2MIN
DY MAX MIN AVG DEP HDD CDD  WTR  SNW DPTH SPD SPD DIR MIN PSBL S-S WX    SPD DR
================================================================================
 1  68  64  66  2   0    1   0.01  0   0   8.2 12  40#  M   M   M   M     20  40
 2  65  61  63 -1   2    0   0.00  0   0   6.5 11  35   M   M   M   M     17  40
 3  67  61  64  1   1    0   0.00  0   0   7.4 12  100# M   M   M   M     20 100
 4  71  52  62 -1   3    0   0.22  0   0   9.3 14  180# M   M   M   M     27 320
 5  60  47  54 -8  11    0   0.00  0   0   7.4 12  270# M   M   M   M     28 320
 6  68  56  62  0   3    0   0.00  0   0   9.3 14  180# M   M   M   M     27 190
 7  70  67  69  7   0    4   0.00  0   0  13.8 18  230# M   M   M   M     29 180
 8  74  62  68  7   0    3   0.34  0   0  10.8 20  230  M   M   M   M     33 240
 9  68  56  62  1   3    0   0.00  0   0   7.7 14  270  M   M   M   M     25 250
 10 65  57  61  0   4    0   0.04  0   0   5.4 10   90  M   M   M   M     14  70
 11 62  55  59 -1   6    0   0.73  0   0   8.7 14   40  M   M   M   M     24  40
 12 61  51  56 -4   9    0   0.00  0   0   5.3 10   40  M   M   M   M     16  40
 13 69  60  65  5   0    0   0.15  0   0   7.8 11  150  M   M   M   M     18 150
 14 72  68  70 11   0    5   0.00  0   0  10.8 16  170  M   M   M   M     27 170
 15 72  70  71 12   0    6   0.34  0   0  13.0 16  170# M   M   M   M     28 170
 16 71  62  67  8   0    2   0.21  0   0   9.5 16  170  M   M   M   M     28 170
 17 68  60  64  6   1    0   0.00  0   0  10.3 17  230  M   M   M   M     28 230
 18 72  54  63  5   2    0   0.00  0   0   9.9 13  230# M   M   M   M     26 300
 19 57  47  52 -6  13    0   0.00  0   0   9.3 17  330# M   M   M   M     32 330
 20 63  46  55 -2  10    0   0.00  0   0   8.5 16  240  M   M   M   M     25 230
 21 67  60  64  7   1    0   0.00  0   0   4.7  9   40  M   M   M   M     15 230
 22 61  53  57  0   8    0   0.76  0   0  12.5  21  40  M   M   M   M     35  40
 23 55  52  54 -3  11    0   0.06  0   0  12.7  16 320# M   M   M   M     31 320
 24 66  51  59  3   6    0   0.00  0   0   7.5  14 330  M   M   M   M     27 320
 25 66  50  58  2   7    0   0.00  0   0   8.5  16 260  M   M   M   M     24 270
 26 65  53  59  3   6    0   0.00  0   0   7.0  10 290# M   M   M   M     25 300
 27 66  48  57  2   8    0   0.00  0   0   5.7   9 320  M   M   M   M     20 320
 28 67  61  64  9   1    0   0.00  0   0  12.0  17 230  M   M   M   M     27 230
 29 71  54  63  8   2    0   0.00  0   0   9.5  14 230  M   M   M   M     26 330
 30 61  49  55  1  10    0   0.00  0   0   5.2   8 320# M   M   M   M     17 320
 31 57  43  50 -4  15    0   0.01  0   0   6.8  15  40  M   M   M   M     23  40
================================================================================
SM 2045 1730      143        2.87  M   M   270.9
================================================================================
AV 66.0  55.8                      M FASTST   M    M   M    MAX(MPH)
                                 MISC ---->     M   M                  M    M
================================================================================
NOTES:
# LAST OF SEVERAL OCCURRENCES

COLUMN 17 PEAK WIND IN M.P.H.

PRELIMINARY LOCAL CLIMATOLOGICAL DATA (WS FORM: F-6) , PAGE 2

                                          STATION:  ATLANTIC CITY MARINA
                                          MONTH:    OCTOBER
                                          YEAR:     2014
                                          LATITUDE:   39 16 N
                                          LONGITUDE:  74 20 W

[TEMPERATURE DATA]      [PRECIPITATION DATA]       SYMBOLS USED IN COLUMN 16

AVERAGE MONTHLY:  60.9  TOTAL FOR MONTH:   2.87    1 = FOG OR MIST
DPTR FM NORMAL:    2.2  DPTR FM NORMAL:     0.6    2 = FOG REDUCING VISIBILITY
HIGHEST:    74 ON  8TH  GRTST 24HR   0.76  ON 22ND     TO 1/4 MILE OR LESS
LOWEST:     43 ON  31ST                            3 = THUNDER
                        SNOW, ICE PELLETS, HAIL    4 = ICE PELLETS
                        TOTAL MONTH:    M          5 = HAIL
                        GRTST 24HR    M  ON   M    6 = FREEZING RAIN OR DRIZZLE
                        GRTST DEPTH:  M  ON   M    7 = DUSTSTORM OR SANDSTORM:
                                                       VSBY 1/2 MILE OR LESS
                                                   8 = SMOKE OR HAZE
[NO. OF DAYS WITH]      [WEATHER - DAYS WITH]      9 = BLOWING SNOW
                                                   X = TORNADO
MAX 32 OR BELOW:   0    0.01 INCH OR MORE:  11
MAX 70 OR ABOVE:   8    0.10 INCH OR MORE:   7
MIN 32 OR BELOW:   0    0.50 INCH OR MORE:   2
MIN  0 OR BELOW:   0    1.00 INCH OR MORE:   0

[HDD (BASE 65) ]
TOTAL THIS MO.    143   CLEAR  (SCALE 0-3)   0
DPTR FM NORMAL     72   PTCLDY (SCALE 4-7)   0
TOTAL FM JUL 1    156   CLOUDY (SCALE 8-10)  0
DPTR FM NORMAL     87

[CDD (BASE 65) ]
TOTAL THIS MO.    21
DPTR FM NORMAL     0    [PRESSURE DATA]
TOTAL FM JAN 1   919    HIGHEST SLP M ON M
DPTR FM NORMAL   101    LOWEST  SLP M ON M

[REMARKS]
#LAST OF SEVERAL OCCURANCES
TRACES OF PRECIPITATION NOT RECORDED
