000
CXUS51 KPHI 011848
CF6AIY

PRELIMINARY LOCAL CLIMATOLOGICAL DATA (WS FORM: F-6)

                                          STATION:   ATLANTIC CITY MARINA
                                          MONTH:     AUGUST
                                          YEAR:      2014
                                          LATITUDE:   39 16 N
                                          LONGITUDE:  74 20 W

  TEMPERATURE IN F:       :PCPN:    SNOW:  WIND      :SUNSHINE: SKY     :PK WND
================================================================================
1   2   3   4   5  6A  6B    7    8   9   10  11  12  13   14  15   16   17  18
                                     12Z  AVG MX 2MIN
DY MAX MIN AVG DEP HDD CDD  WTR  SNW DPTH SPD SPD DIR MIN PSBL S-S WX    SPD DR
================================================================================
1  77  71  74  -2   0   9  0.06   M   M   6.4 10  170# M   M   M   M     16  170
2  72  68  70  -6   0   5  2.09   M   M   9.3 15   40  M   M   M   M     36  360
3  72  68  70  -6   0   5  0.73   M   M   6.2 10   20  M   M   M   M     16   20
4  78  70  74  -2   0   9  0.00   M   M   6.0 11  230# M   M   M   M     19  210
5  78  72  75  -1   0  10  0.00   M   M   5.8  9  210# M   M   M   M     16  190
6  82  70  76   0   0  11  0.00   M   M   6.1  9  330# M   M   M   M     18  330
7  81  68  75  -1   0  10  0.00   M   M   5.6 10  220  M   M   M   M     19  330
8  80  66  73  -3   0   8  0.00   M   M   5.2  9  200  M   M   M   M     19  210
9  78  67  73  -3   0   8  0.00   M   M   6.2 10  120  M   M   M   M     15  170
10 79  70  75  -1   0  10  0.00   M   M   5.9  9  220# M   M   M   M     15  220
11 77  71  74  -1   0   9  0.00   M   M   7.3 12  150# M   M   M   M     20  150
12 78  72  75   0   0  10  0.00   M   M  12.1 18  180  M   M   M   M     38  180
13 82  71  77   2   0  12  2.76   M   M   8.5 16  180  M   M   M   M     31  180
14 77  64  71  -4   0   6  0.67   M   M   7.7 13  220# M   M   M   M     25  280
15 76  63  70  -5   0   5  0.00   M   M   6.0 10  290# M   M   M   M     21  290
16 76  67  72  -3   0   7  0.00   M   M   5.5 10  230  M   M   M   M     15  230
17 80  70  75   0   0  10  0.00   M   M   6.7  9  280# M   M   M   M     21  280
18 76  66  71  -4   0   6  0.01   M   M   6.0 11  210# M   M   M   M     19  330
19 77  70  74  -1   0   9  0.00   M   M   5.7  9  130# M   M   M   M     14  120
20 76  72  74   0   0   9  0.00   M   M   4.7  7  100# M   M   M   M     13  100
21 76  73  75  -2   0  10  0.00   M   M   5.4  8  170# M   M   M   M     15  150
22 75  71  73  -3   0   8  0.32   M   M  10.0 17   90  M   M   M   M     24   80
23 73  71  72  -3   0   7  0.00   M   M  13.7 17   80# M   M   M   M     24   80
24 73  66  70  -4   0   5  0.00   M   M  10.5 14   80# M   M   M   M     24   70
25 78  64  71  -3   0   6  0.00   M   M   4.5  9   70# M   M   M   M     16   60
26 76  70  73  -1   0   8  0.00   M   M   4.2  6  180# M   M   M   M     14  150
27 86  68  77   3   0  12  0.00   M   M   5.9 10  210# M   M   M   M     16  190
28 81  67  74   0   0   9  0.00   M   M   7.1 10  330# M   M   M   M     22  330
29 72  61  67  -7   0   2  0.00   M   M   6.8 11  100# M   M   M   M     17  330
30 75  70  73  -1   0   8  0.00   M   M   6.9 10  150  M   M   M   M     18  170
31 80  74  77   4   0  12  0.11   M   M  10.8 16  230# M   M   M   M     27  230
================================================================================
SM 2397 2131          255  6.75   M   M  218.8
================================================================================
AV 77.3  68.7                      M FASTST   M    M   6    MAX(MPH)
                                 MISC ---->     M   M                  M    M
================================================================================
NOTES:
# LAST OF SEVERAL OCCURRENCES

COLUMN 17 PEAK WIND IN M.P.H.

PRELIMINARY LOCAL CLIMATOLOGICAL DATA (WS FORM: F-6) , PAGE 2

                                          STATION:  ATLANTIC CITY MARINA
                                          MONTH:    AUGUST
                                          YEAR:     2014
                                          LATITUDE:   39 16 N
                                          LONGITUDE:  74 20 W

[TEMPERATURE DATA]      [PRECIPITATION DATA]       SYMBOLS USED IN COLUMN 16

AVERAGE MONTHLY:  73.0  TOTAL FOR MONTH:    6.75   1 = FOG OR MIST
DPTR FM NORMAL:   -2.0  DPTR FM NORMAL:     2.83   2 = FOG REDUCING VISIBILITY
HIGHEST:     86 ON 27TH GRTST 24HR   2.76 ON 12TH      TO 1/4 MILE OR LESS
LOWEST:      61 ON 29TH                            3 = THUNDER
                        SNOW, ICE PELLETS, HAIL    4 = ICE PELLETS
                        TOTAL MONTH:    M          5 = HAIL
                        GRTST 24HR    M  ON   M    6 = FREEZING RAIN OR DRIZZLE
                        GRTST DEPTH:  M  ON   M    7 = DUSTSTORM OR SANDSTORM:
                                                       VSBY 1/2 MILE OR LESS
                                                   8 = SMOKE OR HAZE
[NO. OF DAYS WITH]      [WEATHER - DAYS WITH]      9 = BLOWING SNOW
                                                   X = TORNADO
MAX 32 OR BELOW:   0    0.01 INCH OR MORE:   8
MAX 70 OR ABOVE:  31    0.10 INCH OR MORE:   6
MIN 32 OR BELOW:   0    0.50 INCH OR MORE:   4
MIN  0 OR BELOW:   0    1.00 INCH OR MORE:   2

[HDD (BASE 65) ]
TOTAL THIS MO.      0   CLEAR  (SCALE 0-3)   0
DPTR FM NORMAL      0   PTCLDY (SCALE 4-7)   0
TOTAL FM JUL 1      0   CLOUDY (SCALE 8-10)  0
DPTR FM NORMAL      0

[CDD (BASE 65) ]
TOTAL THIS MO.   255
DPTR FM NORMAL   -75    [PRESSURE DATA]
TOTAL FM JAN 1   737    HIGHEST SLP M ON M
DPTR FM NORMAL   -110   LOWEST  SLP M ON M

[REMARKS]
#LAST OF SEVERAL OCCURANCES
TRACES OF PRECIPITATION NOT RECORDED
