000
CXAK56 PAJK 251230
CF6AJN
PRELIMINARY LOCAL CLIMATOLOGICAL DATA (WS FORM: F-6)

                                          STATION:   JUNEAU
                                          MONTH:     MAY
                                          YEAR:      2017
                                          LATITUDE:   58 22 N
                                          LONGITUDE: 134 35 W

  TEMPERATURE IN F:       :PCPN:    SNOW:  WIND      :SUNSHINE: SKY     :PK WND
================================================================================
1   2   3   4   5  6A  6B    7    8   9   10  11  12  13   14  15   16   17  18
                                     12Z  AVG MX 2MIN
DY MAX MIN AVG DEP HDD CDD  WTR  SNW DPTH SPD SPD DIR MIN PSBL S-S WX    SPD DR
================================================================================

 1  46  39  43  -2  22   0 0.06  0.0    0 13.5 25 120   M    M  10        30 120
 2  53  39  46   1  19   0 0.15  0.0    0 11.6 25 130   M    M  10 1      29 130
 3  47  41  44  -1  21   0 0.24    T    0 18.2 32 120   M    M  10 14     40 110
 4  55  34  45  -1  20   0 0.00  0.0    0  7.8 16 270   M    M   4        21 260
 5  56  33  45  -1  20   0    T  0.0    0  4.4 14 250   M    M   8        16 250
 6  59  34  47   1  18   0 0.00  0.0    0  7.4 17 120   M    M   5        23 130
 7  48  42  45  -1  20   0 0.16  0.0    0 12.3 23 120   M    M  10 1      28 120
 8  47  42  45  -1  20   0 0.65  0.0    0  7.9 16 110   M    M  10 1      19 110
 9  54  37  46  -1  19   0 0.10  0.0    0  6.5 17 140   M    M   8 1      22 130
10  62  33  48   1  17   0 0.00  0.0    0  4.6 13 220   M    M   6 1      14 240
11  68  37  53   6  12   0    T  0.0    0  5.4 22  90   M    M   7        28  80
12  53  48  51   3  14   0 0.06  0.0    0  4.7 12 250   M    M  10 1      13 270
13  49  45  47  -1  18   0 0.21  0.0    0  3.9 10 300   M    M  10 1      13 290
14  48  41  45  -3  20   0 0.14  0.0    0  7.3 24 130   M    M  10 1      30 130
15  63  38  51   3  14   0 0.00  0.0    0  5.1 15 230   M    M   4 1      22 220
16  71  36  54   5  11   0 0.00  0.0    0  4.4 13 240   M    M   2        16 250
17  67  39  53   4  12   0 0.00  0.0    0  4.7 13 230   M    M   7        15 220
18  53  45  49   0  16   0 0.20  0.0    0  6.9 17 130   M    M  10 1      20 120
19  51  46  49   0  16   0 0.38  0.0    0  3.7 12 100   M    M  10 1      15 100
20  53  47  50   0  15   0 0.86  0.0    0 13.9 28 110   M    M  10 1      34 120
21  55  51  53   3  12   0 1.53  0.0    0 24.9 35 120   M    M   9 1      45 120
22  55  49  52   2  13   0 0.17  0.0    0  7.6 21 130   M    M   9 1      28 120
23  63  47  55   5  10   0 0.05  0.0    0  9.4 24 250   M    M   8 1      29 250
24  57  45  51   0  14   0    T  0.0    0  5.9 13 250   M    M  10 1      17 260
================================================================================
SM 1333  988       393   0  4.96    T    202.0          M      197
================================================================================
AV 55.5 41.2                               8.4 FASTST   M    M   8    MAX(MPH)
                                 MISC ---->  # 35 120               # 45  120
================================================================================
NOTES:
# LAST OF SEVERAL OCCURRENCES

COLUMN 17 PEAK WIND IN M.P.H.

PRELIMINARY LOCAL CLIMATOLOGICAL DATA (WS FORM: F-6) , PAGE 2

                                          STATION:  JUNEAU
                                          MONTH:    MAY
                                          YEAR:     2017
                                          LATITUDE:   58 22 N
                                          LONGITUDE: 134 35 W

[TEMPERATURE DATA]      [PRECIPITATION DATA]       SYMBOLS USED IN COLUMN 16

AVERAGE MONTHLY: 48.4   TOTAL FOR MONTH:   4.96    1 = FOG OR MIST
DPTR FM NORMAL:   0.6   DPTR FM NORMAL:    2.34    2 = FOG REDUCING VISIBILITY
HIGHEST:    71 ON 16    GRTST 24HR  1.53 ON 21-21      TO 1/4 MILE OR LESS
LOWEST:     33 ON 10, 5                            3 = THUNDER
                        SNOW, ICE PELLETS, HAIL    4 = ICE PELLETS
                        TOTAL MONTH:    T          5 = HAIL
                        GRTST 24HR    T  ON  3- 3  6 = FREEZING RAIN OR DRIZZLE
                        GRTST DEPTH:   0           7 = DUSTSTORM OR SANDSTORM:
                                                       VSBY 1/2 MILE OR LESS
                                                   8 = SMOKE OR HAZE
[NO. OF DAYS WITH]      [WEATHER - DAYS WITH]      9 = BLOWING SNOW
                                                   X = TORNADO
MAX 32 OR BELOW:   0    0.01 INCH OR MORE:  15
MAX 90 OR ABOVE:   0    0.10 INCH OR MORE:  12
MIN 32 OR BELOW:   0    0.50 INCH OR MORE:   3
MIN  0 OR BELOW:   0    1.00 INCH OR MORE:   1

[HDD (BASE 65) ]
TOTAL THIS MO.   393    CLEAR  (SCALE 0-3)   1
DPTR FM NORMAL   -22    PTCLDY (SCALE 4-7)   8
TOTAL FM JUL 1  7821    CLOUDY (SCALE 8-10) 15
DPTR FM NORMAL  -116

[CDD (BASE 65) ]
TOTAL THIS MO.     0
DPTR FM NORMAL     0    [PRESSURE DATA]
TOTAL FM JAN 1     0    HIGHEST SLP M ON M
DPTR FM NORMAL     0    LOWEST  SLP 29.36 ON  2

[REMARKS]
