000
CXAK56 PAKN 301108
CF6AKN

PRELIMINARY LOCAL CLIMATOLOGICAL DATA (WS FORM: F-6)

                                          STATION:   KING SALMON
                                          MONTH:     06
                                          YEAR:      2015
                                          LATITUDE:   58 41 N
                                          LONGITUDE: 156 39 W

  TEMPERATURE IN F:       :PCPN:    SNOW:  WIND      :SUNSHINE: SKY     :PK WND
================================================================================
1   2   3   4   5  6A  6B    7     8   9   10  11  12  13   14  15   16  17  18
                                      12Z  AVG MX 2MIN
DY MAX MIN AVG DEP HDD CDD  WTR   SNW DPTH SPD SPD DIR MIN PSBL S-S WX   SPD DR
================================================================================

 1  69  44  57   9   8   0     T  0.0   0  8.0 16  270   M    M   M 12    21 250
 2  59  46  53   5  12   0  0.05  0.0   0 10.1 17  180   M    M   M       22 190
 3  56  45  51   2  14   0  0.07  0.0   0  4.6 18  170   M    M   M       21 160
 4  53  42  48  -1  17   0  0.33  0.0   0  4.9 12  280   M    M   M 12    13 290
 5  56  45  51   2  14   0  0.07  0.0   0  7.7 16  240   M    M   M       20 250
 6  57  41  49   0  16   0  0.01  0.0   0  6.2 13  280   M    M   M       18 290
 7  57  44  51   1  14   0  0.04  0.0   0  6.3 17  260   M    M   M 1     23 250
 8  56  40  48  -2  17   0     T  0.0   0 14.8 24  160   M    M   M       31 150
 9  57  46  52   2  13   0  0.08  0.0   0 11.1 24  150   M    M   M       31 140
10  61  46  54   4  11   0  0.01  0.0   0 12.2 28  270   M    M   M       34 250
11  54  43  49  -2  16   0  0.02  0.0   0 10.6 15  220   M    M   M 1     20 220
12  54  43  49  -2  16   0     T  0.0   0  9.3 14  220   M    M   M 1     18 250
13  70  41  56   5   9   0  0.00  0.0   0  6.3 14  290   M    M   M       17 280
14  82  42  62  11   3   0  0.00  0.0   0  6.2 16  280   M    M   M       19 280
15  86  43  65  14   0   0  0.00  0.0   0  5.4 16  280   M    M   M 1     18 280
16  86  46  66  14   0   1  0.00  0.0   0  9.0 21  340   M    M   M       26 340
17  85  46  66  14   0   1  0.00  0.0   0  6.9 17  260   M    M   M       21 240
18  78  49  64  12   1   0  0.00  0.0   0  9.1 14  210   M    M   M       19 210
19  77  49  63  11   2   0  0.00  0.0   0 10.2 17  230   M    M   M 1     22 240
20  76  49  63  10   2   0  0.00  0.0   0  6.1 16  240   M    M   M       20 240
21  66  42  54   1  11   0  0.00  0.0   0  6.1 16  210   M    M   M 1     20 200
22  73  51  62   9   3   0     T  0.0   0  5.4 14  180   M    M   M 8     17 180
23  75  43  59   6   6   0  0.00  0.0   0  6.4 18  210   M    M   M       24 220
24  74  51  63  10   2   0  0.00  0.0   0  3.9 12   80   M    M   M 8     15  70
25  79  46  63   9   2   0  0.00  0.0   0  7.5 17   90   M    M   M 8     23  90
26  66  48  57   3   8   0  0.07  0.0   0  6.4 14  270   M    M   M 1     18 270
27  60  49  55   1  10   0  0.09  0.0   0  6.7 13  260   M    M   M 1     16 260
28  68  47  58   4   7   0     T  0.0   0  9.6 24  100   M    M   M       30  80
29  68  47  58   4   7   0     T  0.0   0 10.9 23   50   M    M   M       32  40
================================================================================
SM 1958 1314       241   2  0.84 0.0    227.9           M        M
================================================================================
AV 67.5 45.3                              7.9 FASTST  PSBL  %   M    MAX(MPH)
                                 MISC ---->     28  270                 34 250
================================================================================
NOTES:
# LAST OF SEVERAL OCCURRENCES

COLUMN 17 PEAK WIND IN M.P.H.

PRELIMINARY LOCAL CLIMATOLOGICAL DATA (WS FORM: F-6) , PAGE 2

                                          STATION:   KING SALMON
                                          MONTH:     06
                                          YEAR:      2015
                                          LATITUDE:  58 41 N
                                          LONGITUDE: 156 39 W

[TEMPERATURE DATA]      [PRECIPITATION DATA]       SYMBOLS USED IN COLUMN 16

AVERAGE MONTHLY:56.4   TOTAL FOR MONTH: 0.84       1 = FOG
DPTR FM NORMAL:  5.0   DPTR FM NORMAL: -0.75       2 = FOG REDUCING VISIBILITY
HIGHEST:    86 ON 16    GRTST 24HR   0.33 ON  4        TO 1/4 MILE OR LESS
LOWEST:     40 ON  8                               3 = THUNDER
                        SNOW, ICE PELLETS, HAIL    4 = ICE PELLETS
                        TOTAL MONTH: 0.0         5 = HAIL
                        GRTST 24HR   0.0           6 = GLAZE OR RIME
                        GRTST DEPTH:    0          7 = BLOWING DUST OR SAND:
                                                       VSBY 1/2 MILE OR LESS
                                                   8 = SMOKE OR HAZE
[NO. OF DAYS WITH]      [WEATHER - DAYS WITH]      9 = BLOWING SNOW
                                                   X = TORNADO
MAX 32 OR BELOW:   0    0.01 INCH OR MORE:  11
MAX 70 OR ABOVE:  12    0.10 INCH OR MORE:   1
MIN 32 OR BELOW:   0    0.50 INCH OR MORE:   0
MIN  0 OR BELOW:   0    1.00 INCH OR MORE:   0

[HDD (BASE 65) ]
TOTAL THIS MO.   241    CLEAR  (SCALE 0-3)   M
DPTR FM NORMAL  -155    PTCLDY (SCALE 4-7)   M
SEASONAL TOTAL  8886    CLOUDY (SCALE 8-10)  M
DPTR FM NORMAL -1979

[CDD (BASE 65) ]
TOTAL THIS MO.     2
DPTR FM NORMAL     2    [PRESSURE DATA]
SEASONAL TOTAL     2    HIGHEST SLP     M
DPTR FM NORMAL     2    LOWEST  SLP     M

[REMARKS]
