391
CXAK56 PAFC 221320
CF6AKN
PRELIMINARY LOCAL CLIMATOLOGICAL DATA (WS FORM: F-6)

                                          STATION:   KING SALMON
                                          MONTH:     MARCH
                                          YEAR:      2017
                                          LATITUDE:   58 41 N
                                          LONGITUDE: 156 39 W

  TEMPERATURE IN F:       :PCPN:    SNOW:  WIND      :SUNSHINE: SKY     :PK WND
================================================================================
1   2   3   4   5  6A  6B    7    8   9   10  11  12  13   14  15   16   17  18
                                     12Z  AVG MX 2MIN
DY MAX MIN AVG DEP HDD CDD  WTR  SNW DPTH SPD SPD DIR MIN PSBL S-S WX    SPD DR
================================================================================

 1  12   3   8 -13  57   0 0.00  0.0    T 16.3 25 360   M    M   1        32 360
 2  22   3  13  -8  52   0 0.00  0.0    T 14.3 25 340   M    M   1        35 350
 3  20   2  11 -11  54   0 0.00  0.0    T  8.9 25 350   M    M   2        31 340
 4  22  -2  10 -12  55   0 0.00  0.0    T  5.3 20  10   M    M   5        25  10
 5  20   2  11 -11  54   0 0.00  0.0    T 10.4 24 360   M    M   2        31 350
 6  14  -3   6 -16  59   0 0.00  0.0    T 10.7 20 340   M    M   1        25 340
 7  16  -6   5 -17  60   0 0.00  0.0    T 10.7 23 350   M    M   0        29 360
 8  13   0   7 -15  58   0 0.00  0.0    T 11.1 22  10   M    M   1        27  10
 9  19  -3   8 -15  57   0 0.00  0.0    T  8.9 16  10   M    M   2        20  20
10  22  -2  10 -13  55   0 0.00  0.0    T  6.2 15 360   M    M   6        18  20
11  28   1  15  -8  50   0 0.00  0.0    T  4.6 13  10   M    M   5        15  20
12  24   7  16  -7  49   0 0.00  0.0    T 10.5 18  10   M    M   1        24 360
13  28  13  21  -2  44   0 0.00  0.0    T 14.9 29 350   M    M   1        35 360
14  22   9  16  -8  49   0 0.00  0.0    T 16.2 30 350   M    M   1        39 350
15  15   5  10 -14  55   0 0.00  0.0    T 19.5 39 340   M    M   1        51 340
16  15   2   9 -15  56   0 0.00  0.0    T 14.9 30  10   M    M   1        37  10
17  14  -4   5 -19  60   0 0.00  0.0    T 13.1 25  10   M    M   0        31  20
18  15 -10   3 -21  62   0 0.00  0.0    T 12.3 24  10   M    M   1        33  20
19  15  -5   5 -20  60   0 0.00  0.0    T 13.2 24  10   M    M   0        30  10
20  21  -8   7 -18  58   0 0.00  0.0    T 11.0 22  10   M    M   3        28  10
21  23  -1  11 -14  54   0 0.00  0.0    0 10.4 21  20   M    M   0        29  20
================================================================================
SM  400    3      1158   0  0.00     0.0 243.4          M       35
================================================================================
AV 19.1  0.1                              11.6 FASTST   M    M   2    MAX(MPH)
                                 MISC ---->  # 39 340               # 51  340
================================================================================
NOTES:
# LAST OF SEVERAL OCCURRENCES

COLUMN 17 PEAK WIND IN M.P.H.

PRELIMINARY LOCAL CLIMATOLOGICAL DATA (WS FORM: F-6) , PAGE 2

                                          STATION:  KING SALMON
                                          MONTH:    MARCH
                                          YEAR:     2017
                                          LATITUDE:   58 41 N
                                          LONGITUDE: 156 39 W

[TEMPERATURE DATA]      [PRECIPITATION DATA]       SYMBOLS USED IN COLUMN 16

AVERAGE MONTHLY:  9.6   TOTAL FOR MONTH:   0.00    1 = FOG OR MIST
DPTR FM NORMAL: -13.5   DPTR FM NORMAL:   -0.48    2 = FOG REDUCING VISIBILITY
HIGHEST:    28 ON 13,11 GRTST 24HR  0.00 ON 21-21      TO 1/4 MILE OR LESS
LOWEST:    -10 ON 18                               3 = THUNDER
                        SNOW, ICE PELLETS, HAIL    4 = ICE PELLETS
                        TOTAL MONTH:   0.0 INCH    5 = HAIL
                        GRTST 24HR     0.0         6 = FREEZING RAIN OR DRIZZLE
                        GRTST DEPTH:   0           7 = DUSTSTORM OR SANDSTORM:
                                                       VSBY 1/2 MILE OR LESS
                                                   8 = SMOKE OR HAZE
[NO. OF DAYS WITH]      [WEATHER - DAYS WITH]      9 = BLOWING SNOW
                                                   X = TORNADO
MAX 32 OR BELOW:  21    0.01 INCH OR MORE:   0
MAX 90 OR ABOVE:   0    0.10 INCH OR MORE:   0
MIN 32 OR BELOW:  21    0.50 INCH OR MORE:   0
MIN  0 OR BELOW:  11    1.00 INCH OR MORE:   0

[HDD (BASE 65) ]
TOTAL THIS MO.  1158    CLEAR  (SCALE 0-3)  18
DPTR FM NORMAL   277    PTCLDY (SCALE 4-7)   3
TOTAL FM JUL 1  8291    CLOUDY (SCALE 8-10)  0
DPTR FM NORMAL  -210

[CDD (BASE 65) ]
TOTAL THIS MO.     0
DPTR FM NORMAL     0    [PRESSURE DATA]
TOTAL FM JAN 1     0    HIGHEST SLP M ON M
DPTR FM NORMAL     0    LOWEST  SLP 29.68 ON 13

[REMARKS]
