000
CXAK56 PAKN 200925
CF6AKN

PRELIMINARY LOCAL CLIMATOLOGICAL DATA (WS FORM: F-6)

                                          STATION:   KING SALMON
                                          MONTH:     08
                                          YEAR:      2014
                                          LATITUDE:   58 41 N
                                          LONGITUDE: 156 39 W

  TEMPERATURE IN F:       :PCPN:    SNOW:  WIND      :SUNSHINE: SKY     :PK WND
================================================================================
1   2   3   4   5  6A  6B    7     8   9   10  11  12  13   14  15   16  17  18
                                      12Z  AVG MX 2MIN
DY MAX MIN AVG DEP HDD CDD  WTR   SNW DPTH SPD SPD DIR MIN PSBL S-S WX   SPD DR
================================================================================

 1  73  50  62   6   3   0  0.00  0.0   0  5.2 14  280   M    M   M       18 310
 2  73  49  61   5   4   0  0.00  0.0   0  3.5 15  290   M    M   M 12    20 290
 3  69  50  60   4   5   0  0.05  0.0   0  4.7 12   40   M    M   M       15  80
 4  69  45  57   1   8   0  0.00  0.0   0  4.9 12  280   M    M   M 1     15 340
 5  67  56  62   6   3   0     T  0.0   0  7.6 13  200   M    M   M 1     16 200
 6  63  54  59   3   6   0  0.03  0.0   0 10.7 18  140   M    M   M 1     24 140
 7  63  55  59   4   6   0  0.28  0.0   0  8.8 20  100   M    M   M 18    24 100
 8  67  55  61   6   4   0  0.03  0.0   0  5.6 16   90   M    M   M 1     22 110
 9  70  54  62   7   3   0     T  0.0   0  8.2 18   80   M    M   M       25 100
10  73  53  63   8   2   0     T  0.0   0  6.1 18   70   M    M   M       22  70
11  69  53  61   6   4   0     T  0.0   0 11.1 22  110   M    M   M       29 110
12  62  54  58   3   7   0  0.42  0.0   0  7.5 22  160   M    M   M 1     26 160
13  66  52  59   4   6   0  0.09  0.0   0  3.9 15  170   M    M   M 1     17 160
14  60  51  56   1   9   0  0.28  0.0   0  2.9 13   20   M    M   M 1     17  10
15  67  53  60   5   5   0  0.44  0.0   0 10.1 21  140   M    M   M 1     24 150
16  66  54  60   5   5   0  0.23  0.0   0 12.1 22   80   M    M   M 1     32  80
17  61  53  57   2   8   0  0.44  0.0   0  9.9 21  250   M    M   M 1     28 250
18  65  53  59   4   6   0  0.06  0.0   0 10.7 18  240   M    M   M 1     23 230
19  67  53  60   5   5   0     T  0.0   0  8.3 10  160   M    M   M 1     13 160
================================================================================
SM 1270  997        99   0  2.35 0.0    141.8           M        M
================================================================================
AV 66.8 52.5                              7.5 FASTST  PSBL  %   M    MAX(MPH)
                                 MISC ---->  #  22   80                 32  80
================================================================================
NOTES:
# LAST OF SEVERAL OCCURRENCES

COLUMN 17 PEAK WIND IN M.P.H.

PRELIMINARY LOCAL CLIMATOLOGICAL DATA (WS FORM: F-6) , PAGE 2

                                          STATION:   KING SALMON
                                          MONTH:     08
                                          YEAR:      2014
                                          LATITUDE:  58 41 N
                                          LONGITUDE: 156 39 W

[TEMPERATURE DATA]      [PRECIPITATION DATA]       SYMBOLS USED IN COLUMN 16

AVERAGE MONTHLY:59.7   TOTAL FOR MONTH: 2.35       1 = FOG
DPTR FM NORMAL:  4.4   DPTR FM NORMAL: 0.60       2 = FOG REDUCING VISIBILITY
HIGHEST:    73 ON 10    GRTST 24HR   0.44 ON 17        TO 1/4 MILE OR LESS
LOWEST:     45 ON  4                               3 = THUNDER
                        SNOW, ICE PELLETS, HAIL    4 = ICE PELLETS
                        TOTAL MONTH: 0.0         5 = HAIL
                        GRTST 24HR   0.0           6 = GLAZE OR RIME
                        GRTST DEPTH:    0          7 = BLOWING DUST OR SAND:
                                                       VSBY 1/2 MILE OR LESS
                                                   8 = SMOKE OR HAZE
[NO. OF DAYS WITH]      [WEATHER - DAYS WITH]      9 = BLOWING SNOW
                                                   X = TORNADO
MAX 32 OR BELOW:   0    0.01 INCH OR MORE:  11
MAX 70 OR ABOVE:   4    0.10 INCH OR MORE:   6
MIN 32 OR BELOW:   0    0.50 INCH OR MORE:   0
MIN  0 OR BELOW:   0    1.00 INCH OR MORE:   0

[HDD (BASE 65) ]
TOTAL THIS MO.    99    CLEAR  (SCALE 0-3)   M
DPTR FM NORMAL   -86    PTCLDY (SCALE 4-7)   M
SEASONAL TOTAL   337    CLOUDY (SCALE 8-10)  M
DPTR FM NORMAL  -138

[CDD (BASE 65) ]
TOTAL THIS MO.     0
DPTR FM NORMAL     0    [PRESSURE DATA]
SEASONAL TOTAL     0    HIGHEST SLP     M
DPTR FM NORMAL     0    LOWEST  SLP     M

[REMARKS]
