000
CXAK56 PAFC 261320
CF6AKN
PRELIMINARY LOCAL CLIMATOLOGICAL DATA (WS FORM: F-6)

                                          STATION:   KING SALMON
                                          MONTH:     APRIL
                                          YEAR:      2017
                                          LATITUDE:   58 41 N
                                          LONGITUDE: 156 39 W

  TEMPERATURE IN F:       :PCPN:    SNOW:  WIND      :SUNSHINE: SKY     :PK WND
================================================================================
1   2   3   4   5  6A  6B    7    8   9   10  11  12  13   14  15   16   17  18
                                     12Z  AVG MX 2MIN
DY MAX MIN AVG DEP HDD CDD  WTR  SNW DPTH SPD SPD DIR MIN PSBL S-S WX    SPD DR
================================================================================

 1  31  27  29   1  36   0 0.29  2.8    3 10.4 18 210   M    M   9 18     23 230
 2  33  26  30   2  35   0    T  0.1    3 10.1 17 160   M    M  10 1      21 180
 3  39  18  29   0  36   0 0.00  0.0    0 13.5 28  50   M    M   7        39  50
 4  47  35  41  12  24   0 0.01  0.0    1 10.8 21  60   M    M   8        27  60
 5  44  35  40  10  25   0 0.04  0.0    0 11.1 17  20   M    M  10        24  20
 6  48  36  42  12  23   0    T  0.0    0 13.6 26  90   M    M   8        34 100
 7  47  30  39   9  26   0 0.00  0.0    0 13.3 23  60   M    M   4        28  60
 8  46  33  40   9  25   0 0.15  0.0    0  6.9 16 180   M    M   9 1      18 180
 9  46  30  38   7  27   0    T    T    0  6.4 15 100   M    M   8 1      21 100
10  50  28  39   7  26   0    T  0.0    0  7.0 17  90   M    M   7        25 100
11  54  24  39   7  26   0 0.00  0.0    0  4.2 10 120   M    M   1        13 110
12  55  21  38   6  27   0 0.00  0.0    0  4.4 14  80   M    M   5        16  80
13  56  20  38   5  27   0 0.00  0.0    0  5.8 17 280   M    M   1        22 270
14  56  23  40   7  25   0    T    T    0  5.4 12  70   M    M   3 12     14  60
15  52  23  38   4  27   0 0.00  0.0    0  8.6 30 170   M    M   2        35 180
16  48  28  38   4  27   0    T  0.0    0  8.0 21 160   M    M   8        25 160
17  53  26  40   6  25   0 0.00  0.0    0  5.4 15  30   M    M   4        20  30
18  50  25  38   3  27   0 0.00  0.0    0  8.1 16 330   M    M   3        22 360
19  48  21  35   0  30   0 0.00  0.0    0  6.1 14 270   M    M   7 12     16 270
20  53  30  42   6  23   0 0.00  0.0    0  3.6 12 160   M    M   8 1      18 110
21  53  27  40   4  25   0 0.00  0.0    0 14.8 31 100   M    M   5        40  90
22  51  40  46  10  19   0    T  0.0    0 14.9 23  80   M    M   9        30  90
23  56  40  48  11  17   0    T  0.0    0  9.5 22 100   M    M   8        29 100
24  51  37  44   7  21   0 0.07  0.0    0  4.3 10 310   M    M   9        14  70
25  51  34  43   5  22   0 0.12  0.0    0  5.1 16 160   M    M   8 1      19 150
================================================================================
SM 1218  717       651   0  0.68     2.9 211.3          M      161
================================================================================
AV 48.7 28.7                               8.5 FASTST   M    M   6    MAX(MPH)
                                 MISC ---->  # 31 100               # 40   90
================================================================================
NOTES:
# LAST OF SEVERAL OCCURRENCES

COLUMN 17 PEAK WIND IN M.P.H.

PRELIMINARY LOCAL CLIMATOLOGICAL DATA (WS FORM: F-6) , PAGE 2

                                          STATION:  KING SALMON
                                          MONTH:    APRIL
                                          YEAR:     2017
                                          LATITUDE:   58 41 N
                                          LONGITUDE: 156 39 W

[TEMPERATURE DATA]      [PRECIPITATION DATA]       SYMBOLS USED IN COLUMN 16

AVERAGE MONTHLY: 38.7   TOTAL FOR MONTH:   0.68    1 = FOG OR MIST
DPTR FM NORMAL:   5.9   DPTR FM NORMAL:   -0.11    2 = FOG REDUCING VISIBILITY
HIGHEST:    56 ON 23,14 GRTST 24HR  0.33 ON 31- 1      TO 1/4 MILE OR LESS
LOWEST:     18 ON  3                               3 = THUNDER
                        SNOW, ICE PELLETS, HAIL    4 = ICE PELLETS
                        TOTAL MONTH:   2.9 INCHES  5 = HAIL
                        GRTST 24HR   2.8 ON   M    6 = FREEZING RAIN OR DRIZZLE
                        GRTST DEPTH:   3 ON  2, 1  7 = DUSTSTORM OR SANDSTORM:
                                                       VSBY 1/2 MILE OR LESS
                                                   8 = SMOKE OR HAZE
[NO. OF DAYS WITH]      [WEATHER - DAYS WITH]      9 = BLOWING SNOW
                                                   X = TORNADO
MAX 32 OR BELOW:   1    0.01 INCH OR MORE:   6
MAX 90 OR ABOVE:   0    0.10 INCH OR MORE:   3
MIN 32 OR BELOW:  17    0.50 INCH OR MORE:   0
MIN  0 OR BELOW:   0    1.00 INCH OR MORE:   0

[HDD (BASE 65) ]
TOTAL THIS MO.   651    CLEAR  (SCALE 0-3)   5
DPTR FM NORMAL  -157    PTCLDY (SCALE 4-7)  10
TOTAL FM JUL 1  9408    CLOUDY (SCALE 8-10) 10
DPTR FM NORMAL  -286

[CDD (BASE 65) ]
TOTAL THIS MO.     0
DPTR FM NORMAL     0    [PRESSURE DATA]
TOTAL FM JAN 1     0    HIGHEST SLP M ON M
DPTR FM NORMAL     0    LOWEST  SLP 28.99 ON  5

[REMARKS]
