000
CXUS55 KBOU 211443
CF6AKO
PRELIMINARY LOCAL CLIMATOLOGICAL DATA (WS FORM: F-6)

                                          STATION:   AKRON CO
                                          MONTH:     OCTOBER
                                          YEAR:      2014
                                          LATITUDE:   40 10 N
                                          LONGITUDE: 103 13 W

  TEMPERATURE IN F:       :PCPN:    SNOW:  WIND      :SUNSHINE: SKY     :PK WND
================================================================================
1   2   3   4   5  6A  6B    7    8   9   10  11  12  13   14  15   16   17  18
                                     12Z  AVG MX 2MIN
DY MAX MIN AVG DEP HDD CDD  WTR  SNW DPTH SPD SPD DIR MIN PSBL S-S WX    SPD DR
================================================================================

 1  67  44  56   0   9   0 0.21    M    M 12.5 43 330   M    M   4 1      53 290
 2  62  37  50  -6  15   0    T    M    M 15.0 38 360   M    M   3        48 360
 3  56  34  45 -10  20   0    T    M    M 11.1 38 360   M    M   4        44 360
 4  72  34  53  -2  12   0 0.00    M    M  9.5 25 330   M    M   0        32 320
 5  69  43  56   2   9   0    T    M    M  9.3 23 360   M    M   3        31 310
 6  76  44  60   6   5   0 0.00    M    M 10.4 25 310   M    M   0        32 320
 7  75  46  61   8   4   0 0.00    M    M  8.4 14 150   M    M   1        17 140
 8  76  47  62   9   3   0 0.00    M    M 11.3 23 150   M    M   0        29 150
 9  63  47  55   2  10   0 0.00    M    M  8.0 16  80   M    M   5 1      21  90
10  55  43  49  -3  16   0 0.00    M    M  9.7 14 160   M    M   6 12     17 130
11  71  37  54   2  11   0 0.00    M    M  9.9 17 160   M    M   0        21 160
12  62  38  50  -2  15   0 0.01    M    M 18.1 35 360   M    M   7        44 360
13  59  36  48  -3  17   0 0.00    M    M 16.1 31 350   M    M   1        39 340
14  70  36  53   2  12   0 0.00    M    M  9.2 15 270   M    M   0        18 350
15  82  48  65  15   0   0 0.00    M    M 11.7 21 170   M    M   0        26 170
16  66  44  55   5  10   0 0.00    M    M  9.7 23  10   M    M   0        31 350
17  64  36  50   0  15   0 0.00    M    M  6.4 12 140   M    M   0        21 230
18  69  36  53   3  12   0 0.00    M    M 14.0 26 170   M    M   0        33 180
19  74  40  57   8   8   0 0.00    M    M  8.5 16 270   M    M   0        19 270
20  77  43  60  11   5   0 0.00    M    M 12.6 21 180   M    M   0        26 160
================================================================================
SM 1365  813       208   0  0.22    M    221.4          M       34
================================================================================
AV 68.2 40.7                              11.1 FASTST   M    M   2    MAX(MPH)
                                 MISC ---->  # 43 330               # 53  290
================================================================================
NOTES:
# LAST OF SEVERAL OCCURRENCES

COLUMN 17 PEAK WIND IN M.P.H.

PRELIMINARY LOCAL CLIMATOLOGICAL DATA (WS FORM: F-6) , PAGE 2

                                          STATION:  AKRON CO
                                          MONTH:    OCTOBER
                                          YEAR:     2014
                                          LATITUDE:   40 10 N
                                          LONGITUDE: 103 13 W

[TEMPERATURE DATA]      [PRECIPITATION DATA]       SYMBOLS USED IN COLUMN 16

AVERAGE MONTHLY: 54.5   TOTAL FOR MONTH:   0.22    1 = FOG OR MIST
DPTR FM NORMAL:   2.2   DPTR FM NORMAL:   -0.59    2 = FOG REDUCING VISIBILITY
HIGHEST:    82 ON 15    GRTST 24HR  0.21 ON 30- 1      TO 1/4 MILE OR LESS
LOWEST:     34 ON  4, 3                            3 = THUNDER
                        SNOW, ICE PELLETS, HAIL    4 = ICE PELLETS
                        TOTAL MONTH:    M          5 = HAIL
                        GRTST 24HR    M  ON   M    6 = FREEZING RAIN OR DRIZZLE
                        GRTST DEPTH:  M  ON   M    7 = DUSTSTORM OR SANDSTORM:
                                                       VSBY 1/2 MILE OR LESS
                                                   8 = SMOKE OR HAZE
[NO. OF DAYS WITH]      [WEATHER - DAYS WITH]      9 = BLOWING SNOW
                                                   X = TORNADO
MAX 32 OR BELOW:   0    0.01 INCH OR MORE:   2
MAX 90 OR ABOVE:   0    0.10 INCH OR MORE:   1
MIN 32 OR BELOW:   0    0.50 INCH OR MORE:   0
MIN  0 OR BELOW:   0    1.00 INCH OR MORE:   0

[HDD (BASE 65) ]
TOTAL THIS MO.   208    CLEAR  (SCALE 0-3)  14
DPTR FM NORMAL   -53    PTCLDY (SCALE 4-7)   6
TOTAL FM JUL 1   327    CLOUDY (SCALE 8-10)  0
DPTR FM NORMAL   -94

[CDD (BASE 65) ]
TOTAL THIS MO.     0
DPTR FM NORMAL    -1    [PRESSURE DATA]
TOTAL FM JAN 1   694    HIGHEST SLP M ON M
DPTR FM NORMAL   -59    LOWEST  SLP 29.54 ON 12

[REMARKS]
