000
CXUS55 KBOU 280759
CF6AKO
PRELIMINARY LOCAL CLIMATOLOGICAL DATA (WS FORM: F-6)

                                          STATION:   AKRON CO
                                          MONTH:     APRIL
                                          YEAR:      2016
                                          LATITUDE:   40 10 N
                                          LONGITUDE: 103 13 W

  TEMPERATURE IN F:       :PCPN:    SNOW:  WIND      :SUNSHINE: SKY     :PK WND
================================================================================
1   2   3   4   5  6A  6B    7    8   9   10  11  12  13   14  15   16   17  18
                                     12Z  AVG MX 2MIN
DY MAX MIN AVG DEP HDD CDD  WTR  SNW DPTH SPD SPD DIR MIN PSBL S-S WX    SPD DR
================================================================================

 1  47  23  35  -8  30   0 0.00    M    M 17.8 37 330   M    M   5        54 330
 2  65  31  48   5  17   0 0.00    M    M 11.9 22 330   M    M   2        28 330
 3  72  33  53  10  12   0 0.00    M    M 13.1 25 350   M    M   2        32  10
 4  74  39  57  13   8   0 0.00    M    M 10.8 21 210   M    M   3        27 250
 5  66  35  51   7  14   0    T    M    M 17.8 41 330   M    M   3 3      51 340
 6  42  35  39  -5  26   0 0.00    M    M 15.7 21 320   M    M   0         M  M
 7  62  33  48   4  17   0 0.00    M    M 12.7 32 360   M    M   1        38 360
 8  68  33  51   6  14   0 0.00    M    M  7.6 20 360   M    M   0        26 350
 9  77  35  56  11   9   0    T    M    M  9.6 26 310   M    M   2        34 310
10  66  40  53   8  12   0 0.00    M    M 13.2 30  40   M    M   5        35  40
11  56  39  48   3  17   0 0.00    M    M 10.4 21 160   M    M   7 1      26 140
12  73  36  55   9  10   0 0.04    M    M  9.1 28 310   M    M   3 3      38 330
13  74  43  59  13   6   0 0.00    M    M 10.9 21 150   M    M   0        25 140
14  79  49  64  18   1   0 0.00    M    M 18.2 33 150   M    M   1        43 150
15  55  37  46  -1  19   0 0.43    M    M 21.4 35  10   M    M   6 1      40  10
16  38  32  35 -12  30   0 0.79    M    M 25.3 36  10   M    M  10 126    43 360
17  37  31  34 -13  31   0 0.18    M    M 14.8 25 360   M    M  10 16     30 360
18  44  31  38 -10  27   0 0.00    M    M 10.0 17 310   M    M   9        22 350
19  47  30  39  -9  26   0    T    M    M  8.3 15 280   M    M   7        19 240
20  56  35  46  -2  19   0 0.02    M    M  8.1 23  20   M    M   7 13     34  10
21  66  32  49   0  16   0 0.00    M    M  8.8 18 350   M    M   0        25 310
22  78  44  61  12   4   0 0.00    M    M 16.2 23 180   M    M   0        34 170
23  79  44  62  13   3   0 0.00    M    M 15.8 38 270   M    M   0        44 270
24  65  35  50   0  15   0 0.00    M    M 13.2 26 350   M    M   2        33 350
25  70  34  52   2  13   0    T    M    M 14.6 31 130   M    M   1 3      37 140
26  59  34  47  -3  18   0 0.00    M    M 16.7 26 350   M    M   6 12     31 270
27  55  28  42  -9  23   0 0.00    M    M 21.8 38 340   M    M   2        48 340
================================================================================
SM 1670  951       437   0  1.46    M    373.8          M       94
================================================================================
AV 61.9 35.2                              13.8 FASTST   M    M   3    MAX(MPH)
                                 MISC ---->  # 41 330               # 54  330
================================================================================
NOTES:
# LAST OF SEVERAL OCCURRENCES

COLUMN 17 PEAK WIND IN M.P.H.

PRELIMINARY LOCAL CLIMATOLOGICAL DATA (WS FORM: F-6) , PAGE 2

                                          STATION:  AKRON CO
                                          MONTH:    APRIL
                                          YEAR:     2016
                                          LATITUDE:   40 10 N
                                          LONGITUDE: 103 13 W

[TEMPERATURE DATA]      [PRECIPITATION DATA]       SYMBOLS USED IN COLUMN 16

AVERAGE MONTHLY: 48.5   TOTAL FOR MONTH:   1.46    1 = FOG OR MIST
DPTR FM NORMAL:   2.0   DPTR FM NORMAL:    0.03    2 = FOG REDUCING VISIBILITY
HIGHEST:    79 ON 23,14 GRTST 24HR  1.08 ON 15-16      TO 1/4 MILE OR LESS
LOWEST:     23 ON  1                               3 = THUNDER
                        SNOW, ICE PELLETS, HAIL    4 = ICE PELLETS
                        TOTAL MONTH:    M          5 = HAIL
                        GRTST 24HR    M  ON   M    6 = FREEZING RAIN OR DRIZZLE
                        GRTST DEPTH:  M  ON   M    7 = DUSTSTORM OR SANDSTORM:
                                                       VSBY 1/2 MILE OR LESS
                                                   8 = SMOKE OR HAZE
[NO. OF DAYS WITH]      [WEATHER - DAYS WITH]      9 = BLOWING SNOW
                                                   X = TORNADO
MAX 32 OR BELOW:   0    0.01 INCH OR MORE:   5
MAX 90 OR ABOVE:   0    0.10 INCH OR MORE:   3
MIN 32 OR BELOW:   8    0.50 INCH OR MORE:   1
MIN  0 OR BELOW:   0    1.00 INCH OR MORE:   0

[HDD (BASE 65) ]
TOTAL THIS MO.   437    CLEAR  (SCALE 0-3)  16
DPTR FM NORMAL   -62    PTCLDY (SCALE 4-7)   8
TOTAL FM JUL 1  5187    CLOUDY (SCALE 8-10)  3
DPTR FM NORMAL  -763

[CDD (BASE 65) ]
TOTAL THIS MO.     0
DPTR FM NORMAL     0    [PRESSURE DATA]
TOTAL FM JAN 1     0    HIGHEST SLP M ON M
DPTR FM NORMAL     0    LOWEST  SLP 29.35 ON 26

[REMARKS]
