000
CXUS55 KALY 160800
CF6ALB
PRELIMINARY LOCAL CLIMATOLOGICAL DATA (WS FORM: F-6)

                                          STATION:   ALBANY NY
                                          MONTH:     SEPTEMBER
                                          YEAR:      2014
                                          LATITUDE:   42 45 N
                                          LONGITUDE:  73 48 W

  TEMPERATURE IN F:       :PCPN:    SNOW:  WIND      :SUNSHINE: SKY     :PK WND
================================================================================
1   2   3   4   5  6A  6B    7    8   9   10  11  12  13   14  15   16   17  18
                                     12Z  AVG MX 2MIN
DY MAX MIN AVG DEP HDD CDD  WTR  SNW DPTH SPD SPD DIR MIN PSBL S-S WX    SPD DR
================================================================================

 1  88  70  79  12   0  14 0.00    M    M  4.1 10 310   M    M   6 1      14 300
 2  87  70  79  12   0  14 0.15  0.0    0  6.8 22 290   M    M   6 1      26 290
 3  81  59  70   3   0   5 0.00  0.0    0  7.6 17 300   M    M   5        23 300
 4  85  56  71   5   0   6 0.00  0.0    0  5.4 13 170   M    M   2 1      18 200
 5  89  63  76  10   0  11 0.00  0.0    0  8.8 18 160   M    M   2        26 170
 6  88  64  76  10   0  11 0.02  0.0    0  9.6 26 310   M    M   7 18     34 310
 7  77  56  67   2   0   2 0.00  0.0    0  5.8 14 310   M    M   4        19 340
 8  78  52  65   0   0   0 0.00  0.0    0  4.4 14 160   M    M   2        20 170
 9  74  50  62  -3   3   0 0.00  0.0    0  5.4 14 160   M    M   5        17 170
10  77  51  64   0   1   0 0.00  0.0    0  5.5 14 150   M    M   5 1      20 160
11  74  60  67   3   0   2 0.01  0.0    0 16.6 26 310   M    M   9        37 160
12  66  49  58  -6   7   0 0.00  0.0    0  8.1 17 300   M    M   8        21 310
13  59  45  52 -11  13   0 0.46  0.0    0  5.2 14 260   M    M   7 1      20 280
14  62  44  53 -10  12   0 0.00  0.0    0  4.8 12 330   M    M   5        15 330
15  67  41  54  -8  11   0    T  0.0    0  2.1  8 360   M    M   6 12     11  10
================================================================================
SM 1152  830        47  65  0.64     0.0 100.2          M       79
================================================================================
AV 76.8 55.3                               6.7 FASTST   M    M   5    MAX(MPH)
                                 MISC ---->  # 26 310               # 37  160
================================================================================
NOTES:
# LAST OF SEVERAL OCCURRENCES

COLUMN 17 PEAK WIND IN M.P.H.

PRELIMINARY LOCAL CLIMATOLOGICAL DATA (WS FORM: F-6) , PAGE 2

                                          STATION:  ALBANY NY
                                          MONTH:    SEPTEMBER
                                          YEAR:     2014
                                          LATITUDE:   42 45 N
                                          LONGITUDE:  73 48 W

[TEMPERATURE DATA]      [PRECIPITATION DATA]       SYMBOLS USED IN COLUMN 16

AVERAGE MONTHLY: 66.1   TOTAL FOR MONTH:   0.64    1 = FOG OR MIST
DPTR FM NORMAL:   1.1   DPTR FM NORMAL:   -0.89    2 = FOG REDUCING VISIBILITY
HIGHEST:    89 ON  5    GRTST 24HR  0.46 ON 13-13      TO 1/4 MILE OR LESS
LOWEST:     41 ON 15                               3 = THUNDER
                        SNOW, ICE PELLETS, HAIL    4 = ICE PELLETS
                        TOTAL MONTH:   0.0 INCH    5 = HAIL
                        GRTST 24HR     0.0         6 = FREEZING RAIN OR DRIZZLE
                        GRTST DEPTH:   0           7 = DUSTSTORM OR SANDSTORM:
                                                       VSBY 1/2 MILE OR LESS
                                                   8 = SMOKE OR HAZE
[NO. OF DAYS WITH]      [WEATHER - DAYS WITH]      9 = BLOWING SNOW
                                                   X = TORNADO
MAX 32 OR BELOW:   0    0.01 INCH OR MORE:   4
MAX 90 OR ABOVE:   0    0.10 INCH OR MORE:   2
MIN 32 OR BELOW:   0    0.50 INCH OR MORE:   0
MIN  0 OR BELOW:   0    1.00 INCH OR MORE:   0

[HDD (BASE 65) ]
TOTAL THIS MO.    47    CLEAR  (SCALE 0-3)   3
DPTR FM NORMAL     8    PTCLDY (SCALE 4-7)  11
TOTAL FM JUL 1    55    CLOUDY (SCALE 8-10)  1
DPTR FM NORMAL    -7

[CDD (BASE 65) ]
TOTAL THIS MO.    65
DPTR FM NORMAL    26    [PRESSURE DATA]
TOTAL FM JAN 1   632    HIGHEST SLP M ON M
DPTR FM NORMAL    50    LOWEST  SLP 29.72 ON  2

[REMARKS]
