000
CXUS55 KALY 270800
CF6ALB
PRELIMINARY LOCAL CLIMATOLOGICAL DATA (WS FORM: F-6)

                                          STATION:   ALBANY NY
                                          MONTH:     DECEMBER
                                          YEAR:      2014
                                          LATITUDE:   42 45 N
                                          LONGITUDE:  73 48 W

  TEMPERATURE IN F:       :PCPN:    SNOW:  WIND      :SUNSHINE: SKY     :PK WND
================================================================================
1   2   3   4   5  6A  6B    7    8   9   10  11  12  13   14  15   16   17  18
                                     12Z  AVG MX 2MIN
DY MAX MIN AVG DEP HDD CDD  WTR  SNW DPTH SPD SPD DIR MIN PSBL S-S WX    SPD DR
================================================================================

 1  50  32  41   7  24   0 0.01  0.0    0 11.6 24 280   M    M  10        34 280
 2  35  24  30  -4  35   0 0.06  0.1    0  7.0 17 160   M    M   8 14     25 160
 3  44  33  39   6  26   0 0.12  0.0    0 10.4 28 300   M    M   8 1      40 290
 4  38  25  32  -1  33   0 0.00  0.0    0   M  17 280   M    M   6        23 280
 5  33  19  26  -6  39   0 0.19  0.3    0  2.7  8  30   M    M   6 146    10  20
 6  35  31  33   1  32   0 0.73    T    0  3.7 12  10   M    M  10 146    15  20
 7  34  15  25  -7  40   0 0.00  0.0    0 11.5 20  10   M    M   4        24  10
 8  27  12  20 -11  45   0    T    T    0  5.9 14 360   M    M   8 1      19 140
 9  36  26  31   0  34   0 1.60  3.6    0  7.7 17 350   M    M  10 1346   25  10
10  35  29  32   2  33   0 0.92  6.1    3  7.6 14 320   M    M   9 12     19 310
11  32  28  30   0  35   0 0.06  1.6    9  9.4 15 280   M    M  10 18     20 280
12  31  28  30   0  35   0 0.01  0.2    9 10.5 17 280   M    M   9        23 300
13  35  21  28  -1  37   0    T  0.2    9  8.8 21 290   M    M   7        26 300
14  39  35  37   8  28   0    T  0.0    7  9.3 15 290   M    M  10 1      19 290
15  36  33  35   6  30   0 0.00  0.0    4  5.0 12 310   M    M  10        14 310
16  41  32  37   9  28   0 0.21  0.0    4  3.8  9 150   M    M  10 18     13 150
17  42  35  39  11  26   0 0.08  0.0    2  4.2 21 290   M    M  10 1      28 310
18  37  33  35   7  30   0    T    T    1 14.0 24 300   M    M  10        33 300
19  33  27  30   3  35   0 0.00  0.0    1 13.3 23 290   M    M  10        28 300
20  30  23  27   0  38   0 0.00  0.0    1  4.8 12 320   M    M   9        14 320
21  31  27  29   3  36   0    T    T    1  2.9  7 330   M    M  10 1       9 340
22  36  29  33   7  32   0 0.01  0.1    1  2.8  6 350   M    M  10 14      7 340
23  38  33  36  10  29   0 0.56    T    0  1.0  6 360   M    M  10 14      7 350
24  51  37  44  18  21   0 0.19  0.0    0  4.4 13 170   M    M  10 1      17 170
25  58  42  50  25  15   0    T  0.0    0 16.3 31 270   M    M   9 1      40 270
26  47  26  37  12  28   0 0.00  0.0    0  7.8 23 310   M    M   7 1      31 290
================================================================================
SM  984  735       824   0  4.75    12.2 186.4          M      230
================================================================================
AV 37.8 28.3                               7.5 FASTST   M    M   9    MAX(MPH)
                                 MISC ---->  # 31 270               # 40  290
================================================================================
NOTES:
# LAST OF SEVERAL OCCURRENCES

COLUMN 17 PEAK WIND IN M.P.H.

PRELIMINARY LOCAL CLIMATOLOGICAL DATA (WS FORM: F-6) , PAGE 2

                                          STATION:  ALBANY NY
                                          MONTH:    DECEMBER
                                          YEAR:     2014
                                          LATITUDE:   42 45 N
                                          LONGITUDE:  73 48 W

[TEMPERATURE DATA]      [PRECIPITATION DATA]       SYMBOLS USED IN COLUMN 16

AVERAGE MONTHLY: 33.1   TOTAL FOR MONTH:   4.75    1 = FOG OR MIST
DPTR FM NORMAL:   3.8   DPTR FM NORMAL:    2.24    2 = FOG REDUCING VISIBILITY
HIGHEST:    58 ON 25    GRTST 24HR  1.92 ON  9-10      TO 1/4 MILE OR LESS
LOWEST:     12 ON  8                               3 = THUNDER
                        SNOW, ICE PELLETS, HAIL    4 = ICE PELLETS
                        TOTAL MONTH:  12.2 INCHES  5 = HAIL
                        GRTST 24HR   6.1 ON   M    6 = FREEZING RAIN OR DRIZZLE
                        GRTST DEPTH:   9 ON 13,12  7 = DUSTSTORM OR SANDSTORM:
                                                       VSBY 1/2 MILE OR LESS
                                                   8 = SMOKE OR HAZE
[NO. OF DAYS WITH]      [WEATHER - DAYS WITH]      9 = BLOWING SNOW
                                                   X = TORNADO
MAX 32 OR BELOW:   5    0.01 INCH OR MORE:  14
MAX 90 OR ABOVE:   0    0.10 INCH OR MORE:   8
MIN 32 OR BELOW:  18    0.50 INCH OR MORE:   4
MIN  0 OR BELOW:   0    1.00 INCH OR MORE:   1

[HDD (BASE 65) ]
TOTAL THIS MO.   824    CLEAR  (SCALE 0-3)   0
DPTR FM NORMAL  -103    PTCLDY (SCALE 4-7)   6
TOTAL FM JUL 1  2099    CLOUDY (SCALE 8-10) 20
DPTR FM NORMAL  -232

[CDD (BASE 65) ]
TOTAL THIS MO.     0
DPTR FM NORMAL     0    [PRESSURE DATA]
TOTAL FM JAN 1   659    HIGHEST SLP M ON M
DPTR FM NORMAL    61    LOWEST  SLP 29.38 ON 25

[REMARKS]
