000
CXUS55 KALY 280710
CF6ALB
PRELIMINARY LOCAL CLIMATOLOGICAL DATA (WS FORM: F-6)

                                          STATION:   ALBANY NY
                                          MONTH:     AUGUST
                                          YEAR:      2015
                                          LATITUDE:   42 45 N
                                          LONGITUDE:  73 48 W

  TEMPERATURE IN F:       :PCPN:    SNOW:  WIND      :SUNSHINE: SKY     :PK WND
================================================================================
1   2   3   4   5  6A  6B    7    8   9   10  11  12  13   14  15   16   17  18
                                     12Z  AVG MX 2MIN
DY MAX MIN AVG DEP HDD CDD  WTR  SNW DPTH SPD SPD DIR MIN PSBL S-S WX    SPD DR
================================================================================

 1  85  63  74   2   0   9    T  0.0    0  7.0 20 280   M    M   4        26 280
 2  87  56  72   0   0   7 0.00  0.0    0  6.0 14 170   M    M   4        19 190
 3  89  67  78   6   0  13 0.50  0.0    0  8.2 22 160   M    M   7 13     30 160
 4  84  63  74   2   0   9 0.02  0.0    0  5.6 23 290   M    M   6 1      29 270
 5  80  58  69  -3   0   4    T  0.0    0  8.1 21 280   M    M   4        30 290
 6  80  58  69  -3   0   4 0.00  0.0    0  5.7 16 290   M    M   5        20 290
 7  80  56  68  -3   0   3 0.00  0.0    0  4.4 10  70   M    M   4 1      13  10
 8  82  60  71   0   0   6 0.00  0.0    0  6.3 13  20   M    M   6        18  10
 9  85  62  74   3   0   9 0.00  0.0    0  5.7 12 100   M    M   5        14 100
10  85  65  75   4   0  10    T  0.0    0 11.5 26 210   M    M   6        32 210
11  79  67  73   2   0   8 1.84  0.0    0  7.8 21 160   M    M   9 13     26 150
12  82  63  73   2   0   8 0.00  0.0    0  9.5 18 310   M    M   5        24 280
13  80  60  70  -1   0   5    T  0.0    0  3.7 14  50   M    M   5        23 300
14  87  59  73   2   0   8 0.22  0.0    0  6.1 20 290   M    M   5 13     23 290
15  86  66  76   5   0  11 0.41  0.0    0  2.6 30 260   M    M   7 13     43 270
16  88  64  76   6   0  11 0.00  0.0    0  1.9  9 260   M    M   6 12     11 260
17  92  65  79   9   0  14 0.00  0.0    0  1.6  6 210   M    M   5 1       M  M
18  91  70  81  11   0  16 0.00  0.0    0  3.7 13 200   M    M   6 13     17 200
19  89  71  80  10   0  15 0.00  0.0    0 10.3 17 160   M    M   6        26 170
20  90  73  82  12   0  17    T  0.0    0 11.4 22 160   M    M   7        33 150
21  82  63  73   3   0   8 0.86  0.0    0  5.5 22 280   M    M   7 1      29 270
22  82  57  70   0   0   5 0.00  0.0    0  3.5 10  10   M    M   5        14 320
23  85  60  73   4   0   8 0.00  0.0    0  3.8  8  10   M    M   5 1      11  70
24  85  68  77   8   0  12 0.00  0.0    0  5.9 16 160   M    M   6        21 170
25  84  65  75   6   0  10 0.45  0.0    0  5.5 17 310   M    M   8        19 300
26  79  58  69   0   0   4 0.00  0.0    0  6.0 15 280   M    M   5        19 260
27  75  60  68   0   0   3 0.00  0.0    0  8.1 20 280   M    M   7        24 280
================================================================================
SM 2273 1697         0 237  4.30     0.0 165.4          M      155
================================================================================
AV 84.2 62.9                               6.1 FASTST   M    M   6    MAX(MPH)
                                 MISC ---->  # 30 260               # 43  270
================================================================================
NOTES:
# LAST OF SEVERAL OCCURRENCES

COLUMN 17 PEAK WIND IN M.P.H.

PRELIMINARY LOCAL CLIMATOLOGICAL DATA (WS FORM: F-6) , PAGE 2

                                          STATION:  ALBANY NY
                                          MONTH:    AUGUST
                                          YEAR:     2015
                                          LATITUDE:   42 45 N
                                          LONGITUDE:  73 48 W

[TEMPERATURE DATA]      [PRECIPITATION DATA]       SYMBOLS USED IN COLUMN 16

AVERAGE MONTHLY: 73.5   TOTAL FOR MONTH:   4.30    1 = FOG OR MIST
DPTR FM NORMAL:   3.0   DPTR FM NORMAL:    1.22    2 = FOG REDUCING VISIBILITY
HIGHEST:    92 ON 17    GRTST 24HR  1.84 ON 11-11      TO 1/4 MILE OR LESS
LOWEST:     56 ON  7, 2                            3 = THUNDER
                        SNOW, ICE PELLETS, HAIL    4 = ICE PELLETS
                        TOTAL MONTH:   0.0 INCH    5 = HAIL
                        GRTST 24HR     0.0         6 = FREEZING RAIN OR DRIZZLE
                        GRTST DEPTH:   0           7 = DUSTSTORM OR SANDSTORM:
                                                       VSBY 1/2 MILE OR LESS
                                                   8 = SMOKE OR HAZE
[NO. OF DAYS WITH]      [WEATHER - DAYS WITH]      9 = BLOWING SNOW
                                                   X = TORNADO
MAX 32 OR BELOW:   0    0.01 INCH OR MORE:   7
MAX 90 OR ABOVE:   3    0.10 INCH OR MORE:   6
MIN 32 OR BELOW:   0    0.50 INCH OR MORE:   3
MIN  0 OR BELOW:   0    1.00 INCH OR MORE:   1

[HDD (BASE 65) ]
TOTAL THIS MO.     0    CLEAR  (SCALE 0-3)   0
DPTR FM NORMAL   -10    PTCLDY (SCALE 4-7)  26
TOTAL FM JUL 1     1    CLOUDY (SCALE 8-10)  1
DPTR FM NORMAL   -14

[CDD (BASE 65) ]
TOTAL THIS MO.   237
DPTR FM NORMAL    75    [PRESSURE DATA]
TOTAL FM JAN 1   726    HIGHEST SLP M ON M
DPTR FM NORMAL   198    LOWEST  SLP 29.69 ON  3

[REMARKS]
