000
CXUS54 KCRP 201300
CF6ALI
PRELIMINARY LOCAL CLIMATOLOGICAL DATA (WS FORM: F-6)

                                          STATION:   ALICE
                                          MONTH:     APRIL
                                          YEAR:      2014
                                          LATITUDE:   27 44 N
                                          LONGITUDE:  98  1 W

  TEMPERATURE IN F:       :PCPN:    SNOW:  WIND      :SUNSHINE: SKY     :PK WND
================================================================================
1   2   3   4   5  6A  6B    7    8   9   10  11  12  13   14  15   16   17  18
                                     12Z  AVG MX 2MIN
DY MAX MIN AVG DEP HDD CDD  WTR  SNW DPTH SPD SPD DIR MIN PSBL S-S WX    SPD DR
================================================================================

 1  85  67  76   7   0  11 0.00  0.0    0 12.8 23 140   M    M  10 1      29 140
 2  97  70  84  15   0  19 0.00  0.0    0 13.8 29 180   M    M   5 18     38 190
 3  91  70  81  11   0  16 0.00  0.0    0 10.7 18 110   M    M   6 18     22 190
 4  80  63  72   2   0   7 0.03  0.0    0 14.1 33  30   M    M   5 13     41  20
 5  70  62  66  -4   0   1 0.04  0.0    0 11.3 17  70   M    M  10 1      36  90
 6  74  53  64  -6   1   0 0.01  0.0    0  8.2 21  20   M    M   7 12     26  10
 7  83  47  65  -5   0   0 0.20    M    0  7.3 23  50   M    M   1 13     31  20
 8  84  51  68  -3   0   3 0.00  0.0    0  9.3 24 310   M    M   0        31 310
 9  89  49  69  -2   0   4 0.00  0.0    0 10.8 23 140   M    M   0 8      30 130
10  90  60  75   4   0  10    T  0.0    0 15.1 29 140   M    M   0        37 140
11  90  58  74   2   0   9 0.00  0.0    0 12.3 25 140   M    M   0        32 140
12  87  63  75   3   0  10    T  0.0    0 14.0 28 130   M    M   7 1      39 130
13  91  69  80   8   0  15 0.00  0.0    0 13.7 26 180   M    M   7 1      30 170
14  81  56  69  -3   0   4 0.03  0.0    0 13.9 35 350   M    M   8 1      44 340
15  69  44  57 -15   8   0 0.00  0.0    0  7.8 17  20   M    M   0        22  10
16  75  37  56 -17   9   0 0.00  0.0    0  8.5 21 130   M    M   1        28 110
17  77  61  69  -4   0   4 0.10  0.0    0  9.4 18  80   M    M   8 1      23  90
18  83  58  71  -2   0   6 0.00  0.0    0  8.0 18 140   M    M   7 1      23 130
19  83  54  69  -5   0   4 0.00  0.0    0  9.2 20 130   M    M   4 1      29 130
================================================================================
SM 1579 1092        18 123  0.41     0.0 210.2          M       86
================================================================================
AV 83.1 57.5                              11.1 FASTST   M    M   5    MAX(MPH)
                                 MISC ---->    35   M                 44    M
================================================================================
NOTES:
# LAST OF SEVERAL OCCURRENCES

COLUMN 17 PEAK WIND IN M.P.H.

PRELIMINARY LOCAL CLIMATOLOGICAL DATA (WS FORM: F-6) , PAGE 2

                                          STATION:  ALICE
                                          MONTH:    APRIL
                                          YEAR:     2014
                                          LATITUDE:   27 44 N
                                          LONGITUDE:  98  1 W

[TEMPERATURE DATA]      [PRECIPITATION DATA]       SYMBOLS USED IN COLUMN 16

AVERAGE MONTHLY: 70.3   TOTAL FOR MONTH:   0.41    1 = FOG OR MIST
DPTR FM NORMAL:  -1.0   DPTR FM NORMAL:   -0.47    2 = FOG REDUCING VISIBILITY
HIGHEST:    97 ON  2    GRTST 24HR  0.20 ON  7- 7      TO 1/4 MILE OR LESS
LOWEST:     37 ON 16                               3 = THUNDER
                        SNOW, ICE PELLETS, HAIL    4 = ICE PELLETS
                        TOTAL MONTH:   0.0 INCH    5 = HAIL
                        GRTST 24HR     0.0         6 = FREEZING RAIN OR DRIZZLE
                        GRTST DEPTH:   0           7 = DUSTSTORM OR SANDSTORM:
                                                       VSBY 1/2 MILE OR LESS
                                                   8 = SMOKE OR HAZE
[NO. OF DAYS WITH]      [WEATHER - DAYS WITH]      9 = BLOWING SNOW
                                                   X = TORNADO
MAX 32 OR BELOW:   0    0.01 INCH OR MORE:   6
MAX 90 OR ABOVE:   5    0.10 INCH OR MORE:   2
MIN 32 OR BELOW:   0    0.50 INCH OR MORE:   0
MIN  0 OR BELOW:   0    1.00 INCH OR MORE:   0

[HDD (BASE 65) ]
TOTAL THIS MO.    18    CLEAR  (SCALE 0-3)   7
DPTR FM NORMAL     2    PTCLDY (SCALE 4-7)  10
TOTAL FM JUL 1  1212    CLOUDY (SCALE 8-10)  2
DPTR FM NORMAL   313

[CDD (BASE 65) ]
TOTAL THIS MO.   123
DPTR FM NORMAL   -14    [PRESSURE DATA]
TOTAL FM JAN 1   300    HIGHEST SLP M ON M
DPTR FM NORMAL   -49    LOWEST  SLP 29.58 ON 13

[REMARKS]
