000
CXUS53 KDMX 200920
CF6ALO
PRELIMINARY LOCAL CLIMATOLOGICAL DATA (WS FORM: F-6)

                                          STATION:   WATERLOO IA
                                          MONTH:     FEBRUARY
                                          YEAR:      2017
                                          LATITUDE:   42 32 N
                                          LONGITUDE:  92 24 W

  TEMPERATURE IN F:       :PCPN:    SNOW:  WIND      :SUNSHINE: SKY     :PK WND
================================================================================
1   2   3   4   5  6A  6B    7    8   9   10  11  12  13   14  15   16   17  18
                                     12Z  AVG MX 2MIN
DY MAX MIN AVG DEP HDD CDD  WTR  SNW DPTH SPD SPD DIR MIN PSBL S-S WX    SPD DR
================================================================================

 1  34  17  26   6  39   0 0.00  0.0    T 13.4 24 310   M    M   3        30 310
 2  20  13  17  -3  48   0 0.00  0.0    T 11.3 21 320   M    M   3        28 330
 3  25  11  18  -2  47   0 0.00  0.0    T  7.1 15 240   M    M   1        19 260
 4  37  12  25   5  40   0 0.00  0.0    T 14.1 29 170   M    M   2        35 190
 5  33  21  27   7  38   0 0.00  0.0    T  9.6 25 330   M    M   4        33 320
 6  51  19  35  15  30   0 0.00  0.0    0  6.7 12 190   M    M   1 18     16 190
 7  40  20  30   9  35   0 0.00  0.0    0 12.7 26 330   M    M  10 1238   35 310
 8  20  13  17  -4  48   0 0.01  0.2    T 14.8 23 350   M    M   6 1      27 350
 9  24   8  16  -5  49   0 0.00  0.0    T 10.2 21 310   M    M   1        26 310
10  51  18  35  13  30   0 0.00  0.0    T 11.3 22 170   M    M   1 1      28 160
11  45  30  38  16  27   0 0.00  0.0    0  4.5 15  10   M    M   4 1      19  10
12  41  23  32  10  33   0 0.02  0.0    0 12.6 30 310   M    M   2 1      38 320
13  49  21  35  13  30   0 0.00  0.0    0 11.0 26 220   M    M   0 1      33 220
14  45  30  38  15  27   0 0.00  0.0    0 14.3 25 310   M    M   0        32 320
15  37  23  30   7  35   0 0.00  0.0    0  9.3 21 350   M    M   0        26 360
16  49  24  37  13  28   0 0.00  0.0    0  8.0 17 150   M    M   0        23 150
17  69  27  48  24  17   0 0.00  0.0    0  8.4 18 190   M    M   0        22 210
18  60  28  44  20  21   0 0.00  0.0    0  4.1  9 320   M    M   1 12     12 330
19  67  25  46  21  19   0 0.00  0.0    0  6.4 17 150   M    M   4 12     22 150
================================================================================
SM  797  383       641   0  0.03     0.2 189.8          M       43
================================================================================
AV 42.0 20.2                              10.0 FASTST   M    M   2    MAX(MPH)
                                 MISC ---->  # 30 310               # 38  320
================================================================================
NOTES:
# LAST OF SEVERAL OCCURRENCES

COLUMN 17 PEAK WIND IN M.P.H.

PRELIMINARY LOCAL CLIMATOLOGICAL DATA (WS FORM: F-6) , PAGE 2

                                          STATION:  WATERLOO IA
                                          MONTH:    FEBRUARY
                                          YEAR:     2017
                                          LATITUDE:   42 32 N
                                          LONGITUDE:  92 24 W

[TEMPERATURE DATA]      [PRECIPITATION DATA]       SYMBOLS USED IN COLUMN 16

AVERAGE MONTHLY: 31.1   TOTAL FOR MONTH:   0.03    1 = FOG OR MIST
DPTR FM NORMAL:   9.3   DPTR FM NORMAL:   -0.58    2 = FOG REDUCING VISIBILITY
HIGHEST:    69 ON 17    GRTST 24HR  0.02 ON 12-12      TO 1/4 MILE OR LESS
LOWEST:      8 ON  9                               3 = THUNDER
                        SNOW, ICE PELLETS, HAIL    4 = ICE PELLETS
                        TOTAL MONTH:   0.2 INCH    5 = HAIL
                        GRTST 24HR   0.2 ON   M    6 = FREEZING RAIN OR DRIZZLE
                        GRTST DEPTH:   0           7 = DUSTSTORM OR SANDSTORM:
                                                       VSBY 1/2 MILE OR LESS
                                                   8 = SMOKE OR HAZE
[NO. OF DAYS WITH]      [WEATHER - DAYS WITH]      9 = BLOWING SNOW
                                                   X = TORNADO
MAX 32 OR BELOW:   4    0.01 INCH OR MORE:   2
MAX 90 OR ABOVE:   0    0.10 INCH OR MORE:   0
MIN 32 OR BELOW:  19    0.50 INCH OR MORE:   0
MIN  0 OR BELOW:   0    1.00 INCH OR MORE:   0

[HDD (BASE 65) ]
TOTAL THIS MO.   641    CLEAR  (SCALE 0-3)  14
DPTR FM NORMAL  -179    PTCLDY (SCALE 4-7)   4
TOTAL FM JUL 1  4230    CLOUDY (SCALE 8-10)  1
DPTR FM NORMAL  -844

[CDD (BASE 65) ]
TOTAL THIS MO.     0
DPTR FM NORMAL     0    [PRESSURE DATA]
TOTAL FM JAN 1     0    HIGHEST SLP M ON M
DPTR FM NORMAL     0    LOWEST  SLP 29.43 ON  7

[REMARKS]
