000
CXUS53 KDMX 280920
CF6ALO
PRELIMINARY LOCAL CLIMATOLOGICAL DATA (WS FORM: F-6)

                                          STATION:   WATERLOO IA
                                          MONTH:     MAY
                                          YEAR:      2017
                                          LATITUDE:   42 32 N
                                          LONGITUDE:  92 24 W

  TEMPERATURE IN F:       :PCPN:    SNOW:  WIND      :SUNSHINE: SKY     :PK WND
================================================================================
1   2   3   4   5  6A  6B    7    8   9   10  11  12  13   14  15   16   17  18
                                     12Z  AVG MX 2MIN
DY MAX MIN AVG DEP HDD CDD  WTR  SNW DPTH SPD SPD DIR MIN PSBL S-S WX    SPD DR
================================================================================

 1  49  39  44 -11  21   0 0.32  0.0    0 12.7 24 270   M    M  10 1      32 260
 2  62  38  50  -6  15   0 0.00  0.0    0 13.6 30 330   M    M   5        38 310
 3  61  30  46 -10  19   0 0.00  0.0    0  4.3 13 130   M    M   0        21 130
 4  70  32  51  -5  14   0 0.00  0.0    0  9.4 23  10   M    M   1        30 360
 5  74  38  56  -1   9   0 0.00  0.0    0  7.8 21 350   M    M   0        27 350
 6  69  44  57   0   8   0 0.00  0.0    0 10.4 26  30   M    M   0        34  30
 7  71  38  55  -3  10   0 0.00  0.0    0  4.5 12  80   M    M   1        14 110
 8  75  45  60   2   5   0    T  0.0    0 11.7 21 100   M    M   2 38     25 140
 9  74  47  61   3   4   0 0.00  0.0    0  6.8 16  70   M    M   3 1      21 110
10  62  54  58   0   7   0 0.63  0.0    0  8.1 20  70   M    M   9 138    23  80
11  71  45  58  -1   7   0 0.00  0.0    0  6.8 16 330   M    M   3 12     21 330
12  74  44  59   0   6   0 0.00  0.0    0  6.0 17  10   M    M   0        25  30
13  83  52  68   8   0   3 0.00  0.0    0 10.0 18 250   M    M   1        26 320
14  83  52  68   8   0   3 0.00  0.0    0 10.0 18 200   M    M   1        24 220
15  87  60  74  14   0   9    T  0.0    0 11.7 26 340   M    M   3 3      34 340
16  88  63  76  15   0  11    T  0.0    0 14.7 31 200   M    M   1 3      39 210
17  80  57  69   8   0   4 1.48  0.0    0 14.3 56 190   M    M   5 138    70 190
18  62  49  56  -5   9   0    T  0.0    0 12.5 21 240   M    M  10 1      28 250
19  50  43  47 -15  18   0 0.41  0.0    0 15.1 22  50   M    M   9 1      27  90
20  58  44  51 -11  14   0 0.40  0.0    0 12.8 26  90   M    M  10 1      35  90
21  53  45  49 -13  16   0 0.00  0.0    0 14.3 25 260   M    M   9 1      33 260
22  72  40  56  -6   9   0 0.06  0.0    0  8.3 30 250   M    M   5 13     39 260
23  60  48  54  -9  11   0 0.12  0.0    0  8.6 17 290   M    M   7 1      22 280
24  62  43  53 -10  12   0 0.02  0.0    0  8.9 16  20   M    M   8 18     22  10
25  73  38  56  -8   9   0 0.00  0.0    0  3.1 15 100   M    M   1 12     20 100
26  73  52  63  -1   2   0    T  0.0    0  6.4 14 140   M    M   4 1      18 150
27  74  50  62  -2   3   0 0.08  0.0    0  3.6 14 340   M    M   8 128    17 330
================================================================================
SM 1870 1230       228  30  3.52     0.0 256.4          M      116
================================================================================
AV 69.3 45.6                               9.5 FASTST   M    M   4    MAX(MPH)
                                 MISC ---->  # 56 190               # 70  190
================================================================================
NOTES:
# LAST OF SEVERAL OCCURRENCES

COLUMN 17 PEAK WIND IN M.P.H.

PRELIMINARY LOCAL CLIMATOLOGICAL DATA (WS FORM: F-6) , PAGE 2

                                          STATION:  WATERLOO IA
                                          MONTH:    MAY
                                          YEAR:     2017
                                          LATITUDE:   42 32 N
                                          LONGITUDE:  92 24 W

[TEMPERATURE DATA]      [PRECIPITATION DATA]       SYMBOLS USED IN COLUMN 16

AVERAGE MONTHLY: 57.4   TOTAL FOR MONTH:   3.52    1 = FOG OR MIST
DPTR FM NORMAL:  -2.4   DPTR FM NORMAL:   -0.39    2 = FOG REDUCING VISIBILITY
HIGHEST:    88 ON 16    GRTST 24HR  1.48 ON 17-17      TO 1/4 MILE OR LESS
LOWEST:     30 ON  3                               3 = THUNDER
                        SNOW, ICE PELLETS, HAIL    4 = ICE PELLETS
                        TOTAL MONTH:   0.0 INCH    5 = HAIL
                        GRTST 24HR     0.0         6 = FREEZING RAIN OR DRIZZLE
                        GRTST DEPTH:   0           7 = DUSTSTORM OR SANDSTORM:
                                                       VSBY 1/2 MILE OR LESS
                                                   8 = SMOKE OR HAZE
[NO. OF DAYS WITH]      [WEATHER - DAYS WITH]      9 = BLOWING SNOW
                                                   X = TORNADO
MAX 32 OR BELOW:   0    0.01 INCH OR MORE:   9
MAX 90 OR ABOVE:   0    0.10 INCH OR MORE:   6
MIN 32 OR BELOW:   2    0.50 INCH OR MORE:   2
MIN  0 OR BELOW:   0    1.00 INCH OR MORE:   1

[HDD (BASE 65) ]
TOTAL THIS MO.   228    CLEAR  (SCALE 0-3)  14
DPTR FM NORMAL    52    PTCLDY (SCALE 4-7)   6
TOTAL FM JUL 1  6019    CLOUDY (SCALE 8-10)  7
DPTR FM NORMAL  -973

[CDD (BASE 65) ]
TOTAL THIS MO.    30
DPTR FM NORMAL    -8    [PRESSURE DATA]
TOTAL FM JAN 1    36    HIGHEST SLP M ON M
DPTR FM NORMAL   -10    LOWEST  SLP 29.31 ON 17

[REMARKS]
