000
CXUS53 KDMX 270920
CF6ALO
PRELIMINARY LOCAL CLIMATOLOGICAL DATA (WS FORM: F-6)

                                          STATION:   WATERLOO IA
                                          MONTH:     AUGUST
                                          YEAR:      2016
                                          LATITUDE:   42 32 N
                                          LONGITUDE:  92 24 W

  TEMPERATURE IN F:       :PCPN:    SNOW:  WIND      :SUNSHINE: SKY     :PK WND
================================================================================
1   2   3   4   5  6A  6B    7    8   9   10  11  12  13   14  15   16   17  18
                                     12Z  AVG MX 2MIN
DY MAX MIN AVG DEP HDD CDD  WTR  SNW DPTH SPD SPD DIR MIN PSBL S-S WX    SPD DR
================================================================================

 1  82  67  75   2   0  10 0.00  0.0    0  8.1 20 140   M    M   4 1      26 130
 2  84  67  76   3   0  11 0.00  0.0    0  4.2 13 190   M    M   3 1      16 190
 3  88  65  77   5   0  12 0.00  0.0    0  4.3 12 190   M    M   3 12     14 190
 4  89  70  80   8   0  15 1.59  0.0    0 10.3 37 330   M    M   3 123    46 330
 5  79  62  71  -1   0   6 0.00  0.0    0  7.9 18 330   M    M   1 8      22 350
 6  80  58  69  -3   0   4 0.00  0.0    0  3.2 13 350   M    M   1 1      16 360
 7  80  57  69  -3   0   4 0.00  0.0    0  2.9 10  20   M    M   0 12     12  20
 8  82  60  71  -1   0   6 0.00  0.0    0  5.8 15 150   M    M   7        19 120
 9  85  63  74   2   0   9 0.00  0.0    0  5.3 12 170   M    M   2 1      16 170
10  90  66  78   6   0  13 0.00  0.0    0  9.0 18 160   M    M   1 18     22 150
11  87  71  79   7   0  14 1.44  0.0    0  9.9 28 180   M    M   5 13     34 180
12  77  67  72   0   0   7 0.11  0.0    0  6.9 20 320   M    M   8 18     25 110
13  82  64  73   1   0   8 0.00  0.0    0  8.3 17 340   M    M   4        21 320
14  84  60  72   0   0   7 0.00  0.0    0  2.8 12 350   M    M   1 1      14 350
15  82  59  71  -1   0   6 0.00  0.0    0  2.4 10 100   M    M   2 1      17  90
16  85  62  74   3   0   9 0.00  0.0    0  5.6 16 190   M    M   3 12     19 180
17  85  68  77   6   0  12 0.21  0.0    0  3.6 13 290   M    M   2 13     22 280
18  89  64  77   6   0  12 0.00  0.0    0  7.1 20  20   M    M   3 12     28  20
19  81  65  73   2   0   8 1.45  0.0    0  7.8 20 290   M    M   4 13     27 290
20  73  58  66  -5   0   1 0.06  0.0    0 10.5 25 330   M    M   5 1      30 330
21  74  54  64  -7   1   0 0.00  0.0    0  6.6 17 320   M    M   1        25 340
22  81  55  68  -3   0   3 0.00  0.0    0 12.0 22 180   M    M   0        29 170
23  82  63  73   3   0   8 0.00  0.0    0 14.5 24 160   M    M   3        32 160
24  81  65  73   3   0   8 0.00  0.0    0  8.3 18 170   M    M   5 3      24 170
25  78  60  69  -1   0   4 0.00  0.0    0  3.5  9 340   M    M   1        15 330
26  71  55  63  -7   2   0 0.32  0.0    0  4.6 13  20   M    M   5 1      14  30
================================================================================
SM 2131 1625         3 197  5.18     0.0 175.4          M       77
================================================================================
AV 82.0 62.5                               6.7 FASTST   M    M   3    MAX(MPH)
                                 MISC ---->  # 37 330               # 46  330
================================================================================
NOTES:
# LAST OF SEVERAL OCCURRENCES

COLUMN 17 PEAK WIND IN M.P.H.

PRELIMINARY LOCAL CLIMATOLOGICAL DATA (WS FORM: F-6) , PAGE 2

                                          STATION:  WATERLOO IA
                                          MONTH:    AUGUST
                                          YEAR:     2016
                                          LATITUDE:   42 32 N
                                          LONGITUDE:  92 24 W

[TEMPERATURE DATA]      [PRECIPITATION DATA]       SYMBOLS USED IN COLUMN 16

AVERAGE MONTHLY: 72.2   TOTAL FOR MONTH:   5.18    1 = FOG OR MIST
DPTR FM NORMAL:   0.7   DPTR FM NORMAL:    1.53    2 = FOG REDUCING VISIBILITY
HIGHEST:    90 ON 10    GRTST 24HR  1.59 ON  4- 4      TO 1/4 MILE OR LESS
LOWEST:     54 ON 21                               3 = THUNDER
                        SNOW, ICE PELLETS, HAIL    4 = ICE PELLETS
                        TOTAL MONTH:   0.0 INCH    5 = HAIL
                        GRTST 24HR     0.0         6 = FREEZING RAIN OR DRIZZLE
                        GRTST DEPTH:   0           7 = DUSTSTORM OR SANDSTORM:
                                                       VSBY 1/2 MILE OR LESS
                                                   8 = SMOKE OR HAZE
[NO. OF DAYS WITH]      [WEATHER - DAYS WITH]      9 = BLOWING SNOW
                                                   X = TORNADO
MAX 32 OR BELOW:   0    0.01 INCH OR MORE:   7
MAX 90 OR ABOVE:   1    0.10 INCH OR MORE:   6
MIN 32 OR BELOW:   0    0.50 INCH OR MORE:   3
MIN  0 OR BELOW:   0    1.00 INCH OR MORE:   3

[HDD (BASE 65) ]
TOTAL THIS MO.     3    CLEAR  (SCALE 0-3)  14
DPTR FM NORMAL    -6    PTCLDY (SCALE 4-7)  12
TOTAL FM JUL 1     5    CLOUDY (SCALE 8-10)  0
DPTR FM NORMAL    -8

[CDD (BASE 65) ]
TOTAL THIS MO.   197
DPTR FM NORMAL    15    [PRESSURE DATA]
TOTAL FM JAN 1   727    HIGHEST SLP M ON M
DPTR FM NORMAL    41    LOWEST  SLP 29.70 ON 20

[REMARKS]
