000
CXUS55 KPUB 301059
CF6ALS
PRELIMINARY LOCAL CLIMATOLOGICAL DATA (WS FORM: F-6)

                                          STATION:   ALAMOSA CO
                                          MONTH:     JULY
                                          YEAR:      2015
                                          LATITUDE:   37 27 N
                                          LONGITUDE: 105 52 W

  TEMPERATURE IN F:       :PCPN:    SNOW:  WIND      :SUNSHINE: SKY     :PK WND
================================================================================
1   2   3   4   5  6A  6B    7    8   9   10  11  12  13   14  15   16   17  18
                                     12Z  AVG MX 2MIN
DY MAX MIN AVG DEP HDD CDD  WTR  SNW DPTH SPD SPD DIR MIN PSBL S-S WX    SPD DR
================================================================================

 1  87  56  72   9   0   7 0.09  0.0    0  6.3 30  10   M    M   2 3      38  30
 2  79  54  67   3   0   2 0.02  0.0    0  4.4 25  20   M    M   1 3      33  30
 3  79  45  62  -2   3   0    T  0.0    0  5.3 20 360   M    M   3 123    25  10
 4  83  48  66   2   0   1 0.00  0.0    0  6.9 23 100   M    M   1        31  90
 5  82  48  65   1   0   0 0.01  0.0    0  6.7 29 360   M    M   3        34 360
 6  76  54  65   1   0   0 0.38  0.0    0  7.8 25 350   M    M   4 13     33 360
 7  68  49  59  -5   6   0 0.03  0.0    0  6.0 20  50   M    M   7 1      24  50
 8  72  48  60  -4   5   0    T  0.0    0  4.7 16 360   M    M   5        21 360
 9  73  43  58  -6   7   0    T  0.0    0  6.9 30 250   M    M   4 123    34 240
10  79  43  61  -4   4   0 0.00  0.0    0  7.7 20 250   M    M   1        26 220
11  82  43  63  -2   2   0 0.00  0.0    0  6.9 22 220   M    M   1        28 200
12  84  49  67   2   0   2 0.00  0.0    0  7.6 21 270   M    M   1        26 270
13  79  50  65   0   0   0    T  0.0    0  5.8 21 290   M    M   2 3      26 290
14  77  49  63  -2   2   0 0.02  0.0    0  7.4 32 310   M    M   7 3      41 300
15  77  47  62  -3   3   0 0.06  0.0    0  7.1 32 280   M    M   4        39 300
16  81  44  63  -2   2   0 0.00  0.0    0  6.3 26 320   M    M   1        33 330
17  80  42  61  -4   4   0 0.18  0.0    0  4.8 23 360   M    M   2 3      30  10
18  80  47  64  -1   1   0 0.07  0.0    0  6.0 29 350   M    M   3 1      34 360
19  78  53  66   1   0   1 0.11  0.0    0  5.3 16  10   M    M   5 13     19  20
20  76  50  63  -2   2   0 0.17  0.0    0  6.4 24 140   M    M   8 3      29 150
21  81  50  66   1   0   1 0.00  0.0    0  5.8 23 240   M    M   4 12     31 220
22  82  43  63  -2   2   0 0.00  0.0    0  4.5 12 130   M    M   0 8      16 140
23  84  44  64  -1   1   0 0.00  0.0    0  6.0 20 190   M    M   0        24 190
24  86  46  66   1   0   1 0.03  0.0    0  5.8 23 340   M    M   4 3      27 340
25  85  48  67   2   0   2 0.00  0.0    0  5.7 22 310   M    M   1 1      29 310
26  84  49  67   2   0   2 0.00  0.0    0  7.4 32 170   M    M   1 3      43 170
27  84  49  67   2   0   2    T  0.0    0  8.1 23 250   M    M   2        28 260
28  86  44  65   0   0   0 0.00  0.0    0  7.2 18 130   M    M   1        22 260
29  80  53  67   2   0   2    T  0.0    0  8.4 24 160   M    M   1        29 160
================================================================================
SM 2324 1388        44  23  1.17     0.0 185.2          M       79
================================================================================
AV 80.1 47.9                               6.4 FASTST   M    M   3    MAX(MPH)
                                 MISC ---->  # 32 310               # 43  170
================================================================================
NOTES:
# LAST OF SEVERAL OCCURRENCES

COLUMN 17 PEAK WIND IN M.P.H.

PRELIMINARY LOCAL CLIMATOLOGICAL DATA (WS FORM: F-6) , PAGE 2

                                          STATION:  ALAMOSA CO
                                          MONTH:    JULY
                                          YEAR:     2015
                                          LATITUDE:   37 27 N
                                          LONGITUDE: 105 52 W

[TEMPERATURE DATA]      [PRECIPITATION DATA]       SYMBOLS USED IN COLUMN 16

AVERAGE MONTHLY: 64.0   TOTAL FOR MONTH:   1.17    1 = FOG OR MIST
DPTR FM NORMAL:  -0.7   DPTR FM NORMAL:    0.27    2 = FOG REDUCING VISIBILITY
HIGHEST:    87 ON  1    GRTST 24HR  0.41 ON  6- 7      TO 1/4 MILE OR LESS
LOWEST:     42 ON 17                               3 = THUNDER
                        SNOW, ICE PELLETS, HAIL    4 = ICE PELLETS
                        TOTAL MONTH:   0.0 INCH    5 = HAIL
                        GRTST 24HR     0.0         6 = FREEZING RAIN OR DRIZZLE
                        GRTST DEPTH:   0           7 = DUSTSTORM OR SANDSTORM:
                                                       VSBY 1/2 MILE OR LESS
                                                   8 = SMOKE OR HAZE
[NO. OF DAYS WITH]      [WEATHER - DAYS WITH]      9 = BLOWING SNOW
                                                   X = TORNADO
MAX 32 OR BELOW:   0    0.01 INCH OR MORE:  12
MAX 90 OR ABOVE:   0    0.10 INCH OR MORE:   4
MIN 32 OR BELOW:   0    0.50 INCH OR MORE:   0
MIN  0 OR BELOW:   0    1.00 INCH OR MORE:   0

[HDD (BASE 65) ]
TOTAL THIS MO.    44    CLEAR  (SCALE 0-3)  17
DPTR FM NORMAL     6    PTCLDY (SCALE 4-7)  12
TOTAL FM JUL 1    44    CLOUDY (SCALE 8-10)  0
DPTR FM NORMAL     6

[CDD (BASE 65) ]
TOTAL THIS MO.    23
DPTR FM NORMAL    -6    [PRESSURE DATA]
TOTAL FM JAN 1    47    HIGHEST SLP M ON M
DPTR FM NORMAL    12    LOWEST  SLP 29.81 ON 27

[REMARKS]
