000
CXUS55 KPUB 301059
CF6ALS
PRELIMINARY LOCAL CLIMATOLOGICAL DATA (WS FORM: F-6)

                                          STATION:   ALAMOSA CO
                                          MONTH:     APRIL
                                          YEAR:      2017
                                          LATITUDE:   37 27 N
                                          LONGITUDE: 105 52 W

  TEMPERATURE IN F:       :PCPN:    SNOW:  WIND      :SUNSHINE: SKY     :PK WND
================================================================================
1   2   3   4   5  6A  6B    7    8   9   10  11  12  13   14  15   16   17  18
                                     12Z  AVG MX 2MIN
DY MAX MIN AVG DEP HDD CDD  WTR  SNW DPTH SPD SPD DIR MIN PSBL S-S WX    SPD DR
================================================================================

 1  48  29  39   1  26   0 0.01  0.3    1  9.0 18 180   M    M   6 1      23 110
 2  56  26  41   3  24   0    T  0.0    0  5.6 15  20   M    M   6 1      20  10
 3  48  26  37  -1  28   0 0.29  2.6    0  6.4 24 330   M    M   5 18     32 260
 4  41  28  35  -4  30   0 0.05  0.3    3 10.6 33 100   M    M  10 1      47  90
 5  48  17  33  -6  32   0 0.00  0.0    0  3.8 15 310   M    M   0        23 320
 6  60  21  41   2  24   0 0.00  0.0    0  3.2 12 310   M    M   0        14 310
 7  70  28  49  10  16   0 0.00  0.0    0  8.3 25 250   M    M   0        33 280
 8  66  40  53  13  12   0 0.00  0.0    0 14.1 37 230   M    M   0        45 230
 9  57  31  44   4  21   0 0.00  0.0    0 17.4 35 260   M    M   1        46 250
10  58  16  37  -3  28   0 0.00  0.0    0  8.2 25 240   M    M   0        33 260
11  65  22  44   4  21   0 0.00  0.0    0  8.7 23 230   M    M   0        30 220
12  70  27  49   8  16   0 0.00  0.0    0  7.2 18 130   M    M   0        24 130
13  72  30  51  10  14   0 0.00  0.0    0  9.0 23 210   M    M   0        31 220
14  70  33  52  11  13   0 0.00  0.0    0 11.3 26 230   M    M   0        34 230
15  69  27  48   6  17   0 0.00  0.0    0  7.6 24 260   M    M   0        30 250
16  71  24  48   6  17   0 0.00  0.0    0  6.6 22 190   M    M   0        27 190
17  73  24  49   7  16   0 0.00  0.0    0  8.3 25 240   M    M   0        33 230
18  74  28  51   9  14   0 0.00  0.0    0  8.8 24 240   M    M   0        31 180
19  72  36  54  11  11   0 0.00  0.0    0 11.9 26 270   M    M   0        33 270
20  65  28  47   4  18   0 0.01  0.0    0 10.7 38 270   M    M   3 8      53 240
21  59  30  45   2  20   0 0.00  0.0    0 11.5 23 340   M    M   3        31 360
22  58  21  40  -4  25   0 0.00  0.0    0  6.9 20 100   M    M   1        24 110
23  72  22  47   3  18   0 0.00  0.0    0  8.7 29 220   M    M   0        35 240
24  67  39  53   9  12   0 0.00  0.0    0 14.0 36 250   M    M   1        45 240
25  51  32  42  -3  23   0 0.15  0.5    0  9.7 28 330   M    M   6 13     36 330
26  53  25  39  -6  26   0 0.00  0.0    0  7.7 24 260   M    M   4        33 270
27  54  27  41  -4  24   0 0.01    T    0 12.3 37 270   M    M   5        47 280
28  50  21  36 -10  29   0 0.02  0.1    0  8.7 28 200   M    M   5        36 200
29  37  24  31 -15  34   0 0.09  1.1    0 12.6 32  40   M    M   9 128    46  30
================================================================================
SM 1754  782       609   0  0.63     4.9 268.8          M       65
================================================================================
AV 60.5 27.0                               9.3 FASTST   M    M   2    MAX(MPH)
                                 MISC ---->  # 38 270               # 53  240
================================================================================
NOTES:
# LAST OF SEVERAL OCCURRENCES

COLUMN 17 PEAK WIND IN M.P.H.

PRELIMINARY LOCAL CLIMATOLOGICAL DATA (WS FORM: F-6) , PAGE 2

                                          STATION:  ALAMOSA CO
                                          MONTH:    APRIL
                                          YEAR:     2017
                                          LATITUDE:   37 27 N
                                          LONGITUDE: 105 52 W

[TEMPERATURE DATA]      [PRECIPITATION DATA]       SYMBOLS USED IN COLUMN 16

AVERAGE MONTHLY: 43.7   TOTAL FOR MONTH:   0.63    1 = FOG OR MIST
DPTR FM NORMAL:   2.0   DPTR FM NORMAL:    0.06    2 = FOG REDUCING VISIBILITY
HIGHEST:    74 ON 18    GRTST 24HR  0.34 ON  3- 4      TO 1/4 MILE OR LESS
LOWEST:     16 ON 10                               3 = THUNDER
                        SNOW, ICE PELLETS, HAIL    4 = ICE PELLETS
                        TOTAL MONTH:   4.9 INCHES  5 = HAIL
                        GRTST 24HR   2.6 ON   M    6 = FREEZING RAIN OR DRIZZLE
                        GRTST DEPTH:   3 ON  4     7 = DUSTSTORM OR SANDSTORM:
                                                       VSBY 1/2 MILE OR LESS
                                                   8 = SMOKE OR HAZE
[NO. OF DAYS WITH]      [WEATHER - DAYS WITH]      9 = BLOWING SNOW
                                                   X = TORNADO
MAX 32 OR BELOW:   0    0.01 INCH OR MORE:   8
MAX 90 OR ABOVE:   0    0.10 INCH OR MORE:   2
MIN 32 OR BELOW:  25    0.50 INCH OR MORE:   0
MIN  0 OR BELOW:   0    1.00 INCH OR MORE:   0

[HDD (BASE 65) ]
TOTAL THIS MO.   609    CLEAR  (SCALE 0-3)  20
DPTR FM NORMAL   -67    PTCLDY (SCALE 4-7)   7
TOTAL FM JUL 1  7137    CLOUDY (SCALE 8-10)  2
DPTR FM NORMAL  -845

[CDD (BASE 65) ]
TOTAL THIS MO.     0
DPTR FM NORMAL     0    [PRESSURE DATA]
TOTAL FM JAN 1     0    HIGHEST SLP M ON M
DPTR FM NORMAL     0    LOWEST  SLP 29.38 ON 25

[REMARKS]
