000
CXUS56 KPDT 290532
CF6ALW
PRELIMINARY LOCAL CLIMATOLOGICAL DATA (WS FORM: F-6)

                                          STATION:   WALLA WALLA WA
                                          MONTH:     SEPTEMBER
                                          YEAR:      2016
                                          LATITUDE:   46  5 N
                                          LONGITUDE: 118 17 W

  TEMPERATURE IN F:       :PCPN:    SNOW:  WIND      :SUNSHINE: SKY     :PK WND
================================================================================
1   2   3   4   5  6A  6B    7    8   9   10  11  12  13   14  15   16   17  18
                                     12Z  AVG MX 2MIN
DY MAX MIN AVG DEP HDD CDD  WTR  SNW DPTH SPD SPD DIR MIN PSBL S-S WX    SPD DR
================================================================================

 1  77  59  68  -2   0   3    T  0.0    0 11.6 20 280   M    M   4        27 240
 2  74  56  65  -5   0   0    T  0.0    0 10.5 21 260   M    M   5        27 270
 3  73  51  62  -8   3   0 0.00  0.0    0  7.1 15 250   M    M   3        22 200
 4  73  50  62  -7   3   0 0.00  0.0    0  7.1 16 200   M    M   3        19 200
 5  75  53  64  -5   1   0 0.00  0.0    0  8.8 17 230   M    M   0        24 230
 6  64  55  60  -9   5   0 0.17  0.0    0  7.5 16 200   M    M   6        21 200
 7  76  57  67  -1   0   2 0.00  0.0    0  9.8 18 240   M    M   6        23 240
 8  77  55  66  -2   0   1    T  0.0    0 10.6 17 260   M    M   2        25 220
 9  79  47  63  -5   2   0 0.00  0.0    0  5.1 13 170   M    M   0        14 180
10  87  51  69   2   0   4 0.00  0.0    0  7.3 16 200   M    M   0        20 200
11  76  47  62  -5   3   0 0.00  0.0    0  7.6 14 330   M    M   3        19 220
12  74  42  58  -9   7   0 0.00  0.0    0  9.1 24  10   M    M   0        30  30
13  71  42  57  -9   8   0 0.00  0.0    0  5.3 10 110   M    M   0        15 240
14  77  46  62  -4   3   0 0.00  0.0    0  6.4 14 110   M    M   0        17 270
15  82  52  67   1   0   2 0.00  0.0    0  5.8 13 230   M    M   0        18 230
16  86  54  70   5   0   5 0.00  0.0    0  6.5 15 180   M    M   0        20 190
17  72  60  66   1   0   1 0.36  0.0    0 13.1 25 180   M    M   9 1      31 170
18  72  57  65   1   0   0 0.01  0.0    0 10.5 22 180   M    M   6        26 170
19  67  56  62  -2   3   0 0.00  0.0    0  9.1 17 230   M    M   4        21 260
20  68  51  60  -4   5   0 0.00  0.0    0  6.0 10 110   M    M   0        14 180
21  65  47  56  -7   9   0 0.00  0.0    0  4.3  9 110   M    M   0 8      12 230
22  59  49  54  -9  11   0 0.05  0.0    0  9.2 20 190   M    M   8        23 200
23  65  50  58  -5   7   0    T  0.0    0 12.3 22 260   M    M   6        29 220
24  69  52  61  -1   4   0 0.00  0.0    0  8.8 17 220   M    M   3        23 220
25  83  51  67   5   0   2 0.00  0.0    0  4.7  9  80   M    M   1        13 220
26  85  52  69   7   0   4 0.00  0.0    0  5.2  9 130   M    M   0        12 280
27  83  60  72  11   0   7 0.00  0.0    0  6.0 12 230   M    M   0 18     14 200
================================================================================
SM 2009 1402        74  31  0.59     0.0 215.3          M       69
================================================================================
AV 74.4 51.9                               8.0 FASTST   M    M   3    MAX(MPH)
                                 MISC ---->  # 25 180               # 31  170
================================================================================
NOTES:
# LAST OF SEVERAL OCCURRENCES

COLUMN 17 PEAK WIND IN M.P.H.

PRELIMINARY LOCAL CLIMATOLOGICAL DATA (WS FORM: F-6) , PAGE 2

                                          STATION:  WALLA WALLA WA
                                          MONTH:    SEPTEMBER
                                          YEAR:     2016
                                          LATITUDE:   46  5 N
                                          LONGITUDE: 118 17 W

[TEMPERATURE DATA]      [PRECIPITATION DATA]       SYMBOLS USED IN COLUMN 16

AVERAGE MONTHLY: 63.2   TOTAL FOR MONTH:   0.59    1 = FOG OR MIST
DPTR FM NORMAL:  -2.7   DPTR FM NORMAL:   -0.07    2 = FOG REDUCING VISIBILITY
HIGHEST:    87 ON 10    GRTST 24HR  0.36 ON 17-17      TO 1/4 MILE OR LESS
LOWEST:     42 ON 13,12                            3 = THUNDER
                        SNOW, ICE PELLETS, HAIL    4 = ICE PELLETS
                        TOTAL MONTH:   0.0 INCH    5 = HAIL
                        GRTST 24HR     0.0         6 = FREEZING RAIN OR DRIZZLE
                        GRTST DEPTH:   0           7 = DUSTSTORM OR SANDSTORM:
                                                       VSBY 1/2 MILE OR LESS
                                                   8 = SMOKE OR HAZE
[NO. OF DAYS WITH]      [WEATHER - DAYS WITH]      9 = BLOWING SNOW
                                                   X = TORNADO
MAX 32 OR BELOW:   0    0.01 INCH OR MORE:   4
MAX 90 OR ABOVE:   0    0.10 INCH OR MORE:   2
MIN 32 OR BELOW:   0    0.50 INCH OR MORE:   0
MIN  0 OR BELOW:   0    1.00 INCH OR MORE:   0

[HDD (BASE 65) ]
TOTAL THIS MO.    74    CLEAR  (SCALE 0-3)  16
DPTR FM NORMAL     5    PTCLDY (SCALE 4-7)   9
TOTAL FM JUL 1    77    CLOUDY (SCALE 8-10)  2
DPTR FM NORMAL    -5

[CDD (BASE 65) ]
TOTAL THIS MO.    31
DPTR FM NORMAL   -58    [PRESSURE DATA]
TOTAL FM JAN 1   805    HIGHEST SLP 30.00 ON  3
DPTR FM NORMAL   -36    LOWEST  SLP 29.80 ON 17

[REMARKS]
