000
CXUS54 KAMA 171015
CF6AMA
PRELIMINARY LOCAL CLIMATOLOGICAL DATA (WS FORM: F-6)

                                          STATION:   AMARILLO
                                          MONTH:     DECEMBER
                                          YEAR:      2014
                                          LATITUDE:   35 13 N
                                          LONGITUDE: 101 42 W

  TEMPERATURE IN F:       :PCPN:    SNOW:  WIND      :SUNSHINE: SKY     :PK WND
================================================================================
1   2   3   4   5  6A  6B    7    8   9   10  11  12  13   14  15   16   17  18
                                     12Z  AVG MX 2MIN
DY MAX MIN AVG DEP HDD CDD  WTR  SNW DPTH SPD SPD DIR MIN PSBL S-S WX    SPD DR
================================================================================

 1  33  13  23 -17  42   0 0.00  0.0    0 12.6 26 360   M    M   0        35  10
 2  66  20  43   4  22   0 0.00  0.0    0 10.9 21 210   M    M   0        26 220
 3  50  32  41   2  24   0 0.00  0.0    0  9.8 21 360   M    M   1 12     24 360
 4  52  32  42   3  23   0 0.02  0.0    0  9.2 17 170   M    M   5 12     20 170
 5  63  38  51  13  14   0 0.00  0.0    0  9.7 23 340   M    M   5 12     30 350
 6  55  33  44   6  21   0 0.00  0.0    0  7.7 16 160   M    M   0        19 170
 7  63  39  51  13  14   0 0.00  0.0    0 10.8 21 220   M    M   3        26 230
 8  64  31  48  10  17   0 0.00  0.0    0  9.2 17 190   M    M   0        23 160
 9  64  35  50  13  15   0 0.00  0.0    0 10.2 18 220   M    M   0        22 220
10  55  34  45   8  20   0 0.00  0.0    0  4.9 16 200   M    M   6 12     19 210
11  59  34  47  10  18   0 0.00  0.0    0  7.7 17 160   M    M   6 12     22 200
12  68  42  55  18  10   0 0.00  0.0    0 13.4 23 190   M    M   5 1      27 190
13  70  46  58  21   7   0 0.00  0.0    0 16.2 26 170   M    M   5 128    32 170
14  57  39  48  12  17   0 0.06    T    0 23.2 41 230   M    M   5 135    57 220
15  51  30  41   5  24   0 0.00  0.0    0 13.0 25 330   M    M   0        33 340
16  52  23  38   2  27   0 0.00  0.0    0  9.2 17 150   M    M   1        20 160
================================================================================
SM  922  521       315   0  0.08    T    177.7          M       42
================================================================================
AV 57.6 32.6                              11.1 FASTST   M    M   3    MAX(MPH)
                                 MISC ---->  # 41 230               # 57  220
================================================================================
NOTES:
# LAST OF SEVERAL OCCURRENCES

COLUMN 17 PEAK WIND IN M.P.H.

PRELIMINARY LOCAL CLIMATOLOGICAL DATA (WS FORM: F-6) , PAGE 2

                                          STATION:  AMARILLO
                                          MONTH:    DECEMBER
                                          YEAR:     2014
                                          LATITUDE:   35 13 N
                                          LONGITUDE: 101 42 W

[TEMPERATURE DATA]      [PRECIPITATION DATA]       SYMBOLS USED IN COLUMN 16

AVERAGE MONTHLY: 45.1   TOTAL FOR MONTH:   0.08    1 = FOG OR MIST
DPTR FM NORMAL:   7.5   DPTR FM NORMAL:   -0.28    2 = FOG REDUCING VISIBILITY
HIGHEST:    70 ON 13    GRTST 24HR  0.06 ON 14-14      TO 1/4 MILE OR LESS
LOWEST:     13 ON  1                               3 = THUNDER
                        SNOW, ICE PELLETS, HAIL    4 = ICE PELLETS
                        TOTAL MONTH:    T          5 = HAIL
                        GRTST 24HR    T  ON 14-14  6 = FREEZING RAIN OR DRIZZLE
                        GRTST DEPTH:   0           7 = DUSTSTORM OR SANDSTORM:
                                                       VSBY 1/2 MILE OR LESS
                                                   8 = SMOKE OR HAZE
[NO. OF DAYS WITH]      [WEATHER - DAYS WITH]      9 = BLOWING SNOW
                                                   X = TORNADO
MAX 32 OR BELOW:   0    0.01 INCH OR MORE:   2
MAX 90 OR ABOVE:   0    0.10 INCH OR MORE:   0
MIN 32 OR BELOW:   7    0.50 INCH OR MORE:   0
MIN  0 OR BELOW:   0    1.00 INCH OR MORE:   0

[HDD (BASE 65) ]
TOTAL THIS MO.   315    CLEAR  (SCALE 0-3)   9
DPTR FM NORMAL  -123    PTCLDY (SCALE 4-7)   7
TOTAL FM JUL 1  1109    CLOUDY (SCALE 8-10)  0
DPTR FM NORMAL  -173

[CDD (BASE 65) ]
TOTAL THIS MO.     0
DPTR FM NORMAL     0    [PRESSURE DATA]
TOTAL FM JAN 1  1534    HIGHEST SLP M ON M
DPTR FM NORMAL   135    LOWEST  SLP 29.47 ON 14

[REMARKS]
