000
CXUS52 KJAX 010800
CF6AMG
PRELIMINARY LOCAL CLIMATOLOGICAL DATA (WS FORM: F-6)

                                          STATION:   ALMA GA
                                          MONTH:     JULY
                                          YEAR:      2014
                                          LATITUDE:   31 32 N
                                          LONGITUDE:  82 30 W

  TEMPERATURE IN F:       :PCPN:    SNOW:  WIND      :SUNSHINE: SKY     :PK WND
================================================================================
1   2   3   4   5  6A  6B    7    8   9   10  11  12  13   14  15   16   17  18
                                     12Z  AVG MX 2MIN
DY MAX MIN AVG DEP HDD CDD  WTR  SNW DPTH SPD SPD DIR MIN PSBL S-S WX    SPD DR
================================================================================

 1  95  70  83   1   0  18 0.00  0.0    0  2.6  7 130   M    M   2        13 110
 2  94  71  83   1   0  18 0.00  0.0    0  3.4 14  90   M    M   1 1      20 100
 3  98  72  85   3   0  20 0.08  0.0    0  7.0 15 200   M    M   2 13     21 330
 4  92  66  79  -3   0  14 0.00  0.0    0  4.7 14 310   M    M   0 1      19 300
 5  92  63  78  -4   0  13 0.00  0.0    0  4.8 16 100   M    M   2        24 100
 6  91  70  81  -1   0  16 0.00  0.0    0  4.2 13 130   M    M   4 1      18 100
 7  93  70  82   0   0  17 0.00  0.0    0  5.4 15 220   M    M   1 1      19 210
 8  94  70  82   0   0  17 0.00  0.0    0  5.6 10 280   M    M   1         M  M
 9  95  73  84   2   0  19 0.00  0.0    0  5.4 21 210   M    M   1 18     27 200
10  94  69  82   0   0  17 0.11  0.0    0  3.3 23 190   M    M   3 13     32 190
11  89  69  79  -3   0  14 0.00  0.0    0  3.5 13 160   M    M   1 13     17 110
12  90  70  80  -2   0  15 0.01  0.0    0  3.5 16 150   M    M   6 13     24 160
13  92  70  81  -1   0  16 0.00  0.0    0  3.7  9 180   M    M   6 12     14 190
14  95  73  84   2   0  19 0.00  0.0    0  5.5 15 210   M    M   1 1      23 260
15  93  74  84   2   0  19 0.19  0.0    0  6.6 23 210   M    M   3 138    32 190
16  89  72  81  -1   0  16 0.00  0.0    0  4.9 13 330   M    M   7 1      17 260
17  92  64  78  -4   0  13 0.00  0.0    0  2.4 10 270   M    M   1 12     16 300
18  93  68  81  -1   0  16 0.00  0.0    0  4.2 14  90   M    M   3 12     20 100
19  88  72  80  -2   0  15 0.00  0.0    0  4.5 14 220   M    M   4 13     17 230
20  90  69  80  -2   0  15    T  0.0    0  3.1 14 230   M    M   4 1      19 240
21  88  71  80  -2   0  15 0.00  0.0    0  4.2 21 260   M    M   3 1      30 250
22  91  69  80  -2   0  15 0.02  0.0    0  2.1 12 150   M    M   5 13     16 140
23  96  69  83   1   0  18 0.00  0.0    0  2.6 13 240   M    M   2 12     16 250
24  95  72  84   2   0  19 0.00  0.0    0  6.2 17 240   M    M   3 1      23 240
25  96  73  85   3   0  20 0.00  0.0    0  6.4 16 230   M    M   2 18     22 290
26  96  74  85   3   0  20 0.00  0.0    0  4.5 13 290   M    M   3 18     17 300
27  99  75  87   5   0  22 0.00  0.0    0  6.2 17 300   M    M   1 18     23 310
28  98  78  88   6   0  23 0.00  0.0    0   M   M   M   M    M   1 1       M  M
29  93  68  81  -1   0  16 0.00  0.0    0  6.2 16 310   M    M   0        22 320
30  94  68  81  -1   0  16 0.00  0.0    0  3.2 10 290   M    M   5        14 310
31  96  71  84   2   0  19 0.00  0.0    0  2.6 15 170   M    M   2 1      17 170
================================================================================
SM 2891 2183         0 530  0.41     0.0 132.5          M       80
================================================================================
AV 93.3 70.4                               4.4 FASTST   M    M   3    MAX(MPH)
                                 MISC ---->  # 23 190               # 32  190
================================================================================
NOTES:
# LAST OF SEVERAL OCCURRENCES

COLUMN 17 PEAK WIND IN M.P.H.

PRELIMINARY LOCAL CLIMATOLOGICAL DATA (WS FORM: F-6) , PAGE 2

                                          STATION:  ALMA GA
                                          MONTH:    JULY
                                          YEAR:     2014
                                          LATITUDE:   31 32 N
                                          LONGITUDE:  82 30 W

[TEMPERATURE DATA]      [PRECIPITATION DATA]       SYMBOLS USED IN COLUMN 16

AVERAGE MONTHLY: 81.8   TOTAL FOR MONTH:   0.41    1 = FOG OR MIST
DPTR FM NORMAL:  -0.2   DPTR FM NORMAL:   -4.92    2 = FOG REDUCING VISIBILITY
HIGHEST:    99 ON 27    GRTST 24HR  0.19 ON 14-15      TO 1/4 MILE OR LESS
LOWEST:     63 ON  5                               3 = THUNDER
                        SNOW, ICE PELLETS, HAIL    4 = ICE PELLETS
                        TOTAL MONTH:   0.0 INCH    5 = HAIL
                        GRTST 24HR     0.0         6 = FREEZING RAIN OR DRIZZLE
                        GRTST DEPTH:   0           7 = DUSTSTORM OR SANDSTORM:
                                                       VSBY 1/2 MILE OR LESS
                                                   8 = SMOKE OR HAZE
[NO. OF DAYS WITH]      [WEATHER - DAYS WITH]      9 = BLOWING SNOW
                                                   X = TORNADO
MAX 32 OR BELOW:   0    0.01 INCH OR MORE:   5
MAX 90 OR ABOVE:  27    0.10 INCH OR MORE:   2
MIN 32 OR BELOW:   0    0.50 INCH OR MORE:   0
MIN  0 OR BELOW:   0    1.00 INCH OR MORE:   0

[HDD (BASE 65) ]
TOTAL THIS MO.     0    CLEAR  (SCALE 0-3)  22
DPTR FM NORMAL     0    PTCLDY (SCALE 4-7)   9
TOTAL FM JUL 1     0    CLOUDY (SCALE 8-10)  0
DPTR FM NORMAL     0

[CDD (BASE 65) ]
TOTAL THIS MO.   530
DPTR FM NORMAL     1    [PRESSURE DATA]
TOTAL FM JAN 1  1373    HIGHEST SLP 30.18 ON 12
DPTR FM NORMAL   -29    LOWEST  SLP 29.86 ON 16

[REMARKS]
#FINAL-07-14#
