000
CXUS53 KDMX 200920
CF6AMW
PRELIMINARY LOCAL CLIMATOLOGICAL DATA (WS FORM: F-6)

                                          STATION:   AMES IA
                                          MONTH:     OCTOBER
                                          YEAR:      2014
                                          LATITUDE:   41 59 N
                                          LONGITUDE:  93 37 W

  TEMPERATURE IN F:       :PCPN:    SNOW:  WIND      :SUNSHINE: SKY     :PK WND
================================================================================
1   2   3   4   5  6A  6B    7    8   9   10  11  12  13   14  15   16   17  18
                                     12Z  AVG MX 2MIN
DY MAX MIN AVG DEP HDD CDD  WTR  SNW DPTH SPD SPD DIR MIN PSBL S-S WX    SPD DR
================================================================================

 1  71  54  63   6   2   0 0.93  0.0    0  6.5 17 140   M    M   9 123    24 140
 2  67  51  59   3   6   0 0.22  0.0    0  7.0 26 330   M    M  10 12     32 330
 3  52  38  45 -11  20   0 0.00  0.0    0 17.9 31 310   M    M   7        41 320
 4  53  34  44 -12  21   0 0.00  0.0    0 13.8 24 290   M    M   1        32 310
 5  65  41  53  -2  12   0 0.00  0.0    0  9.0 23 310   M    M   9        31 300
 6  65  42  54  -1  11   0 0.00  0.0    0 11.2 24 290   M    M   2        30 300
 7  68  43  56   2   9   0 0.00  0.0    0 12.6 28 300   M    M   4 8      37 300
 8  71  37  54   0  11   0 0.07    M    0  5.2 15 260   M    M   2 18     19 270
 9  63  44  54   0  11   0 0.15    M    0  6.5 15  10   M    M   4 1      18 360
10  55  36  46  -7  19   0 0.00  0.0    0  6.3 14  20   M    M   0        25 130
11  60  31  46  -7  19   0 0.00  0.0    0  3.9 10 160   M    M   0        14 210
12  57  33  45  -7  20   0    T  0.0    0  7.0 17 140   M    M   7 18     23 140
13  54  51  53   1  12   0 1.64  0.0    0 11.2 26 350   M    M  10 12     34 340
14  63  50  57   5   8   0 0.32  0.0    0 21.9 32 360   M    M   9        45 350
15  68  37  53   2  12   0 0.00    M    0 10.4 21 330   M    M   0        26 340
16  75  34  55   4  10   0 0.00  0.0    0  7.4 18 260   M    M   0        24 270
17  59  48  54   4  11   0 0.00  0.0    0 16.3 29 320   M    M   7        35 300
18  57  35  46  -4  19   0 0.00  0.0    0  7.3 20 340   M    M   3 18     24 350
19  67  35  51   1  14   0 0.00  0.0    0  9.0 23 240   M    M   0 1      28 240
================================================================================
SM 1190  774       247   0  3.33     0.0 190.4          M       84
================================================================================
AV 62.6 40.7                              10.0 FASTST   M    M   4    MAX(MPH)
                                 MISC ---->  # 32 360               # 45  350
================================================================================
NOTES:
# LAST OF SEVERAL OCCURRENCES

COLUMN 17 PEAK WIND IN M.P.H.

PRELIMINARY LOCAL CLIMATOLOGICAL DATA (WS FORM: F-6) , PAGE 2

                                          STATION:  AMES IA
                                          MONTH:    OCTOBER
                                          YEAR:     2014
                                          LATITUDE:   41 59 N
                                          LONGITUDE:  93 37 W

[TEMPERATURE DATA]      [PRECIPITATION DATA]       SYMBOLS USED IN COLUMN 16

AVERAGE MONTHLY: 51.7   TOTAL FOR MONTH:   3.33    1 = FOG OR MIST
DPTR FM NORMAL:  -1.5   DPTR FM NORMAL:    1.87    2 = FOG REDUCING VISIBILITY
HIGHEST:    75 ON 16    GRTST 24HR  1.94 ON 13-14      TO 1/4 MILE OR LESS
LOWEST:     31 ON 11                               3 = THUNDER
                        SNOW, ICE PELLETS, HAIL    4 = ICE PELLETS
                        TOTAL MONTH:   0.0 INCH    5 = HAIL
                        GRTST 24HR     0.0         6 = FREEZING RAIN OR DRIZZLE
                        GRTST DEPTH:   0           7 = DUSTSTORM OR SANDSTORM:
                                                       VSBY 1/2 MILE OR LESS
                                                   8 = SMOKE OR HAZE
[NO. OF DAYS WITH]      [WEATHER - DAYS WITH]      9 = BLOWING SNOW
                                                   X = TORNADO
MAX 32 OR BELOW:   0    0.01 INCH OR MORE:   6
MAX 90 OR ABOVE:   0    0.10 INCH OR MORE:   5
MIN 32 OR BELOW:   1    0.50 INCH OR MORE:   2
MIN  0 OR BELOW:   0    1.00 INCH OR MORE:   1

[HDD (BASE 65) ]
TOTAL THIS MO.   247    CLEAR  (SCALE 0-3)   9
DPTR FM NORMAL    13    PTCLDY (SCALE 4-7)   5
TOTAL FM JUL 1   399    CLOUDY (SCALE 8-10)  5
DPTR FM NORMAL    21

[CDD (BASE 65) ]
TOTAL THIS MO.     0
DPTR FM NORMAL   -10    [PRESSURE DATA]
TOTAL FM JAN 1   650    HIGHEST SLP M ON M
DPTR FM NORMAL  -102    LOWEST  SLP 29.56 ON M

[REMARKS]
