000
CXAK56 PAFC 281320
CF6ANC
PRELIMINARY LOCAL CLIMATOLOGICAL DATA (WS FORM: F-6)

                                          STATION:   ANCHORAGE AK
                                          MONTH:     AUGUST
                                          YEAR:      2015
                                          LATITUDE:   61 10 N
                                          LONGITUDE: 150  2 W

  TEMPERATURE IN F:       :PCPN:    SNOW:  WIND      :SUNSHINE: SKY     :PK WND
================================================================================
1   2   3   4   5  6A  6B    7    8   9   10  11  12  13   14  15   16   17  18
                                     12Z  AVG MX 2MIN
DY MAX MIN AVG DEP HDD CDD  WTR  SNW DPTH SPD SPD DIR MIN PSBL S-S WX    SPD DR
================================================================================

 1  78  55  67   8   0   2 0.00  0.0    0  4.6  8 160   M    M   6         M  M
 2  73  57  65   6   0   0 0.00  0.0    0  5.2 10 160   M    M   6         M  M
 3  79  54  67   8   0   2 0.00  0.0    0  3.5  7 210   M    M   4         M  M
 4  78  57  68   9   0   3 0.00  0.0    0  4.4 12 200   M    M   4         M  M
 5  73  54  64   5   1   0 0.00  0.0    0  5.6 12 230   M    M   6         M  M
 6  72  57  65   7   0   0 0.00  0.0    0  5.6 12 180   M    M   7         M  M
 7  77  55  66   8   0   1 0.00  0.0    0  3.2  9 220   M    M   4         M  M
 8  70  54  62   4   3   0 0.00  0.0    0  5.9 12 300   M    M   8         M  M
 9  63  58  61   3   4   0 0.31  0.0    0  9.3 16 150   M    M  10 1      28 140
10  68  56  62   4   3   0    T  0.0    0  7.0 12 180   M    M   7        29 170
11  69  51  60   2   5   0 0.00  0.0    0  5.3 10  40   M    M   6         M  M
12  71  48  60   2   5   0 0.00  0.0    0  4.0  8 300   M    M   5         M  M
13  69  47  58   0   7   0    T  0.0    0  4.2 10 220   M    M   7         M  M
14  67  50  59   2   6   0 0.00  0.0    0  5.3 10 290   M    M   6         M  M
15  60  48  54  -3  11   0 0.15  0.0    0  2.0  6 120   M    M   9 1       M  M
16  58  53  56  -1   9   0 0.10  0.0    0  4.0 15 150   M    M  10 1      24 160
17  60  52  56  -1   9   0 0.28    M    0  5.3 10 130   M    M  10 1       M  M
18  71  54  63   6   2   0 0.10  0.0    0  5.6  9 160   M    M   7 1       M  M
19  68  51  60   4   5   0    T  0.0    0  4.2  9 200   M    M   6         M  M
20  66  46  56   0   9   0 0.00  0.0    0  4.7 13  20   M    M   5        18  20
21  64  49  57   1   8   0    T    M    0  4.0 12 150   M    M   8        24 150
22  70  46  58   2   7   0 0.00  0.0    0  8.0 17 330   M    M   6        28 350
23  69  50  60   4   5   0 0.00  0.0    0  6.1 13 350   M    M   7         M  M
24  66  45  56   1   9   0 0.00  0.0    0  4.4  7 250   M    M   6         M  M
25  67  51  59   4   6   0    T  0.0    0  2.8  7  80   M    M   9         M  M
26  61  56  59   4   6   0 0.03  0.0    0 14.1 20 140   M    M   9        31 140
27  66  48  57   2   8   0    T  0.0    0 13.7 24 340   M    M   7        44 340
================================================================================
SM 1853 1402       128   8  0.97     0.0 152.0          M      185
================================================================================
AV 68.6 51.9                               5.6 FASTST   M    M   7    MAX(MPH)
                                 MISC ---->    24   M                 44    M
================================================================================
NOTES:
# LAST OF SEVERAL OCCURRENCES

COLUMN 17 PEAK WIND IN M.P.H.

PRELIMINARY LOCAL CLIMATOLOGICAL DATA (WS FORM: F-6) , PAGE 2

                                          STATION:  ANCHORAGE AK
                                          MONTH:    AUGUST
                                          YEAR:     2015
                                          LATITUDE:   61 10 N
                                          LONGITUDE: 150  2 W

[TEMPERATURE DATA]      [PRECIPITATION DATA]       SYMBOLS USED IN COLUMN 16

AVERAGE MONTHLY: 60.3   TOTAL FOR MONTH:   0.97    1 = FOG OR MIST
DPTR FM NORMAL:   3.1   DPTR FM NORMAL:   -1.83    2 = FOG REDUCING VISIBILITY
HIGHEST:    79 ON  3    GRTST 24HR  0.31 ON  9- 9      TO 1/4 MILE OR LESS
LOWEST:     45 ON 24                               3 = THUNDER
                        SNOW, ICE PELLETS, HAIL    4 = ICE PELLETS
                        TOTAL MONTH:   0.0 INCH    5 = HAIL
                        GRTST 24HR     0.0         6 = FREEZING RAIN OR DRIZZLE
                        GRTST DEPTH:   0           7 = DUSTSTORM OR SANDSTORM:
                                                       VSBY 1/2 MILE OR LESS
                                                   8 = SMOKE OR HAZE
[NO. OF DAYS WITH]      [WEATHER - DAYS WITH]      9 = BLOWING SNOW
                                                   X = TORNADO
MAX 32 OR BELOW:   0    0.01 INCH OR MORE:   6
MAX 90 OR ABOVE:   0    0.10 INCH OR MORE:   5
MIN 32 OR BELOW:   0    0.50 INCH OR MORE:   0
MIN  0 OR BELOW:   0    1.00 INCH OR MORE:   0

[HDD (BASE 65) ]
TOTAL THIS MO.   128    CLEAR  (SCALE 0-3)   0
DPTR FM NORMAL   -83    PTCLDY (SCALE 4-7)  21
TOTAL FM JUL 1   221    CLOUDY (SCALE 8-10)  6
DPTR FM NORMAL  -184

[CDD (BASE 65) ]
TOTAL THIS MO.     8
DPTR FM NORMAL     8    [PRESSURE DATA]
TOTAL FM JAN 1    34    HIGHEST SLP M ON M
DPTR FM NORMAL    32    LOWEST  SLP M ON M

[REMARKS]
