000
CXAK56 PAJK 181303
CF6ANN
PRELIMINARY LOCAL CLIMATOLOGICAL DATA (WS FORM: F-6)

                                          STATION:   ANNETTE ISLAND
                                          MONTH:     JANUARY
                                          YEAR:      2017
                                          LATITUDE:   55  1 N
                                          LONGITUDE: 131 34 W

  TEMPERATURE IN F:       :PCPN:    SNOW:  WIND      :SUNSHINE: SKY     :PK WND
================================================================================
1   2   3   4   5  6A  6B    7    8   9   10  11  12  13   14  15   16   17  18
                                     12Z  AVG MX 2MIN
DY MAX MIN AVG DEP HDD CDD  WTR  SNW DPTH SPD SPD DIR MIN PSBL S-S WX    SPD DR
================================================================================

 1  41  24  33  -4  32   0 0.00  0.0    0  4.9 14 340   M    M   0        22 340
 2  44  24  34  -3  31   0 0.00  0.0    0  4.3 10 340   M    M   0        14 330
 3  42  22  32  -5  33   0 0.00  0.0    0  3.1 10 320   M    M   0        15 330
 4  40  21  31  -6  34   0 0.00  0.0    0  1.3  6 350   M    M   3         9 350
 5  36  32  34  -3  31   0 0.02    T    T  3.7 10 130   M    M  10 18     15 120
 6  37  32  35  -2  30   0 0.05  1.0    1  7.9 17  60   M    M  10 1      30  70
 7  37  32  35  -2  30   0    T    T    T 12.0 26  60   M    M   6        42  50
 8  44  35  40   3  25   0 0.00  0.0    0  8.8 20  50   M    M   0        27  40
 9  35  27  31  -6  34   0 0.00  0.0    0 10.5 20  50   M    M   1        38  40
10  39  26  33  -4  32   0 0.00  0.0    0  6.8 14 330   M    M   0        19  40
11  37  20  29  -8  36   0 0.00  0.0    0  3.3  9 130   M    M   1        13 330
12  41  33  37   0  28   0 0.39    T    0  8.7 16 140   M    M  10 18     21 130
13  45  40  43   6  22   0 1.42  0.0    0 18.6 31 140   M    M  10 1      47 140
14  48  45  47  10  18   0 0.86  0.0    0 12.4 26 150   M    M  10 1      42 150
15  47  43  45   8  20   0 0.63  0.0    0 17.1 35 150   M    M  10 18     59 140
16  48  42  45   8  20   0 0.66  0.0    0 15.0 32 160   M    M  10 1      55 160
17  50  39  45   8  20   0 0.19  0.0    0  6.1 16 100   M    M  10 1      24 110
================================================================================
SM  711  537       476   0  4.22     1.0 144.5          M       91
================================================================================
AV 41.8 31.6                               8.5 FASTST   M    M   5    MAX(MPH)
                                 MISC ---->  # 35 150               # 59  140
================================================================================
NOTES:
# LAST OF SEVERAL OCCURRENCES

COLUMN 17 PEAK WIND IN M.P.H.

PRELIMINARY LOCAL CLIMATOLOGICAL DATA (WS FORM: F-6) , PAGE 2

                                          STATION:  ANNETTE ISLAND
                                          MONTH:    JANUARY
                                          YEAR:     2017
                                          LATITUDE:   55  1 N
                                          LONGITUDE: 131 34 W

[TEMPERATURE DATA]      [PRECIPITATION DATA]       SYMBOLS USED IN COLUMN 16

AVERAGE MONTHLY: 36.7   TOTAL FOR MONTH:   4.22    1 = FOG OR MIST
DPTR FM NORMAL:  -0.3   DPTR FM NORMAL:   -1.76    2 = FOG REDUCING VISIBILITY
HIGHEST:    50 ON 17    GRTST 24HR  2.01 ON 13-14      TO 1/4 MILE OR LESS
LOWEST:     20 ON 11                               3 = THUNDER
                        SNOW, ICE PELLETS, HAIL    4 = ICE PELLETS
                        TOTAL MONTH:   1.0 INCH    5 = HAIL
                        GRTST 24HR   1.0 ON  6- 6  6 = FREEZING RAIN OR DRIZZLE
                        GRTST DEPTH:   1 ON  6     7 = DUSTSTORM OR SANDSTORM:
                                                       VSBY 1/2 MILE OR LESS
                                                   8 = SMOKE OR HAZE
[NO. OF DAYS WITH]      [WEATHER - DAYS WITH]      9 = BLOWING SNOW
                                                   X = TORNADO
MAX 32 OR BELOW:   0    0.01 INCH OR MORE:   8
MAX 90 OR ABOVE:   0    0.10 INCH OR MORE:   6
MIN 32 OR BELOW:  10    0.50 INCH OR MORE:   4
MIN  0 OR BELOW:   0    1.00 INCH OR MORE:   1

[HDD (BASE 65) ]
TOTAL THIS MO.   476    CLEAR  (SCALE 0-3)   8
DPTR FM NORMAL     0    PTCLDY (SCALE 4-7)   1
TOTAL FM JUL 1  2959    CLOUDY (SCALE 8-10)  8
DPTR FM NORMAL  -424

[CDD (BASE 65) ]
TOTAL THIS MO.     0
DPTR FM NORMAL     0    [PRESSURE DATA]
TOTAL FM JAN 1     0    HIGHEST SLP M ON M
DPTR FM NORMAL     0    LOWEST  SLP 28.76 ON 17

[REMARKS]
