000
CXUS55 KCTP 291131
CF6AOO
PRELIMINARY LOCAL CLIMATOLOGICAL DATA (WS FORM: F-6)

                                          STATION:   ALTOONA
                                          MONTH:     SEPTEMBER
                                          YEAR:      2014
                                          LATITUDE:   40 17 N
                                          LONGITUDE:  78 19 W

  TEMPERATURE IN F:       :PCPN:    SNOW:  WIND      :SUNSHINE: SKY     :PK WND
================================================================================
1   2   3   4   5  6A  6B    7    8   9   10  11  12  13   14  15   16   17  18
                                     12Z  AVG MX 2MIN
DY MAX MIN AVG DEP HDD CDD  WTR  SNW DPTH SPD SPD DIR MIN PSBL S-S WX    SPD DR
================================================================================

 1  82  67  75   8   0  10 0.01    M    M  5.6 17 220   M    M   7 1      22 220
 2  85  66  76  10   0  11 0.08    M    M  8.5 23 230   M    M   5 1      32 310
 3  80  62  71   5   0   6 0.00  0.0    0  2.1 10 300   M    M   1 1      12 320
 4  84  60  72   6   0   7    T    M    M  3.6 12 280   M    M   3 13     15 200
 5  88  63  76  10   0  11 0.00    M    M  3.1 10 200   M    M   2 12     14 200
 6  82  61  72   7   0   7 0.05    M    M  7.7 17 330   M    M   4 13     21 320
 7  73  52  63  -2   2   0 0.00    M    M  4.6 14  10   M    M   1        18  40
 8  75  48  62  -3   3   0 0.00    M    M  5.0 17 160   M    M   4 12     23 150
 9  69  59  64   0   1   0 0.00    M    M  4.0 12 150   M    M  10        16 140
10  77  64  71   7   0   6    T  0.0    0  7.1 14 190   M    M   7        20 170
11  77  59  68   4   0   3 0.02  0.0    0 10.0 17 280   M    M   6 1      23 320
12  70  53  62  -1   3   0    T  0.0    0  6.5 14 320   M    M   6 1      17 320
13  65  47  56  -7   9   0    T  0.0    0  5.2 18 290   M    M   7 1      22 290
14  63  41  52 -10  13   0 0.00    M    0  2.4  8  80   M    M   3        11 110
15  68  40  54  -8  11   0 0.00  0.0    0  2.8  9 180   M    M   3 12     13 160
16  67  45  56  -6   9   0 0.01  0.0    0  4.2 14 360   M    M   7 1      17  10
17  74  44  59  -2   6   0 0.00  0.0    0  1.2 10 210   M    M   4 1      14 240
18  70  46  58  -3   7   0 0.00    M    M  3.0 13  10   M    M   4 12     18 340
19  69  47  58  -2   7   0 0.00    M    M  5.1 13 210   M    M   7 1      20 200
20  78  60  69   9   0   4 0.00    M    M 10.7 18 170   M    M   6        23 160
21  78  55  67   7   0   2 0.05    M    M  8.9 24 270   M    M   3        32 280
22  60  42  51  -8  14   0 0.02    M    0 11.5 21 300   M    M   9 1      28 270
23  68  38  53  -6  12   0 0.00  0.0    0  2.4  8  80   M    M   0 1      11  40
24  70  42  56  -3   9   0 0.00    M    M  5.0 14 120   M    M   0 12     20 100
25  67  50  59   1   6   0 0.07    M    M  4.3  9  80   M    M   7 128    14  70
26  72  50  61   3   4   0 0.00    M    M  2.5 13  30   M    M   5 12     18  20
27  77  45  61   4   4   0 0.00    M    M  1.3  8  80   M    M   3 128    11  50
28  76  46  61   4   4   0 0.00    M    M  1.2  7 230   M    M   2 12      9 240
================================================================================
SM 2064 1452       124  67  0.31     0.0 139.5          M      126
================================================================================
AV 73.7 51.9                               5.0 FASTST   M    M   5    MAX(MPH)
                                 MISC ---->  # 24 270               # 32  310
================================================================================
NOTES:
# LAST OF SEVERAL OCCURRENCES

COLUMN 17 PEAK WIND IN M.P.H.

PRELIMINARY LOCAL CLIMATOLOGICAL DATA (WS FORM: F-6) , PAGE 2

                                          STATION:  ALTOONA
                                          MONTH:    SEPTEMBER
                                          YEAR:     2014
                                          LATITUDE:   40 17 N
                                          LONGITUDE:  78 19 W

[TEMPERATURE DATA]      [PRECIPITATION DATA]       SYMBOLS USED IN COLUMN 16

AVERAGE MONTHLY: 62.8   TOTAL FOR MONTH:   0.31    1 = FOG OR MIST
DPTR FM NORMAL:   0.7   DPTR FM NORMAL:   -2.93    2 = FOG REDUCING VISIBILITY
HIGHEST:    88 ON  5    GRTST 24HR  0.13 ON 31- 1      TO 1/4 MILE OR LESS
LOWEST:     38 ON 23                               3 = THUNDER
                        SNOW, ICE PELLETS, HAIL    4 = ICE PELLETS
                        TOTAL MONTH:   0.0 INCH    5 = HAIL
                        GRTST 24HR     0.0         6 = FREEZING RAIN OR DRIZZLE
                        GRTST DEPTH:   0           7 = DUSTSTORM OR SANDSTORM:
                                                       VSBY 1/2 MILE OR LESS
                                                   8 = SMOKE OR HAZE
[NO. OF DAYS WITH]      [WEATHER - DAYS WITH]      9 = BLOWING SNOW
                                                   X = TORNADO
MAX 32 OR BELOW:   0    0.01 INCH OR MORE:   8
MAX 90 OR ABOVE:   0    0.10 INCH OR MORE:   0
MIN 32 OR BELOW:   0    0.50 INCH OR MORE:   0
MIN  0 OR BELOW:   0    1.00 INCH OR MORE:   0

[HDD (BASE 65) ]
TOTAL THIS MO.   124    CLEAR  (SCALE 0-3)   9
DPTR FM NORMAL    -5    PTCLDY (SCALE 4-7)  17
TOTAL FM JUL 1   158    CLOUDY (SCALE 8-10)  2
DPTR FM NORMAL     5

[CDD (BASE 65) ]
TOTAL THIS MO.    67
DPTR FM NORMAL    20    [PRESSURE DATA]
TOTAL FM JAN 1   519    HIGHEST SLP M ON M
DPTR FM NORMAL    -1    LOWEST  SLP 29.56 ON 21

[REMARKS]
