000
CXUS55 KCTP 241131
CF6AOO
PRELIMINARY LOCAL CLIMATOLOGICAL DATA (WS FORM: F-6)

                                          STATION:   ALTOONA
                                          MONTH:     APRIL
                                          YEAR:      2014
                                          LATITUDE:   40 17 N
                                          LONGITUDE:  78 19 W

  TEMPERATURE IN F:       :PCPN:    SNOW:  WIND      :SUNSHINE: SKY     :PK WND
================================================================================
1   2   3   4   5  6A  6B    7    8   9   10  11  12  13   14  15   16   17  18
                                     12Z  AVG MX 2MIN
DY MAX MIN AVG DEP HDD CDD  WTR  SNW DPTH SPD SPD DIR MIN PSBL S-S WX    SPD DR
================================================================================

 1  66  32  49   5  16   0 0.00    M    M  4.9 20 270   M    M   1 8      28 270
 2  63  46  55  11  10   0 0.18    M    M  7.9 22 320   M    M   5 18     35 270
 3  58  44  51   7  14   0 0.47    M    0  4.9 10 110   M    M   9 1      15 140
 4  51  44  48   3  17   0 0.21    M    M  6.9 25 270   M    M  10 18     33 270
 5  49  33  41  -4  24   0 0.00    M    0 14.4 29 260   M    M   8        38 260
 6  57  27  42  -4  23   0 0.00  0.0    0  3.4 13 170   M    M   0        16 170
 7  46  37  42  -4  23   0 0.39    M    0  4.7 14 160   M    M   8 1      18 140
 8  56  40  48   2  17   0    T    M    0 11.1 31 270   M    M   7 128    40 270
 9  58  36  47   0  18   0 0.00  0.0    0  9.3 23 300   M    M   1        29 320
10  69  33  51   4  14   0    T    M    0 10.4 23 200   M    M   0        34 190
11  65  47  56   9   9   0 0.32    M    0  9.9 24 230   M    M   9 1      31 230
12  70  38  54   6  11   0 0.00  0.0    0  6.1 20 200   M    M   0 18     24 200
13  83  54  69  21   0   4 0.00  0.0    0 12.4 24 230   M    M   1        33 230
14  74  59  67  18   0   2 0.18  0.0    0 11.0 25 190   M    M   2 1      34 180
15  63  27  45  -4  20   0 0.30    M    0 16.2 29 310   M    M  10 1      38 310
16  44  22  33 -16  32   0 0.00  0.0    0  8.0 22 350   M    M   1        31 340
17  53  30  42  -8  23   0 0.00  0.0    0  9.1 18 170   M    M   0        24 170
18  59  33  46  -4  19   0 0.00  0.0    0  6.0 13 180   M    M   0        15 220
19  63  37  50   0  15   0 0.00999.0    M  5.3 15  20   M    M   0        19  10
20  65  37  51   0  14   0 0.00    M    M  6.1 15 170   M    M   0        19 170
21  74  40  57   6   8   0 0.00    M    M  5.0 12 180   M    M   0        16 160
22  67  43  55   4  10   0 0.16    M    0  8.3 28 320   M    M   5 13     38 330
23  46  38  42 -10  23   0    T    M    M 14.1 28 300   M    M   7        35 310
================================================================================
SM 1399  877       360   6  2.21   999.0 195.4          M       84
================================================================================
AV 60.8 38.1                               8.5 FASTST   M    M   4    MAX(MPH)
                                 MISC ---->  # 31 270               # 40  270
================================================================================
NOTES:
# LAST OF SEVERAL OCCURRENCES

COLUMN 17 PEAK WIND IN M.P.H.

PRELIMINARY LOCAL CLIMATOLOGICAL DATA (WS FORM: F-6) , PAGE 2

                                          STATION:  ALTOONA
                                          MONTH:    APRIL
                                          YEAR:     2014
                                          LATITUDE:   40 17 N
                                          LONGITUDE:  78 19 W

[TEMPERATURE DATA]      [PRECIPITATION DATA]       SYMBOLS USED IN COLUMN 16

AVERAGE MONTHLY: 49.5   TOTAL FOR MONTH:   2.21    1 = FOG OR MIST
DPTR FM NORMAL:   1.7   DPTR FM NORMAL:   -0.23    2 = FOG REDUCING VISIBILITY
HIGHEST:    83 ON 13    GRTST 24HR  0.64 ON  3- 4      TO 1/4 MILE OR LESS
LOWEST:     22 ON 16                               3 = THUNDER
                        SNOW, ICE PELLETS, HAIL    4 = ICE PELLETS
                        TOTAL MONTH: 999.0 INCHES  5 = HAIL
                        GRTST 24HR 999.0 ON 19-19  6 = FREEZING RAIN OR DRIZZLE
                        GRTST DEPTH:   0           7 = DUSTSTORM OR SANDSTORM:
                                                       VSBY 1/2 MILE OR LESS
                                                   8 = SMOKE OR HAZE
[NO. OF DAYS WITH]      [WEATHER - DAYS WITH]      9 = BLOWING SNOW
                                                   X = TORNADO
MAX 32 OR BELOW:   0    0.01 INCH OR MORE:   8
MAX 90 OR ABOVE:   0    0.10 INCH OR MORE:   8
MIN 32 OR BELOW:   5    0.50 INCH OR MORE:   0
MIN  0 OR BELOW:   0    1.00 INCH OR MORE:   0

[HDD (BASE 65) ]
TOTAL THIS MO.   360    CLEAR  (SCALE 0-3)  13
DPTR FM NORMAL   -42    PTCLDY (SCALE 4-7)   6
TOTAL FM JUL 1  6051    CLOUDY (SCALE 8-10)  4
DPTR FM NORMAL   235

[CDD (BASE 65) ]
TOTAL THIS MO.     6
DPTR FM NORMAL     6    [PRESSURE DATA]
TOTAL FM JAN 1     6    HIGHEST SLP M ON M
DPTR FM NORMAL     5    LOWEST  SLP 29.40 ON  8

[REMARKS]
