000
CXUS55 KBOU 240757
CF6APA
PRELIMINARY LOCAL CLIMATOLOGICAL DATA (WS FORM: F-6)

                                          STATION:   CENTENNIAL CO
                                          MONTH:     JULY
                                          YEAR:      2015
                                          LATITUDE:   39 33 N
                                          LONGITUDE: 104 51 W

  TEMPERATURE IN F:       :PCPN:    SNOW:  WIND      :SUNSHINE: SKY     :PK WND
================================================================================
1   2   3   4   5  6A  6B    7    8   9   10  11  12  13   14  15   16   17  18
                                     12Z  AVG MX 2MIN
DY MAX MIN AVG DEP HDD CDD  WTR  SNW DPTH SPD SPD DIR MIN PSBL S-S WX    SPD DR
================================================================================

 1  87  61  74   4   0   9    T    M    M  6.8 21 210   M    M   6 3      27 200
 2  80  56  68  -3   0   3 0.07    M    M  6.9 30  10   M    M   6 13     38  20
 3  83  56  70  -1   0   5 0.00    M    M  5.6 14 170   M    M   5        19 190
 4  92  60  76   5   0  11 0.02    M    M  8.0 29  20   M    M   6 3      36  20
 5  89  60  75   4   0  10 0.10    M    M  5.7 22  20   M    M   7 13     27  20
 6  64  58  61 -11   4   0 0.04    M    M  7.4 15 120   M    M  10 18     19 110
 7  69  57  63  -9   2   0 0.16    M    M 12.9 23 160   M    M   9 138    27 170
 8  69  56  63  -9   2   0 0.09    M    M  7.2 18 340   M    M  10 18     23 350
 9  78  53  66  -6   0   1 0.03    M    M  5.2 17  10   M    M   7 18     24 350
10  83  53  68  -4   0   3    T    M    M  6.3 18 310   M    M   6 3      24 320
11  86  54  70  -2   0   5    T    M    M  5.6 24 360   M    M   4        29 360
12  89  56  73   0   0   8 0.00    M    M  7.1 15 110   M    M   6        22 100
13  85  61  73   0   0   8    T    M    M  6.5 26 250   M    M   8        33 250
14  87  61  74   1   0   9 0.01    M    M  7.0 21 360   M    M   7 3      25 300
15  86  56  71  -2   0   6    T    M    M  6.7 24 320   M    M   5 3      30 320
16  87  55  71  -2   0   6 0.06    M    M  6.9 17 350   M    M   4 3      23 180
17  89  55  72  -1   0   7    T    M    M  7.7 37 250   M    M   3 3      49 240
18  87  52  70  -3   0   5 0.33    M    M  7.6 32 240   M    M   6 3      39 230
19  80  54  67  -6   0   2 0.00    M    M  5.8 16 350   M    M   7        20 350
20  81  61  71  -2   0   6 0.04    M    M  7.2 22 200   M    M   7        25 200
21  78  59  69  -4   0   4 0.02    M    M  7.3 20 170   M    M   7 3      26 170
22  87  57  72  -1   0   7    T    M    M  6.7 18 330   M    M   4 3      25 350
23  92  59  76   3   0  11 0.00    M    M  6.7 15 160   M    M   3        19 180
================================================================================
SM 1908 1310         8 126  0.97    M    160.8          M      143
================================================================================
AV 83.0 57.0                               7.0 FASTST   M    M   6    MAX(MPH)
                                 MISC ---->  # 37 250               # 49  240
================================================================================
NOTES:
# LAST OF SEVERAL OCCURRENCES

COLUMN 17 PEAK WIND IN M.P.H.

PRELIMINARY LOCAL CLIMATOLOGICAL DATA (WS FORM: F-6) , PAGE 2

                                          STATION:  CENTENNIAL CO
                                          MONTH:    JULY
                                          YEAR:     2015
                                          LATITUDE:   39 33 N
                                          LONGITUDE: 104 51 W

[TEMPERATURE DATA]      [PRECIPITATION DATA]       SYMBOLS USED IN COLUMN 16

AVERAGE MONTHLY: 70.0   TOTAL FOR MONTH:   0.97    1 = FOG OR MIST
DPTR FM NORMAL:  -2.3   DPTR FM NORMAL:   -0.41    2 = FOG REDUCING VISIBILITY
HIGHEST:    92 ON 23, 4 GRTST 24HR  0.33 ON 18-18      TO 1/4 MILE OR LESS
LOWEST:     52 ON 18                               3 = THUNDER
                        SNOW, ICE PELLETS, HAIL    4 = ICE PELLETS
                        TOTAL MONTH:    M          5 = HAIL
                        GRTST 24HR    M  ON   M    6 = FREEZING RAIN OR DRIZZLE
                        GRTST DEPTH:  M  ON   M    7 = DUSTSTORM OR SANDSTORM:
                                                       VSBY 1/2 MILE OR LESS
                                                   8 = SMOKE OR HAZE
[NO. OF DAYS WITH]      [WEATHER - DAYS WITH]      9 = BLOWING SNOW
                                                   X = TORNADO
MAX 32 OR BELOW:   0    0.01 INCH OR MORE:  12
MAX 90 OR ABOVE:   2    0.10 INCH OR MORE:   3
MIN 32 OR BELOW:   0    0.50 INCH OR MORE:   0
MIN  0 OR BELOW:   0    1.00 INCH OR MORE:   0

[HDD (BASE 65) ]
TOTAL THIS MO.     8    CLEAR  (SCALE 0-3)   1
DPTR FM NORMAL     8    PTCLDY (SCALE 4-7)  19
TOTAL FM JUL 1     8    CLOUDY (SCALE 8-10)  3
DPTR FM NORMAL     8

[CDD (BASE 65) ]
TOTAL THIS MO.   126
DPTR FM NORMAL   -44    [PRESSURE DATA]
TOTAL FM JAN 1   254    HIGHEST SLP M ON M
DPTR FM NORMAL   -21    LOWEST  SLP 29.67 ON 17

[REMARKS]
