352
CXUS55 KBOU 240757
CF6APA
PRELIMINARY LOCAL CLIMATOLOGICAL DATA (WS FORM: F-6)

                                          STATION:   CENTENNIAL CO
                                          MONTH:     MAY
                                          YEAR:      2017
                                          LATITUDE:   39 33 N
                                          LONGITUDE: 104 51 W

  TEMPERATURE IN F:       :PCPN:    SNOW:  WIND      :SUNSHINE: SKY     :PK WND
================================================================================
1   2   3   4   5  6A  6B    7    8   9   10  11  12  13   14  15   16   17  18
                                     12Z  AVG MX 2MIN
DY MAX MIN AVG DEP HDD CDD  WTR  SNW DPTH SPD SPD DIR MIN PSBL S-S WX    SPD DR
================================================================================

 1  63  35  49  -2  16   0 0.00    M    M 10.3 24 310   M    M   5        32 320
 2  58  37  48  -3  17   0 0.03    M    M  6.7 29  10   M    M   9 3      37  10
 3  52  34  43  -8  22   0 0.20    M    M  6.9 21  10   M    M   6 1      26  30
 4  68  33  51  -1  14   0 0.00    M    M  7.1 14 140   M    M   1        20  10
 5  76  42  59   7   6   0 0.00    M    M  6.6 14 150   M    M   1        18 150
 6  83  52  68  16   0   3    T    M    M 11.5 37 210   M    M   4 3      47 220
 7  77  49  63  10   2   0    T    M    M 10.1 30 200   M    M   8 3      41 160
 8  71  45  58   5   7   0 0.44    M    M  9.1 22 350   M    M   6 13     27 360
 9  64  48  56   2   9   0 0.07    M    M  8.6 22 160   M    M   9 13     28 160
10  55  46  51  -3  14   0 0.80    M    M 10.2 21 260   M    M   9 13     25 270
11  62  44  53  -1  12   0 0.01    M    M  7.7 14  10   M    M   4 1      19  20
12  76  43  60   6   5   0 0.00    M    M 11.7 30 160   M    M   2        37 160
13  83  46  65  10   0   0 0.00    M    M 11.3 25 200   M    M   4        32 200
14  75  48  62   7   3   0 0.00    M    M  9.0 23 170   M    M   4        31 150
15  80  50  65   9   0   0 0.00    M    M  8.4 25 220   M    M   6        34 200
16  71  45  58   2   7   0    T    M    M 10.0 26 100   M    M   4 38     33 100
17  69  37  53  -3  12   0 0.35    M    M 11.5 29 360   M    M   8 13     35 360
18  40  32  36 -20  29   0 1.18    M    M 10.7 23 330   M    M  10 1      31 350
19  37  32  35 -22  30   0 0.03    M    M 10.4 17 350   M    M  10 1      20 330
20  60  31  46 -11  19   0 0.00    M    M  6.9 23 340   M    M   5        29 350
21  65  36  51  -6  14   0 0.02    M    M  6.1 29 360   M    M   5        33 360
22  65  40  53  -5  12   0 0.16    M    M  8.1 29  10   M    M   7 1      38  30
23  60  37  49  -9  16   0 0.00    M    M  9.5 22 360   M    M   5        32 330
================================================================================
SM 1510  942       266   3  3.29    M    208.4          M      132
================================================================================
AV 65.7 41.0                               9.1 FASTST   M    M   6    MAX(MPH)
                                 MISC ---->  # 37 210               # 47  220
================================================================================
NOTES:
# LAST OF SEVERAL OCCURRENCES

COLUMN 17 PEAK WIND IN M.P.H.

PRELIMINARY LOCAL CLIMATOLOGICAL DATA (WS FORM: F-6) , PAGE 2

                                          STATION:  CENTENNIAL CO
                                          MONTH:    MAY
                                          YEAR:     2017
                                          LATITUDE:   39 33 N
                                          LONGITUDE: 104 51 W

[TEMPERATURE DATA]      [PRECIPITATION DATA]       SYMBOLS USED IN COLUMN 16

AVERAGE MONTHLY: 53.3   TOTAL FOR MONTH:   3.29    1 = FOG OR MIST
DPTR FM NORMAL:  -1.1   DPTR FM NORMAL:    1.52    2 = FOG REDUCING VISIBILITY
HIGHEST:    83 ON 13, 6 GRTST 24HR  1.18 ON 18-18      TO 1/4 MILE OR LESS
LOWEST:     31 ON 20                               3 = THUNDER
                        SNOW, ICE PELLETS, HAIL    4 = ICE PELLETS
                        TOTAL MONTH:    M          5 = HAIL
                        GRTST 24HR    M  ON   M    6 = FREEZING RAIN OR DRIZZLE
                        GRTST DEPTH:  M  ON   M    7 = DUSTSTORM OR SANDSTORM:
                                                       VSBY 1/2 MILE OR LESS
                                                   8 = SMOKE OR HAZE
[NO. OF DAYS WITH]      [WEATHER - DAYS WITH]      9 = BLOWING SNOW
                                                   X = TORNADO
MAX 32 OR BELOW:   0    0.01 INCH OR MORE:  11
MAX 90 OR ABOVE:   0    0.10 INCH OR MORE:   6
MIN 32 OR BELOW:   3    0.50 INCH OR MORE:   2
MIN  0 OR BELOW:   0    1.00 INCH OR MORE:   1

[HDD (BASE 65) ]
TOTAL THIS MO.   266    CLEAR  (SCALE 0-3)   3
DPTR FM NORMAL    20    PTCLDY (SCALE 4-7)  15
TOTAL FM JUL 1  5040    CLOUDY (SCALE 8-10)  5
DPTR FM NORMAL -1023

[CDD (BASE 65) ]
TOTAL THIS MO.     3
DPTR FM NORMAL     3    [PRESSURE DATA]
TOTAL FM JAN 1     3    HIGHEST SLP M ON M
DPTR FM NORMAL     3    LOWEST  SLP 29.36 ON 16

[REMARKS]
