000
CXUS56 KMTR 311000
CF6APC
PRELIMINARY LOCAL CLIMATOLOGICAL DATA (WS FORM: F-6)

                                          STATION:   NAPA AIRPORT
                                          MONTH:     AUGUST
                                          YEAR:      2015
                                          LATITUDE:   38 13 N
                                          LONGITUDE: 122 17 W

  TEMPERATURE IN F:       :PCPN:    SNOW:  WIND      :SUNSHINE: SKY     :PK WND
================================================================================
1   2   3   4   5  6A  6B    7    8   9   10  11  12  13   14  15   16   17  18
                                     12Z  AVG MX 2MIN
DY MAX MIN AVG DEP HDD CDD  WTR  SNW DPTH SPD SPD DIR MIN PSBL S-S WX    SPD DR
================================================================================

 1  83  59  71   6   0   6 0.00  0.0    0 14.3 22 270   M    M   3        27 270
 2  81  59  70   5   0   5 0.00  0.0    0 13.3 21 270   M    M   5        25 270
 3  82  58  70   5   0   5    T  0.0    0 13.9 23 260   M    M   2        27 260
 4  76  55  66   1   0   1 0.00  0.0    0 10.4 20 270   M    M   1        25 270
 5  85  49  67   2   0   2 0.00  0.0    0  6.3 15 260   M    M   0 1      21 260
 6  77  54  66   1   0   1 0.01  0.0    0  8.2 21 200   M    M   0        26 200
 7  76  56  66   1   0   1    T  0.0    0 13.8 28 200   M    M   1        31 200
 8  73  58  66   1   0   1 0.00  0.0    0 11.5 21 200   M    M   4        25 190
 9  85  50  68   2   0   3 0.00  0.0    0  9.8 21 240   M    M   1 12     25 220
10  85  54  70   4   0   5 0.00  0.0    0 12.5 24 260   M    M   1        29 190
11  83  53  68   2   0   3 0.00  0.0    0 10.1 22 270   M    M   2 1      27 270
12  82  47  65  -1   0   0 0.00  0.0    0  9.3 23 260   M    M   0        29 260
13  82  58  70   4   0   5 0.00  0.0    0 10.3 22 260   M    M   3 1      29 260
14  84  55  70   4   0   5 0.00  0.0    0  9.2 18 200   M    M   1        22 200
15  96  51  74   8   0   9 0.00  0.0    0  4.2 16 200   M    M   1 18     19 200
16 101  56  79  13   0  14 0.00  0.0    0  5.2 13 270   M    M   0 18     16 270
17  85  54  70   4   0   5 0.00  0.0    0  8.0 17 200   M    M   0 8      26 200
18  76  56  66   0   0   1    T  0.0    0 11.5 21 270   M    M   3 18     24 260
19  77  55  66   0   0   1 0.00  0.0    0 12.4 21 270   M    M   4        26 270
20  74  58  66   0   0   1 0.00  0.0    0 12.1 18 200   M    M   6        30 300
21  72  58  65  -1   0   0 0.00  0.0    0 11.0 23 190   M    M   6        27 180
22  76  58  67   1   0   2 0.00  0.0    0 11.7 24 190   M    M   5        29 190
23  76  58  67   1   0   2 0.00  0.0    0 11.6 21 200   M    M   5        24 210
24  81  55  68   2   0   3 0.00  0.0    0  9.3 16 230   M    M   2        20 200
25  80  52  66   0   0   1 0.00  0.0    0  8.1 20 210   M    M   2 1      23 220
26  88  53  71   5   0   6 0.00  0.0    0  7.1 21 260   M    M   2 1      26 250
27  93  53  73   7   0   8 0.00  0.0    0  7.0 23 270   M    M   0        28 270
28  93  55  74   8   0   9 0.00  0.0    0  7.8 21 270   M    M   0        25 270
29  81  62  72   6   0   7 0.00  0.0    0 11.7 23 260   M    M   4        27 260
30  83  57  70   4   0   5 0.00  0.0    0  7.3 20 240   M    M   1        25 200
================================================================================
SM 2466 1656         0 117  0.01     0.0 298.9          M       65
================================================================================
AV 82.2 55.2                              10.0 FASTST   M    M   2    MAX(MPH)
                                 MISC ---->  # 28 200               # 31  200
================================================================================
NOTES:
# LAST OF SEVERAL OCCURRENCES

COLUMN 17 PEAK WIND IN M.P.H.

PRELIMINARY LOCAL CLIMATOLOGICAL DATA (WS FORM: F-6) , PAGE 2

                                          STATION:  NAPA AIRPORT
                                          MONTH:    AUGUST
                                          YEAR:     2015
                                          LATITUDE:   38 13 N
                                          LONGITUDE: 122 17 W

[TEMPERATURE DATA]      [PRECIPITATION DATA]       SYMBOLS USED IN COLUMN 16

AVERAGE MONTHLY: 68.7   TOTAL FOR MONTH:   0.01    1 = FOG OR MIST
DPTR FM NORMAL:   3.0   DPTR FM NORMAL:   -0.02    2 = FOG REDUCING VISIBILITY
HIGHEST:   101 ON 16    GRTST 24HR  0.01 ON  6- 6      TO 1/4 MILE OR LESS
LOWEST:     47 ON 12                               3 = THUNDER
                        SNOW, ICE PELLETS, HAIL    4 = ICE PELLETS
                        TOTAL MONTH:   0.0 INCH    5 = HAIL
                        GRTST 24HR     0.0         6 = FREEZING RAIN OR DRIZZLE
                        GRTST DEPTH:   0           7 = DUSTSTORM OR SANDSTORM:
                                                       VSBY 1/2 MILE OR LESS
                                                   8 = SMOKE OR HAZE
[NO. OF DAYS WITH]      [WEATHER - DAYS WITH]      9 = BLOWING SNOW
                                                   X = TORNADO
MAX 32 OR BELOW:   0    0.01 INCH OR MORE:   1
MAX 90 OR ABOVE:   4    0.10 INCH OR MORE:   0
MIN 32 OR BELOW:   0    0.50 INCH OR MORE:   0
MIN  0 OR BELOW:   0    1.00 INCH OR MORE:   0

[HDD (BASE 65) ]
TOTAL THIS MO.     0    CLEAR  (SCALE 0-3)  20
DPTR FM NORMAL   -30    PTCLDY (SCALE 4-7)  10
TOTAL FM JUL 1     6    CLOUDY (SCALE 8-10)  0
DPTR FM NORMAL   -64

[CDD (BASE 65) ]
TOTAL THIS MO.   117
DPTR FM NORMAL    60    [PRESSURE DATA]
TOTAL FM JAN 1   261    HIGHEST SLP M ON M
DPTR FM NORMAL    95    LOWEST  SLP 29.80 ON 16

[REMARKS]
