000
CXUS52 KMFL 281000
CF6APF
PRELIMINARY LOCAL CLIMATOLOGICAL DATA (WS FORM: F-6)

                                          STATION:   NAPLES
                                          MONTH:     JANUARY
                                          YEAR:      2015
                                          LATITUDE:   26  8 N
                                          LONGITUDE:  81 46 W

  TEMPERATURE IN F:       :PCPN:    SNOW:  WIND      :SUNSHINE: SKY     :PK WND
================================================================================
1   2   3   4   5  6A  6B    7    8   9   10  11  12  13   14  15   16   17  18
                                     12Z  AVG MX 2MIN
DY MAX MIN AVG DEP HDD CDD  WTR  SNW DPTH SPD SPD DIR MIN PSBL S-S WX    SPD DR
================================================================================

 1  81  68  75  10   0  10 0.00  0.0    0  5.5 12  30   M    M   8 1      17  50
 2  84  67  76  11   0  11 0.00  0.0    0  5.7 15 100   M    M   4 1      17  90
 3  85  69  77  12   0  12 0.00  0.0    0 10.3 21 150   M    M   1 1      27 120
 4  84  68  76  11   0  11 0.00  0.0    0  7.5 22 140   M    M   1        28 150
 5  82  67  75  11   0  10    T  0.0    0  7.1 16  60   M    M   7 1      20  70
 6  82  60  71   7   0   6 0.00  0.0    0  7.4 15 290   M    M   1        18  40
 7  75  59  67   3   0   2 0.00  0.0    0  8.1 15 300   M    M   0        22 330
 8  68  48  58  -6   7   0 0.00  0.0    0 12.8 21  40   M    M   1        29  40
 9  74  54  64   0   1   0 0.00  0.0    0  7.0 13  20   M    M   6        19 360
10  75  53  64   0   1   0 0.00  0.0    0 10.1 16  60   M    M   3        20  30
11  84  59  72   8   0   7 0.09  0.0    0  9.3 21  90   M    M   3 18     29  90
12  80  67  74  10   0   9 0.01  0.0    M  7.3 17 140   M    M   4 1      21 140
13  84  63  74  10   0   9    T  0.0    0  7.5 15 300   M    M   4 1      19 310
14  74  66  70   6   0   5 0.00  0.0    0  7.7 14  50   M    M   9 1      18  40
15  71  63  67   3   0   2 0.00  0.0    0  6.2 12  50   M    M   9 1      14  40
16  73  56  65   1   0   0    T  0.0    0  7.6 17 360   M    M   6        24 360
17  77  50  64   0   1   0 0.00  0.0    0  5.7 15 110   M    M   2        20 110
18  74  60  67   3   0   2 0.00  0.0    0  6.0 16 300   M    M   2        21 300
19  73  50  62  -2   3   0 0.00  0.0    0  6.7 16  60   M    M   0 1      21  70
20  71  58  65   1   0   0    T  0.0    0  5.2 12  70   M    M   5        14 130
21  79  61  70   6   0   5 0.00  0.0    0  4.4 12  80   M    M   3        14  80
22  82  62  72   8   0   7 0.00  0.0    0  7.6 15 130   M    M   4 8      20 130
23  80  66  73   9   0   8 0.00  0.0    0 13.7 26 160   M    M   0        35 160
24  74  58  66   2   0   1    T  0.0    0 13.3 24 300   M    M   6 18     33 300
25  67  48  58  -6   7   0 0.00  0.0    0  5.4 12 310   M    M   0        17 300
26  72  57  65   0   0   0    T  0.0    0 15.2 28 290   M    M   7 18     37 290
27  67  55  61  -4   4   0 0.00  0.0    0 10.2 22 300   M    M   2        30 320
================================================================================
SM 2072 1612        24 117  0.10     0.0 220.5          M       98
================================================================================
AV 76.7 59.7                               8.2 FASTST   M    M   4    MAX(MPH)
                                 MISC ---->  # 28 290               # 37  290
================================================================================
NOTES:
# LAST OF SEVERAL OCCURRENCES

COLUMN 17 PEAK WIND IN M.P.H.

PRELIMINARY LOCAL CLIMATOLOGICAL DATA (WS FORM: F-6) , PAGE 2

                                          STATION:  NAPLES
                                          MONTH:    JANUARY
                                          YEAR:     2015
                                          LATITUDE:   26  8 N
                                          LONGITUDE:  81 46 W

[TEMPERATURE DATA]      [PRECIPITATION DATA]       SYMBOLS USED IN COLUMN 16

AVERAGE MONTHLY: 68.2   TOTAL FOR MONTH:   0.10    1 = FOG OR MIST
DPTR FM NORMAL:   4.0   DPTR FM NORMAL:   -1.45    2 = FOG REDUCING VISIBILITY
HIGHEST:    85 ON  3    GRTST 24HR  0.09 ON 11-11      TO 1/4 MILE OR LESS
LOWEST:     48 ON 25, 8                            3 = THUNDER
                        SNOW, ICE PELLETS, HAIL    4 = ICE PELLETS
                        TOTAL MONTH:   0.0 INCH    5 = HAIL
                        GRTST 24HR     0.0         6 = FREEZING RAIN OR DRIZZLE
                        GRTST DEPTH:   0           7 = DUSTSTORM OR SANDSTORM:
                                                       VSBY 1/2 MILE OR LESS
                                                   8 = SMOKE OR HAZE
[NO. OF DAYS WITH]      [WEATHER - DAYS WITH]      9 = BLOWING SNOW
                                                   X = TORNADO
MAX 32 OR BELOW:   0    0.01 INCH OR MORE:   2
MAX 90 OR ABOVE:   0    0.10 INCH OR MORE:   0
MIN 32 OR BELOW:   0    0.50 INCH OR MORE:   0
MIN  0 OR BELOW:   0    1.00 INCH OR MORE:   0

[HDD (BASE 65) ]
TOTAL THIS MO.    24    CLEAR  (SCALE 0-3)  14
DPTR FM NORMAL   -70    PTCLDY (SCALE 4-7)  10
TOTAL FM JUL 1   104    CLOUDY (SCALE 8-10)  3
DPTR FM NORMAL   -68

[CDD (BASE 65) ]
TOTAL THIS MO.   117
DPTR FM NORMAL    37    [PRESSURE DATA]
TOTAL FM JAN 1   117    HIGHEST SLP M ON M
DPTR FM NORMAL    37    LOWEST  SLP 29.86 ON 26

[REMARKS]
