675
CXUS53 KAPX 290631
CF6APX
PRELIMINARY LOCAL CLIMATOLOGICAL DATA (WS FORM: F-6)

                                          STATION:   GAYLORD  WFO
                                          MONTH:     JULY
                                          YEAR:      2016
                                          LATITUDE:   45  4 N
                                          LONGITUDE:  84 43 W

  TEMPERATURE IN F:       :PCPN:    SNOW:  WIND      :SUNSHINE: SKY     :PK WND
================================================================================
1   2   3   4   5  6A  6B    7    8   9   10  11  12  13   14  15   16   17  18
                                     12Z  AVG MX 2MIN
DY MAX MIN AVG DEP HDD CDD  WTR  SNW DPTH SPD SPD DIR MIN PSBL S-S WX    SPD DR
================================================================================

 1  65  52  59  -7   6   0 0.45  0.0    0   M   M   M   M    M   M         M  M
 2  74  50  62  -4   3   0 0.00  0.0    0   M   M   M   M    M   M         M  M
 3  80  53  67   1   0   2 0.00  0.0    0   M   M   M   M    M   M         M  M
 4  82  52  67   1   0   2 0.00  0.0    0   M   M   M   M    M   M         M  M
 5  82  59  71   5   0   6 0.00  0.0    0   M   M   M   M    M   M         M  M
 6  82  65  74   8   0   9    T  0.0    0   M   M   M   M    M   M         M  M
 7  84  65  75   9   0  10    T  0.0    0   M   M   M   M    M   M         M  M
 8  75  57  66   0   0   1 1.66  0.0    0   M   M   M   M    M   M         M  M
 9  74  58  66   0   0   1    T  0.0    0   M   M   M   M    M   M         M  M
10  80  53  67   1   0   2    T  0.0    0   M   M   M   M    M   M         M  M
11  81  62  72   6   0   7 0.01  0.0    0   M   M   M   M    M   M         M  M
12   M   M   M   M   M   M    M    M    M   M   M   M   M    M   M         M  M
13  89  64  77  11   0  12 0.00  0.0    0   M   M   M   M    M   M         M  M
14  74  56  65  -2   0   0 0.10  0.0    0   M   M   M   M    M   M         M  M
15  62  50  56 -11   9   0 0.04  0.0    0   M   M   M   M    M   M         M  M
16  72  44  58  -9   7   0 0.00  0.0    0   M   M   M   M    M   M         M  M
17  70  55  63  -4   2   0 0.42  0.0    0   M   M   M   M    M   M         M  M
18  73  55  64  -3   1   0 0.00  0.0    0   M   M   M   M    M   M         M  M
19  75  49  62  -5   3   0 0.00  0.0    0   M   M   M   M    M   M         M  M
20  88  53  71   4   0   6 0.00  0.0    0   M   M   M   M    M   M         M  M
21  82  68  75   8   0  10 0.28  0.0    0   M   M   M   M    M   M 3       M  M
22  85  68  77  10   0  12 0.00  0.0    0   M   M   M   M    M   M         M  M
23  87  63  75   8   0  10 0.00  0.0    0   M   M   M   M    M   M         M  M
24  83  69  76   9   0  11    T  0.0    0   M   M   M   M    M   M         M  M
25  78  59  69   2   0   4 0.00  0.0    0   M   M   M   M    M   M         M  M
26  84  57  71   4   0   6 0.00  0.0    0   M   M   M   M    M   M         M  M
27  85  66  76  10   0  11 0.00  0.0    0   M   M   M   M    M   M         M  M
28  77  58  68   2   0   3 0.03  0.0    0   M   M   M   M    M   M         M  M
================================================================================
SM 2123 1560        31 125  2.99     0.0     M          M        M
================================================================================
AV 78.6 57.8                                 M FASTST   M    M   3    MAX(MPH)
                                 MISC ---->     M   M                  M    M
================================================================================
NOTES:
# LAST OF SEVERAL OCCURRENCES

COLUMN 17 PEAK WIND IN M.P.H.

PRELIMINARY LOCAL CLIMATOLOGICAL DATA (WS FORM: F-6) , PAGE 2

                                          STATION:  GAYLORD  WFO
                                          MONTH:    JULY
                                          YEAR:     2016
                                          LATITUDE:   45  4 N
                                          LONGITUDE:  84 43 W

[TEMPERATURE DATA]      [PRECIPITATION DATA]       SYMBOLS USED IN COLUMN 16

AVERAGE MONTHLY: 68.2   TOTAL FOR MONTH:   2.99    1 = FOG OR MIST
DPTR FM NORMAL:   1.7   DPTR FM NORMAL:    0.16    2 = FOG REDUCING VISIBILITY
HIGHEST:    89 ON 13    GRTST 24HR  1.66 ON  8- 8      TO 1/4 MILE OR LESS
LOWEST:     44 ON 16                               3 = THUNDER
                        SNOW, ICE PELLETS, HAIL    4 = ICE PELLETS
                        TOTAL MONTH:   0.0 INCH    5 = HAIL
                        GRTST 24HR     0.0         6 = FREEZING RAIN OR DRIZZLE
                        GRTST DEPTH:   0           7 = DUSTSTORM OR SANDSTORM:
                                                       VSBY 1/2 MILE OR LESS
                                                   8 = SMOKE OR HAZE
[NO. OF DAYS WITH]      [WEATHER - DAYS WITH]      9 = BLOWING SNOW
                                                   X = TORNADO
MAX 32 OR BELOW:   0    0.01 INCH OR MORE:   8
MAX 90 OR ABOVE:   0    0.10 INCH OR MORE:   5
MIN 32 OR BELOW:   0    0.50 INCH OR MORE:   1
MIN  0 OR BELOW:   0    1.00 INCH OR MORE:   1

[HDD (BASE 65) ]
TOTAL THIS MO.    31    CLEAR  (SCALE 0-3)   0
DPTR FM NORMAL   -24    PTCLDY (SCALE 4-7)   0
TOTAL FM JUL 1    31    CLOUDY (SCALE 8-10)  0
DPTR FM NORMAL   -24

[CDD (BASE 65) ]
TOTAL THIS MO.   125
DPTR FM NORMAL    41    [PRESSURE DATA]
TOTAL FM JAN 1   205    HIGHEST SLP M ON M
DPTR FM NORMAL    50    LOWEST  SLP M ON M

[REMARKS]
