000
CXUS53 KAPX 190631
CF6APX
PRELIMINARY LOCAL CLIMATOLOGICAL DATA (WS FORM: F-6)

                                          STATION:   GAYLORD  WFO
                                          MONTH:     DECEMBER
                                          YEAR:      2014
                                          LATITUDE:   45  4 N
                                          LONGITUDE:  84 43 W

  TEMPERATURE IN F:       :PCPN:    SNOW:  WIND      :SUNSHINE: SKY     :PK WND
================================================================================
1   2   3   4   5  6A  6B    7    8   9   10  11  12  13   14  15   16   17  18
                                     12Z  AVG MX 2MIN
DY MAX MIN AVG DEP HDD CDD  WTR  SNW DPTH SPD SPD DIR MIN PSBL S-S WX    SPD DR
================================================================================

 1  23   7  15 -12  50   0    T    T    T   M   M   M   M    M   M         M  M
 2  25   6  16 -11  49   0 0.01  0.1    T   M   M   M   M    M   M         M  M
 3  27  20  24  -3  41   0    T    T    T   M   M   M   M    M   M         M  M
 4  28  16  22  -4  43   0    T    T    T   M   M   M   M    M   M         M  M
 5  34  21  28   2  37   0 0.00  0.0    T   M   M   M   M    M   M 1       M  M
 6  33  20  27   1  38   0    T  0.0    T   M   M   M   M    M   M 1       M  M
 7  32  17  25   0  40   0 0.00  0.0    T   M   M   M   M    M   M         M  M
 8  33  26  30   5  35   0 0.13  1.4    T   M   M   M   M    M   M         M  M
 9  32  22  27   2  38   0    T    T    1   M   M   M   M    M   M         M  M
10  25  15  20  -4  45   0    T    T    1   M   M   M   M    M   M         M  M
11  33  16  25   1  40   0 0.00  0.0    1   M   M   M   M    M   M         M  M
12  30  27  29   5  36   0 0.00  0.0    1   M   M   M   M    M   M         M  M
13  36  29  33   9  32   0    T  0.0    1   M   M   M   M    M   M         M  M
14  41  35  38  15  27   0 0.06  0.0    T   M   M   M   M    M   M         M  M
15  44  40  42  19  23   0 0.03  0.0    T   M   M   M   M    M   M 12      M  M
16  42  33  38  15  27   0 0.30    T    0   M   M   M   M    M   M         M  M
17  33  23  28   6  37   0 0.29  1.9    T   M   M   M   M    M   M         M  M
18  24   9  17  -5  48   0 0.00  0.0    1   M   M   M   M    M   M         M  M
================================================================================
SM  575  382       686   0  0.82     3.4     M          M        M
================================================================================
AV 31.9 21.2                                 M FASTST   M    M   7    MAX(MPH)
                                 MISC ---->     M   M                  M    M
================================================================================
NOTES:
# LAST OF SEVERAL OCCURRENCES

COLUMN 17 PEAK WIND IN M.P.H.

PRELIMINARY LOCAL CLIMATOLOGICAL DATA (WS FORM: F-6) , PAGE 2

                                          STATION:  GAYLORD  WFO
                                          MONTH:    DECEMBER
                                          YEAR:     2014
                                          LATITUDE:   45  4 N
                                          LONGITUDE:  84 43 W

[TEMPERATURE DATA]      [PRECIPITATION DATA]       SYMBOLS USED IN COLUMN 16

AVERAGE MONTHLY: 26.6   TOTAL FOR MONTH:   0.82    1 = FOG OR MIST
DPTR FM NORMAL:   2.0   DPTR FM NORMAL:   -1.13    2 = FOG REDUCING VISIBILITY
HIGHEST:    44 ON 15    GRTST 24HR  0.30 ON 16-16      TO 1/4 MILE OR LESS
LOWEST:      6 ON  2                               3 = THUNDER
                        SNOW, ICE PELLETS, HAIL    4 = ICE PELLETS
                        TOTAL MONTH:   3.4 INCHES  5 = HAIL
                        GRTST 24HR   1.9 ON   M    6 = FREEZING RAIN OR DRIZZLE
                        GRTST DEPTH:   1 ON 18,13  7 = DUSTSTORM OR SANDSTORM:
                                                       VSBY 1/2 MILE OR LESS
                                                   8 = SMOKE OR HAZE
[NO. OF DAYS WITH]      [WEATHER - DAYS WITH]      9 = BLOWING SNOW
                                                   X = TORNADO
MAX 32 OR BELOW:   9    0.01 INCH OR MORE:   6
MAX 90 OR ABOVE:   0    0.10 INCH OR MORE:   3
MIN 32 OR BELOW:  15    0.50 INCH OR MORE:   0
MIN  0 OR BELOW:   0    1.00 INCH OR MORE:   0

[HDD (BASE 65) ]
TOTAL THIS MO.   686    CLEAR  (SCALE 0-3)   0
DPTR FM NORMAL   -41    PTCLDY (SCALE 4-7)   0
TOTAL FM JUL 1  2811    CLOUDY (SCALE 8-10)  0
DPTR FM NORMAL   130

[CDD (BASE 65) ]
TOTAL THIS MO.     0
DPTR FM NORMAL     0    [PRESSURE DATA]
TOTAL FM JAN 1   193    HIGHEST SLP M ON M
DPTR FM NORMAL   -68    LOWEST  SLP M ON M

[REMARKS]
