000
CXUS54 KEWX 230910
CF6AQO
PRELIMINARY LOCAL CLIMATOLOGICAL DATA (WS FORM: F-6)

                                          STATION:   Llano Municipal Airport
                                          MONTH:     OCTOBER
                                          YEAR:      2017
                                          LATITUDE:   30 47 N
                                          LONGITUDE:  98 40 W

  TEMPERATURE IN F:       :PCPN:    SNOW:  WIND      :SUNSHINE: SKY     :PK WND
================================================================================
1   2   3   4   5  6A  6B    7    8   9   10  11  12  13   14  15   16   17  18
                                     12Z  AVG MX 2MIN
DY MAX MIN AVG DEP HDD CDD  WTR  SNW DPTH SPD SPD DIR MIN PSBL S-S WX    SPD DR
================================================================================

 1  90  59  75   M   0  10 0.00    M    M  1.7 10 140   M    M   0 1       M  M
 2  90  64  77   M   0  12 0.00    M    M  3.5 12 100   M    M   0        20 100
 3  84  70  77   M   0  12 0.31    M    M  2.1 10  90   M    M   6 13      M  M
 4  88  72  80   M   0  15 0.00    M    M  3.8  8  70   M    M   5 1       M  M
 5  88  66  77   M   0  12 0.00    M    M  1.0  6  90   M    M   1 18      M  M
 6  88  64  76   M   0  11 0.00    M    M  2.5 10 140   M    M   1 1       M  M
 7  86  61  74   M   0   9 0.00    M    M  1.3  6  10   M    M   3         M  M
 8  91  54  73   M   0   8 0.00    M    M  1.3  8 150   M    M   0         M  M
 9  95  66  81   M   0  16 0.00    M    M  5.4 18  10   M    M   1        24  10
10  73  54  64   M   1   0 0.07    M    M  9.0 20 260   M    M   5 3      25 260
11  81  50  66   M   0   1 0.00    M    M  1.6  8  30   M    M   1         M  M
12  88  55  72   M   0   7 0.00    M    M  2.6 13 160   M    M   0         M  M
13  91  63  77   M   0  12 0.00    M    M  2.7 10 150   M    M   0 1       M  M
14  91  64  78   M   0  13 0.00    M    M  3.6 10 140   M    M   0 18     16 120
15  77  61  69   M   0   4 0.00    M    M  9.2 20  10   M    M   3        25  10
16  77  45  61   M   4   0 0.00    M    M  4.4 10  30   M    M   0 8      18  30
17  81  37  59   M   6   0 0.00    M    M  0.1  4  90   M    M   0         M  M
18  84  39  62   M   3   0 0.00    M    M  1.7  9 140   M    M   0         M  M
19  84  48  66   M   0   1 0.00    M    M  2.8 10 120   M    M   0         M  M
20  82  59  71   M   0   6 0.00    M    M  2.5 13 100   M    M   5         M  M
21  90  64  77   M   0  12 0.00    M    M  4.8 14 150   M    M   6        20 150
22  77  48  63   M   2   0 0.07    M    0  4.9 20 310   M    M   2 3       M  M
================================================================================
SM 1876 1263        16 161  0.45    M     72.5          M       39
================================================================================
AV 85.3 57.4                               3.3 FASTST   M    M   2    MAX(MPH)
                                 MISC ---->  # 20 260               # 25  260
================================================================================
NOTES:
# LAST OF SEVERAL OCCURRENCES

COLUMN 17 PEAK WIND IN M.P.H.

PRELIMINARY LOCAL CLIMATOLOGICAL DATA (WS FORM: F-6) , PAGE 2

                                          STATION:  Llano Municipal Airport
                                          MONTH:    OCTOBER
                                          YEAR:     2017
                                          LATITUDE:   30 47 N
                                          LONGITUDE:  98 40 W

[TEMPERATURE DATA]      [PRECIPITATION DATA]       SYMBOLS USED IN COLUMN 16

AVERAGE MONTHLY: 71.3   TOTAL FOR MONTH:   0.45    1 = FOG OR MIST
DPTR FM NORMAL:     M   DPTR FM NORMAL:       M    2 = FOG REDUCING VISIBILITY
HIGHEST:    95 ON  9    GRTST 24HR  0.31 ON  3- 3      TO 1/4 MILE OR LESS
LOWEST:     37 ON 17                               3 = THUNDER
                        SNOW, ICE PELLETS, HAIL    4 = ICE PELLETS
                        TOTAL MONTH:    M          5 = HAIL
                        GRTST 24HR    M  ON   M    6 = FREEZING RAIN OR DRIZZLE
                        GRTST DEPTH:   0           7 = DUSTSTORM OR SANDSTORM:
                                                       VSBY 1/2 MILE OR LESS
                                                   8 = SMOKE OR HAZE
[NO. OF DAYS WITH]      [WEATHER - DAYS WITH]      9 = BLOWING SNOW
                                                   X = TORNADO
MAX 32 OR BELOW:   0    0.01 INCH OR MORE:   3
MAX 90 OR ABOVE:   7    0.10 INCH OR MORE:   1
MIN 32 OR BELOW:   0    0.50 INCH OR MORE:   0
MIN  0 OR BELOW:   0    1.00 INCH OR MORE:   0

[HDD (BASE 65) ]
TOTAL THIS MO.    16    CLEAR  (SCALE 0-3)  16
DPTR FM NORMAL     M    PTCLDY (SCALE 4-7)   6
TOTAL FM JUL 1    16    CLOUDY (SCALE 8-10)  0
DPTR FM NORMAL     M

[CDD (BASE 65) ]
TOTAL THIS MO.   161
DPTR FM NORMAL     M    [PRESSURE DATA]
TOTAL FM JAN 1  2819    HIGHEST SLP M ON M
DPTR FM NORMAL     M    LOWEST  SLP M ON M

[REMARKS]
