000
CXUS54 KLCH 231556
CF6ARA
PRELIMINARY LOCAL CLIMATOLOGICAL DATA (WS FORM: F-6)

                                          STATION:   NEW IBERIA
                                          MONTH:     JANUARY
                                          YEAR:      2017
                                          LATITUDE:   30  1 N
                                          LONGITUDE:  91 53 W

  TEMPERATURE IN F:       :PCPN:    SNOW:  WIND      :SUNSHINE: SKY     :PK WND
================================================================================
1   2   3   4   5  6A  6B    7    8   9   10  11  12  13   14  15   16   17  18
                                     12Z  AVG MX 2MIN
DY MAX MIN AVG DEP HDD CDD  WTR  SNW DPTH SPD SPD DIR MIN PSBL S-S WX    SPD DR
================================================================================

 1  73  63  68  15   0   3 0.15  0.0    0  5.5 13 150   M    M   8 12     17 230
 2  76  55  66  13   0   1 0.28  0.0    0 10.8 29 220   M    M   8 128    41 220
 3  75  51  63  10   2   0 0.00  0.0    0  6.4 18 240   M    M   4 12     26 270
 4  62  47  55   2  10   0 0.00  0.0    0  9.0 17 360   M    M   4        20 360
 5  70  44  57   4   8   0 0.07    M    0  7.9 20  10   M    M   8 1      24  10
 6  47  29  38 -15  27   0 0.27    M    0 19.2 29 360   M    M  10 18     35 360
 7  38  23  31 -22  34   0    T    M    0 15.9 30 360   M    M   1        38 350
 8  49  24  37 -16  28   0 0.00  0.0    0  7.2 15  40   M    M   1        19  70
 9  64  37  51  -2  14   0 0.00  0.0    0 11.6 26 130   M    M   8        31 130
10  76  56  66  13   0   1 0.00  0.0    0 15.0 25 210   M    M   3 18     34 190
11  76  61  69  16   0   4    T  0.0    0 12.8 24 190   M    M   4 18     32 180
12  80  62  71  18   0   6 0.00  0.0    0   M   M   M   M    M   3 1       M  M
13  80  61  71  18   0   6 0.01  0.0    0  7.2 16 120   M    M   7 12     20 140
14  76  60  68  15   0   3 0.00  0.0    0  5.6 12 100   M    M   5 12     15 100
15  76  59  68  15   0   3    T  0.0    0 10.0 16 160   M    M   4 1      19 160
16  80  61  71  18   0   6 0.02  0.0    0 13.5 25 160   M    M   6 8      34 160
17  79  66  73  20   0   8    T  0.0    0  9.9 21 190   M    M   7 1      27 170
18  79  69  74  21   0   9 0.01  0.0    0 12.0 21 180   M    M   9 1      26 180
19  72  59  66  13   0   1 1.39  0.0    0  8.7 23 200   M    M   9 123    30 200
20  79  59  69  16   0   4    T  0.0    0  6.5 21 150   M    M   5 12     25 150
21  78  62  70  17   0   5 0.22  0.0    0 11.2 30 170   M    M   8 138    38 180
22  69  58  64  11   1   0    T  0.0    0 17.0 33 300   M    M   5 18     43 290
================================================================================
SM 1554 1166       124  60  2.42     0.0 222.9          M      127
================================================================================
AV 70.6 53.0                              10.6 FASTST   M    M   6    MAX(MPH)
                                 MISC ---->  # 33 300               # 43  290
================================================================================
NOTES:
# LAST OF SEVERAL OCCURRENCES

COLUMN 17 PEAK WIND IN M.P.H.

PRELIMINARY LOCAL CLIMATOLOGICAL DATA (WS FORM: F-6) , PAGE 2

                                          STATION:  NEW IBERIA
                                          MONTH:    JANUARY
                                          YEAR:     2017
                                          LATITUDE:   30  1 N
                                          LONGITUDE:  91 53 W

[TEMPERATURE DATA]      [PRECIPITATION DATA]       SYMBOLS USED IN COLUMN 16

AVERAGE MONTHLY: 61.8   TOTAL FOR MONTH:   2.42    1 = FOG OR MIST
DPTR FM NORMAL:   8.8   DPTR FM NORMAL:   -1.25    2 = FOG REDUCING VISIBILITY
HIGHEST:    80 ON 16,13 GRTST 24HR  3.22 ON 31- 1      TO 1/4 MILE OR LESS
LOWEST:     23 ON  7                               3 = THUNDER
                        SNOW, ICE PELLETS, HAIL    4 = ICE PELLETS
                        TOTAL MONTH:   0.0 INCH    5 = HAIL
                        GRTST 24HR     0.0         6 = FREEZING RAIN OR DRIZZLE
                        GRTST DEPTH:   0           7 = DUSTSTORM OR SANDSTORM:
                                                       VSBY 1/2 MILE OR LESS
                                                   8 = SMOKE OR HAZE
[NO. OF DAYS WITH]      [WEATHER - DAYS WITH]      9 = BLOWING SNOW
                                                   X = TORNADO
MAX 32 OR BELOW:   0    0.01 INCH OR MORE:   9
MAX 90 OR ABOVE:   0    0.10 INCH OR MORE:   5
MIN 32 OR BELOW:   3    0.50 INCH OR MORE:   1
MIN  0 OR BELOW:   0    1.00 INCH OR MORE:   1

[HDD (BASE 65) ]
TOTAL THIS MO.   124    CLEAR  (SCALE 0-3)   2
DPTR FM NORMAL  -161    PTCLDY (SCALE 4-7)  16
TOTAL FM JUL 1   455    CLOUDY (SCALE 8-10)  4
DPTR FM NORMAL  -377

[CDD (BASE 65) ]
TOTAL THIS MO.    60
DPTR FM NORMAL    51    [PRESSURE DATA]
TOTAL FM JAN 1    60    HIGHEST SLP M ON M
DPTR FM NORMAL    51    LOWEST  SLP 29.47 ON 21

[REMARKS]
