000
CXUS54 KHGX 261421
CF6ARM
PRELIMINARY LOCAL CLIMATOLOGICAL DATA (WS FORM: F-6)

                                          STATION:   Wharton
                                          MONTH:     JANUARY
                                          YEAR:      2015
                                          LATITUDE:   29 15 N
                                          LONGITUDE:  96  9 W

  TEMPERATURE IN F:       :PCPN:    SNOW:  WIND      :SUNSHINE: SKY     :PK WND
================================================================================
1   2   3   4   5  6A  6B    7    8   9   10  11  12  13   14  15   16   17  18
                                     12Z  AVG MX 2MIN
DY MAX MIN AVG DEP HDD CDD  WTR  SNW DPTH SPD SPD DIR MIN PSBL S-S WX    SPD DR
================================================================================

 1  46  40  43   M  22   0 0.00  0.0    0  9.4 13  20   M    M  10 1      18  20
 2  49  44  47   M  18   0 0.20  0.0    0  7.2  9 340   M    M  10 1       M  M
 3  55  40  48   M  17   0 0.01  0.0    0  5.0 17 310   M    M   6 1      22 310
 4  52  36  44   M  21   0 0.00  0.0    0 10.9 22 360   M    M   0        29 360
 5  50  31  41   M  24   0 0.00  0.0    0  5.7 15 360   M    M   0        20 360
 6  63  33  48   M  17   0 0.00  0.0    0  1.3  6 190   M    M   0         M  M
 7  56  36  46   M  19   0 0.00  0.0    0 10.1 21 350   M    M   6 1      29 350
 8  41  27  34   M  31   0 0.00  0.0    0  5.8 18 350   M    M   2        22 340
 9  40  35  38   M  27   0 0.04  0.0    0  9.1 15  10   M    M  10 1      22 360
10  39  36  38   M  27   0 0.02    M    0  8.6 12  20   M    M  10        18  10
11  46  38  42   M  23   0 0.05    M    0  6.7 18 280   M    M  10 13     28 280
12  47  44  46   M  19   0 0.00  0.0    0  9.3 18 360   M    M  10 1      24 360
13  44  40  42   M  23   0 0.00  0.0    0 10.5 15 350   M    M  10 1      23 360
14  44  41  43   M  22   0 0.00  0.0    0  8.2 10 360   M    M  10         M  M
15  53  38  46   M  19   0 0.00  0.0    0  7.0 15 340   M    M   5        16 330
16  59  32  46   M  19   0 0.00  0.0    0  1.4  6 140   M    M   0         M  M
17  66  39  53   M  12   0 0.00  0.0    0  4.6 15 200   M    M   2 1      20 200
18  68  40  54   M  11   0 0.00  0.0    0  5.4 10 350   M    M   0         M  M
19  72  35  54   M  11   0 0.00  0.0    0  5.9 15 150   M    M   2 12     18 190
20  74  47  61   M   4   0 0.00  0.0    0  3.4 12 160   M    M   5 12      M  M
21  69  57  63   M   2   0 0.00  0.0    0  7.4 15  80   M    M   9 12     17  70
22  64  44  54   M  11   0 0.40    M    0 15.7 25 360   M    M  10 1      33 360
23  45  38  42   M  23   0 0.00  0.0    0 13.6 21 330   M    M   7 1      27 350
24  59  36  48   M  17   0 0.00  0.0    0  6.0 12 260   M    M   0        17 260
25  68  40  54   M  11   0 0.00  0.0    0  8.1 15 290   M    M   0        22 290
================================================================================
SM 1369  967       450   0  0.72     0.0 186.3          M      134
================================================================================
AV 54.8 38.7                               7.5 FASTST   M    M   5    MAX(MPH)
                                 MISC ---->    25   M                 33    M
================================================================================
NOTES:
# LAST OF SEVERAL OCCURRENCES

COLUMN 17 PEAK WIND IN M.P.H.

PRELIMINARY LOCAL CLIMATOLOGICAL DATA (WS FORM: F-6) , PAGE 2

                                          STATION:  Wharton
                                          MONTH:    JANUARY
                                          YEAR:     2015
                                          LATITUDE:   29 15 N
                                          LONGITUDE:  96  9 W

[TEMPERATURE DATA]      [PRECIPITATION DATA]       SYMBOLS USED IN COLUMN 16

AVERAGE MONTHLY: 46.7   TOTAL FOR MONTH:   0.72    1 = FOG OR MIST
DPTR FM NORMAL:     M   DPTR FM NORMAL:       M    2 = FOG REDUCING VISIBILITY
HIGHEST:    74 ON 20    GRTST 24HR  0.40 ON 22-22      TO 1/4 MILE OR LESS
LOWEST:     27 ON  8                               3 = THUNDER
                        SNOW, ICE PELLETS, HAIL    4 = ICE PELLETS
                        TOTAL MONTH:   0.0 INCH    5 = HAIL
                        GRTST 24HR     0.0         6 = FREEZING RAIN OR DRIZZLE
                        GRTST DEPTH:   0           7 = DUSTSTORM OR SANDSTORM:
                                                       VSBY 1/2 MILE OR LESS
                                                   8 = SMOKE OR HAZE
[NO. OF DAYS WITH]      [WEATHER - DAYS WITH]      9 = BLOWING SNOW
                                                   X = TORNADO
MAX 32 OR BELOW:   0    0.01 INCH OR MORE:   6
MAX 90 OR ABOVE:   0    0.10 INCH OR MORE:   2
MIN 32 OR BELOW:   3    0.50 INCH OR MORE:   0
MIN  0 OR BELOW:   0    1.00 INCH OR MORE:   0

[HDD (BASE 65) ]
TOTAL THIS MO.   450    CLEAR  (SCALE 0-3)  10
DPTR FM NORMAL     M    PTCLDY (SCALE 4-7)   5
TOTAL FM JUL 1   946    CLOUDY (SCALE 8-10) 10
DPTR FM NORMAL     M

[CDD (BASE 65) ]
TOTAL THIS MO.     0
DPTR FM NORMAL     M    [PRESSURE DATA]
TOTAL FM JAN 1     0    HIGHEST SLP M ON M
DPTR FM NORMAL     M    LOWEST  SLP M ON M

[REMARKS]
