000
CXUS54 KHGX 011415
CF6ARM
PRELIMINARY LOCAL CLIMATOLOGICAL DATA (WS FORM: F-6)

                                          STATION:   Wharton
                                          MONTH:     AUGUST
                                          YEAR:      2014
                                          LATITUDE:   29 15 N
                                          LONGITUDE:  96  9 W

  TEMPERATURE IN F:       :PCPN:    SNOW:  WIND      :SUNSHINE: SKY     :PK WND
================================================================================
1   2   3   4   5  6A  6B    7    8   9   10  11  12  13   14  15   16   17  18
                                     12Z  AVG MX 2MIN
DY MAX MIN AVG DEP HDD CDD  WTR  SNW DPTH SPD SPD DIR MIN PSBL S-S WX    SPD DR
================================================================================

 1  89  72  81   M   0  16 1.01  0.0    0  5.3 12 310   M    M   6 3       M  M
 2  83  68  76   M   0  11 0.00  0.0    0  5.8 12 360   M    M   4 13      M  M
 3  90  69  80   M   0  15 0.00  0.0    0  4.9 10 350   M    M   2 1       M  M
 4  91  72  82   M   0  17 0.00  0.0    0  3.3 13 360   M    M   3 1       M  M
 5  95  70  83   M   0  18 0.00  0.0    0  4.4 13 140   M    M   1 1      16 140
 6  94  71  83   M   0  18 0.00  0.0    0  5.0 15 160   M    M   2 1      21 160
 7  95  74  85   M   0  20 0.00  0.0    0  6.9 14 150   M    M   1 1      20 150
 8  97  75  86   M   0  21 0.00  0.0    0  7.5 16 150   M    M   2 1      21 150
 9  95  76  86   M   0  21 0.09  0.0    0  4.9 10 190   M    M   2 1       M  M
10  93  73  83   M   0  18 0.00  0.0    0  3.7 12 170   M    M   2 123     M  M
11  97  73  85   M   0  20 0.31  0.0    0  4.0 15  70   M    M   3 123    24  70
12  97  74  86   M   0  21 0.00  0.0    0  3.4  9 350   M    M   2         M  M
13  96  71  84   M   0  19 0.00  0.0    0  4.0  9 360   M    M   0         M  M
14  97  72  85   M   0  20 0.00  0.0    0  3.5 13 160   M    M   2 1      14 110
15  97  73  85   M   0  20 0.00  0.0    0  6.3 17 160   M    M   1 1      20 150
16  97  75  86   M   0  21 0.00  0.0    0  9.9 18 180   M    M   1        23 170
17  96  76  86   M   0  21 0.00  0.0    0  9.7 20 170   M    M   1        24 200
18  98  76  87   M   0  22 0.00  0.0    0  9.5 22 160   M    M   1 13     25 150
19  97  74  86   M   0  21 0.00  0.0    0  9.1 17 160   M    M   1        25 160
20  97  74  86   M   0  21 0.00  0.0    0  9.6 18 150   M    M   1 3      23 160
21  96  78  87   M   0  22 0.00  0.0    0 10.8 20 190   M    M   1 1      24 170
22  98  74  86   M   0  21 0.00  0.0    0  6.6 15 180   M    M   2 1      18 180
23  99  72  86   M   0  21 0.00  0.0    0  5.3 14 150   M    M   1 1      20 150
24  99  58  79   M   0  14 0.00  0.0    0  4.2 13 160   M    M   1 1      22 160
25  99  71  85   M   0  20 0.00  0.0    0  3.4 13 120   M    M   2         M  M
26  96  74  85   M   0  20 0.00  0.0    0  3.7 12  50   M    M   1 1       M  M
27  92  73  83   M   0  18 0.06  0.0    0  5.8 13 110   M    M   1 13     21  40
28  91  75  83   M   0  18 0.12  0.0    0  6.2 12 110   M    M   2 3      17 110
29  91  74  83   M   0  18 0.06  0.0    0  4.2 12 160   M    M   2 3      20 160
30  91  71  81   M   0  16 0.00  0.0    0  4.0 14 150   M    M   2 12     17 150
31  83  72  78   M   0  13 0.31  0.0    0  4.8 10 110   M    M   3         M  M
================================================================================
SM 2926 2250         0 582  1.96     0.0 179.7          M       56
================================================================================
AV 94.4 72.6                               5.8 FASTST   M    M   2    MAX(MPH)
                                 MISC ---->    22   M                 25    M
================================================================================
NOTES:
# LAST OF SEVERAL OCCURRENCES

COLUMN 17 PEAK WIND IN M.P.H.

PRELIMINARY LOCAL CLIMATOLOGICAL DATA (WS FORM: F-6) , PAGE 2

                                          STATION:  Wharton
                                          MONTH:    AUGUST
                                          YEAR:     2014
                                          LATITUDE:   29 15 N
                                          LONGITUDE:  96  9 W

[TEMPERATURE DATA]      [PRECIPITATION DATA]       SYMBOLS USED IN COLUMN 16

AVERAGE MONTHLY: 83.5   TOTAL FOR MONTH:   1.96    1 = FOG OR MIST
DPTR FM NORMAL:     M   DPTR FM NORMAL:       M    2 = FOG REDUCING VISIBILITY
HIGHEST:    99 ON 25,24 GRTST 24HR  1.01 ON  1- 1      TO 1/4 MILE OR LESS
LOWEST:     58 ON 24                               3 = THUNDER
                        SNOW, ICE PELLETS, HAIL    4 = ICE PELLETS
                        TOTAL MONTH:   0.0 INCH    5 = HAIL
                        GRTST 24HR     0.0         6 = FREEZING RAIN OR DRIZZLE
                        GRTST DEPTH:   0           7 = DUSTSTORM OR SANDSTORM:
                                                       VSBY 1/2 MILE OR LESS
                                                   8 = SMOKE OR HAZE
[NO. OF DAYS WITH]      [WEATHER - DAYS WITH]      9 = BLOWING SNOW
                                                   X = TORNADO
MAX 32 OR BELOW:   0    0.01 INCH OR MORE:   7
MAX 90 OR ABOVE:  28    0.10 INCH OR MORE:   4
MIN 32 OR BELOW:   0    0.50 INCH OR MORE:   1
MIN  0 OR BELOW:   0    1.00 INCH OR MORE:   1

[HDD (BASE 65) ]
TOTAL THIS MO.     0    CLEAR  (SCALE 0-3)  27
DPTR FM NORMAL     M    PTCLDY (SCALE 4-7)   4
TOTAL FM JUL 1     0    CLOUDY (SCALE 8-10)  0
DPTR FM NORMAL     M

[CDD (BASE 65) ]
TOTAL THIS MO.   582
DPTR FM NORMAL     M    [PRESSURE DATA]
TOTAL FM JAN 1  2105    HIGHEST SLP M ON M
DPTR FM NORMAL     M    LOWEST  SLP M ON M

[REMARKS]
#FINAL-08-14#
#FINAL-08-14#
