000
CXUS54 KHGX 241415
CF6ARM
PRELIMINARY LOCAL CLIMATOLOGICAL DATA (WS FORM: F-6)

                                          STATION:   Wharton
                                          MONTH:     JUNE
                                          YEAR:      2016
                                          LATITUDE:   29 15 N
                                          LONGITUDE:  96  9 W

  TEMPERATURE IN F:       :PCPN:    SNOW:  WIND      :SUNSHINE: SKY     :PK WND
================================================================================
1   2   3   4   5  6A  6B    7    8   9   10  11  12  13   14  15   16   17  18
                                     12Z  AVG MX 2MIN
DY MAX MIN AVG DEP HDD CDD  WTR  SNW DPTH SPD SPD DIR MIN PSBL S-S WX    SPD DR
================================================================================

 1  90  70  80   M   0  15 0.03  0.0    0  5.0 10 170   M    M   3 1      17 170
 2  89  71  80   M   0  15 1.55  0.0    0  4.8 15 170   M    M   4 3       M  M
 3  85  67  76   M   0  11 0.66  0.0    0  1.7  8 120   M    M   4 3       M  M
 4  82  69  76   M   0  11 0.76  0.0    0  4.2  9 300   M    M   6         M  M
 5  85  70  78   M   0  13 0.21  0.0    0  6.4 13 320   M    M   5 3       M  M
 6  91  70  81   M   0  16 0.01  0.0    0  4.0  9 350   M    M   4 8       M  M
 7  92  70  81   M   0  16 0.00  0.0    0  3.0 12 140   M    M   3 13      M  M
 8  92  71  82   M   0  17 0.00  0.0    0  3.1  7 150   M    M   2 1       M  M
 9  91  71  81   M   0  16 1.47  0.0    0  3.2 18 110   M    M   2 13     28 110
10  94  71  83   M   0  18 0.00  0.0    0  3.0 10 120   M    M   2 1      17 120
11  93  73  83   M   0  18 0.00  0.0    0  5.9 10 140   M    M   2 1       M  M
12  88  77  83   M   0  18 0.06  0.0    0  5.0 10 150   M    M   5 13      M  M
13  93  76  85   M   0  20 0.00  0.0    0  6.7 14 180   M    M   2 1      16 160
14  92  76  84   M   0  19 0.00  0.0    0  7.8 15 170   M    M   2 1      18 170
15  94  76  85   M   0  20 0.00  0.0    0  8.4 15 160   M    M   1 1      20 170
16  94  74  84   M   0  19 0.00  0.0    0  5.3 12 160   M    M   3 1       M  M
17  98  73  86   M   0  21 0.00  0.0    0  3.7  9 170   M    M   3 12      M  M
18 101  74  88   M   0  23 0.00  0.0    0  2.5  8 150   M    M   3 1       M  M
19  95  69  82   M   0  17 0.48  0.0    0  3.4 10 170   M    M   3 3       M  M
20  97  73  85   M   0  20 0.00  0.0    0  1.4 15 130   M    M   2 1      20 130
21  96  73  85   M   0  20 0.03  0.0    0  1.9 13 120   M    M   1 1       M  M
22  93  74  84   M   0  19 0.06  0.0    0  5.6 18 140   M    M   2 1       M  M
23  95  72  84   M   0  19 0.00  0.0    0  5.6 12 140   M    M   2         M  M
================================================================================
SM 2120 1660         0 401  5.32     0.0 101.6          M       66
================================================================================
AV 92.2 72.2                               4.4 FASTST   M    M   3    MAX(MPH)
                                 MISC ---->    18   M                 28    M
================================================================================
NOTES:
# LAST OF SEVERAL OCCURRENCES

COLUMN 17 PEAK WIND IN M.P.H.

PRELIMINARY LOCAL CLIMATOLOGICAL DATA (WS FORM: F-6) , PAGE 2

                                          STATION:  Wharton
                                          MONTH:    JUNE
                                          YEAR:     2016
                                          LATITUDE:   29 15 N
                                          LONGITUDE:  96  9 W

[TEMPERATURE DATA]      [PRECIPITATION DATA]       SYMBOLS USED IN COLUMN 16

AVERAGE MONTHLY: 82.2   TOTAL FOR MONTH:   5.32    1 = FOG OR MIST
DPTR FM NORMAL:     M   DPTR FM NORMAL:       M    2 = FOG REDUCING VISIBILITY
HIGHEST:   101 ON 18    GRTST 24HR  1.55 ON  2- 2      TO 1/4 MILE OR LESS
LOWEST:     67 ON  3                               3 = THUNDER
                        SNOW, ICE PELLETS, HAIL    4 = ICE PELLETS
                        TOTAL MONTH:   0.0 INCH    5 = HAIL
                        GRTST 24HR     0.0         6 = FREEZING RAIN OR DRIZZLE
                        GRTST DEPTH:   0           7 = DUSTSTORM OR SANDSTORM:
                                                       VSBY 1/2 MILE OR LESS
                                                   8 = SMOKE OR HAZE
[NO. OF DAYS WITH]      [WEATHER - DAYS WITH]      9 = BLOWING SNOW
                                                   X = TORNADO
MAX 32 OR BELOW:   0    0.01 INCH OR MORE:  11
MAX 90 OR ABOVE:  18    0.10 INCH OR MORE:   6
MIN 32 OR BELOW:   0    0.50 INCH OR MORE:   4
MIN  0 OR BELOW:   0    1.00 INCH OR MORE:   2

[HDD (BASE 65) ]
TOTAL THIS MO.     0    CLEAR  (SCALE 0-3)  17
DPTR FM NORMAL     M    PTCLDY (SCALE 4-7)   6
TOTAL FM JUL 1   957    CLOUDY (SCALE 8-10)  0
DPTR FM NORMAL     M

[CDD (BASE 65) ]
TOTAL THIS MO.   401
DPTR FM NORMAL     M    [PRESSURE DATA]
TOTAL FM JAN 1  1093    HIGHEST SLP M ON M
DPTR FM NORMAL     M    LOWEST  SLP M ON M

[REMARKS]
