000
CXUS54 KHGX 171415
CF6ARM
PRELIMINARY LOCAL CLIMATOLOGICAL DATA (WS FORM: F-6)

                                          STATION:   Wharton
                                          MONTH:     APRIL
                                          YEAR:      2014
                                          LATITUDE:   29 15 N
                                          LONGITUDE:  96  9 W

  TEMPERATURE IN F:       :PCPN:    SNOW:  WIND      :SUNSHINE: SKY     :PK WND
================================================================================
1   2   3   4   5  6A  6B    7    8   9   10  11  12  13   14  15   16   17  18
                                     12Z  AVG MX 2MIN
DY MAX MIN AVG DEP HDD CDD  WTR  SNW DPTH SPD SPD DIR MIN PSBL S-S WX    SPD DR
================================================================================

 1  83  66  75   M   0  10 0.00  0.0    0 11.4 18 160   M    M   9 1      24 160
 2  82  71  77   M   0  12 0.00  0.0    0 16.0 24 160   M    M   9 1      35 170
 3  80  71  76   M   0  11 0.00  0.0    0 13.6 21 160   M    M  10 1      27 160
 4  75  57  66   M   0   1 0.00  0.0    0 13.3 25 360   M    M   3 1      31  10
 5  69  55  62   M   3   0 0.00  0.0    0 10.0 16  80   M    M   8        27  80
 6  78  54  66   M   0   1 0.00  0.0    0 11.8 18 340   M    M  10 1      27 340
 7  74  48  61   M   4   0 0.00  0.0    0  9.8 21 340   M    M   4        32 340
 8  74  49  62   M   3   0 0.00  0.0    0 13.6 27 320   M    M   0        41 330
 9  79  42  61   M   4   0 0.00  0.0    M  8.8 14 180   M    M   0        17 160
10  80  56  68   M   0   3 0.00  0.0    0 13.9 23 180   M    M   0        29 180
11  80  58  69   M   0   4 0.00  0.0    0 10.7 20 190   M    M   5        27 190
12  81  64  73   M   0   8 0.00  0.0    0 12.6 22 140   M    M   7        25 140
13  80  70  75   M   0  10 0.01  0.0    0 13.9 18 170   M    M  10 1      29 160
14  74  46  60   M   5   0 0.72    M    0 16.7 30 360   M    M   8 13     39 360
15  62  39  51   M  14   0 0.00  0.0    0  8.2 15  20   M    M   0        23  10
16  69  37  53   M  12   0 0.00  0.0    0  7.0 16 140   M    M   2        23 130
================================================================================
SM 1220  883        45  60  0.73     0.0 191.3          M       85
================================================================================
AV 76.2 55.2                              12.0 FASTST   M    M   5    MAX(MPH)
                                 MISC ---->    30   M                 41    M
================================================================================
NOTES:
# LAST OF SEVERAL OCCURRENCES

COLUMN 17 PEAK WIND IN M.P.H.

PRELIMINARY LOCAL CLIMATOLOGICAL DATA (WS FORM: F-6) , PAGE 2

                                          STATION:  Wharton
                                          MONTH:    APRIL
                                          YEAR:     2014
                                          LATITUDE:   29 15 N
                                          LONGITUDE:  96  9 W

[TEMPERATURE DATA]      [PRECIPITATION DATA]       SYMBOLS USED IN COLUMN 16

AVERAGE MONTHLY: 65.7   TOTAL FOR MONTH:   0.73    1 = FOG OR MIST
DPTR FM NORMAL:     M   DPTR FM NORMAL:       M    2 = FOG REDUCING VISIBILITY
HIGHEST:    83 ON  1    GRTST 24HR  0.72 ON 14-14      TO 1/4 MILE OR LESS
LOWEST:     37 ON 16                               3 = THUNDER
                        SNOW, ICE PELLETS, HAIL    4 = ICE PELLETS
                        TOTAL MONTH:   0.0 INCH    5 = HAIL
                        GRTST 24HR     0.0         6 = FREEZING RAIN OR DRIZZLE
                        GRTST DEPTH:   0           7 = DUSTSTORM OR SANDSTORM:
                                                       VSBY 1/2 MILE OR LESS
                                                   8 = SMOKE OR HAZE
[NO. OF DAYS WITH]      [WEATHER - DAYS WITH]      9 = BLOWING SNOW
                                                   X = TORNADO
MAX 32 OR BELOW:   0    0.01 INCH OR MORE:   2
MAX 90 OR ABOVE:   0    0.10 INCH OR MORE:   1
MIN 32 OR BELOW:   0    0.50 INCH OR MORE:   1
MIN  0 OR BELOW:   0    1.00 INCH OR MORE:   0

[HDD (BASE 65) ]
TOTAL THIS MO.    45    CLEAR  (SCALE 0-3)   6
DPTR FM NORMAL     M    PTCLDY (SCALE 4-7)   4
TOTAL FM JUL 1  1765    CLOUDY (SCALE 8-10)  6
DPTR FM NORMAL     M

[CDD (BASE 65) ]
TOTAL THIS MO.    60
DPTR FM NORMAL     M    [PRESSURE DATA]
TOTAL FM JAN 1   126    HIGHEST SLP M ON M
DPTR FM NORMAL     M    LOWEST  SLP M ON M

[REMARKS]
