000
CXUS53 KARX 270956
CF6ARX
PRELIMINARY LOCAL CLIMATOLOGICAL DATA (WS FORM: F-6)

                                          STATION:   La Crosse Weather Office WI
                                          MONTH:     DECEMBER
                                          YEAR:      2014
                                          LATITUDE:   43 49 N
                                          LONGITUDE:  91 12 W

  TEMPERATURE IN F:       :PCPN:    SNOW:  WIND      :SUNSHINE: SKY     :PK WND
================================================================================
1   2   3   4   5  6A  6B    7    8   9   10  11  12  13   14  15   16   17  18
                                     12Z  AVG MX 2MIN
DY MAX MIN AVG DEP HDD CDD  WTR  SNW DPTH SPD SPD DIR MIN PSBL S-S WX    SPD DR
================================================================================

 1  10   1   6 -20  59   0 0.00  0.0    1   M   M   M   M    M   M        19  M
 2  24   4  14 -11  51   0 0.00  0.0    1   M   M   M   M    M   M        25  M
 3  25  14  20  -5  45   0 0.00  0.0    1   M   M   M   M    M   M        26  M
 4  30  14  22  -2  43   0 0.00  0.0    1   M   M   M   M    M   M        24  M
 5  30  26  28   4  37   0 0.00  0.0    1   M   M   M   M    M   M        22  M
 6  33  21  27   3  38   0 0.00  0.0    1   M   M   M   M    M   M        19  M
 7  33  23  28   5  37   0 0.12  0.1    1   M   M   M   M    M   M 4      29  M
 8  32  25  29   6  36   0    T    T    T   M   M   M   M    M   M 6      24  M
 9  27  22  25   3  40   0 0.00  0.0    T   M   M   M   M    M   M        22  M
10  25  22  24   2  41   0 0.00  0.0    T   M   M   M   M    M   M         9  M
11  25  21  23   1  42   0 0.00  0.0    T   M   M   M   M    M   M 12     13  M
12  33  25  29   8  36   0    T  0.0    T   M   M   M   M    M   M 126    21  M
13  44  32  38  17  27   0    T  0.0    T   M   M   M   M    M   M 12     22  M
14  47  43  45  24  20   0 0.00  0.0    0   M   M   M   M    M   M 12     19  M
15  46  41  44  24  21   0 0.30  0.0    0   M   M   M   M    M   M 12     21  M
16  41  19  30  10  35   0 0.04  0.1    0   M   M   M   M    M   M 12     30  M
17  19  13  16  -4  49   0    T  0.1    T   M   M   M   M    M   M        21  M
18  21  13  17  -2  48   0    T    T    T   M   M   M   M    M   M         9  M
19  26  19  23   4  42   0    T    T    0   M   M   M   M    M   M        12  M
20  29  25  27   8  38   0    T    T    0   M   M   M   M    M   M        14  M
21  35  28  32  13  33   0 0.01    T    0   M   M   M   M    M   M 12     31  M
22  36  32  34  16  31   0 0.04  0.1    0   M   M   M   M    M   M 12     26  M
23  32  30  31  13  34   0 0.46  2.7    T   M   M   M   M    M   M 12     20  M
24  32  30  31  13  34   0 0.01  0.1    2   M   M   M   M    M   M 12     19  M
25  37  27  32  14  33   0    T    T    2   M   M   M   M    M   M        26 220
26  38  31  35  17  30   0 0.02  0.2    2   M   M   M   M    M   M 12     20 330
================================================================================
SM  810  601       980   0  1.00     3.4     M          M        M
================================================================================
AV 31.2 23.1                                 M FASTST   M    M   8    MAX(MPH)
                                 MISC ---->     M   M                 31    M
================================================================================
NOTES:
# LAST OF SEVERAL OCCURRENCES

COLUMN 17 PEAK WIND IN M.P.H.

PRELIMINARY LOCAL CLIMATOLOGICAL DATA (WS FORM: F-6) , PAGE 2

                                          STATION:  La Crosse Weather Office WI
                                          MONTH:    DECEMBER
                                          YEAR:     2014
                                          LATITUDE:   43 49 N
                                          LONGITUDE:  91 12 W

[TEMPERATURE DATA]      [PRECIPITATION DATA]       SYMBOLS USED IN COLUMN 16

AVERAGE MONTHLY: 27.1   TOTAL FOR MONTH:   1.00    1 = FOG OR MIST
DPTR FM NORMAL:   6.0   DPTR FM NORMAL:   -0.22    2 = FOG REDUCING VISIBILITY
HIGHEST:    47 ON 14    GRTST 24HR  0.46 ON 23-23      TO 1/4 MILE OR LESS
LOWEST:      1 ON  1                               3 = THUNDER
                        SNOW, ICE PELLETS, HAIL    4 = ICE PELLETS
                        TOTAL MONTH:   3.4 INCHES  5 = HAIL
                        GRTST 24HR   2.7 ON   M    6 = FREEZING RAIN OR DRIZZLE
                        GRTST DEPTH:   2 ON 26,25  7 = DUSTSTORM OR SANDSTORM:
                                                       VSBY 1/2 MILE OR LESS
                                                   8 = SMOKE OR HAZE
[NO. OF DAYS WITH]      [WEATHER - DAYS WITH]      9 = BLOWING SNOW
                                                   X = TORNADO
MAX 32 OR BELOW:  15    0.01 INCH OR MORE:   8
MAX 90 OR ABOVE:   0    0.10 INCH OR MORE:   3
MIN 32 OR BELOW:  24    0.50 INCH OR MORE:   0
MIN  0 OR BELOW:   0    1.00 INCH OR MORE:   0

[HDD (BASE 65) ]
TOTAL THIS MO.   980    CLEAR  (SCALE 0-3)   0
DPTR FM NORMAL  -161    PTCLDY (SCALE 4-7)   0
TOTAL FM JUL 1  2890    CLOUDY (SCALE 8-10)  0
DPTR FM NORMAL    90

[CDD (BASE 65) ]
TOTAL THIS MO.     0
DPTR FM NORMAL     0    [PRESSURE DATA]
TOTAL FM JAN 1   438    HIGHEST SLP M ON M
DPTR FM NORMAL   -71    LOWEST  SLP M ON M

[REMARKS]
