000
CXUS53 KARX 270930
CF6ARX
PRELIMINARY LOCAL CLIMATOLOGICAL DATA (WS FORM: F-6)

                                          STATION:   La Crosse Weather Office WI
                                          MONTH:     FEBRUARY
                                          YEAR:      2015
                                          LATITUDE:   43 49 N
                                          LONGITUDE:  91 12 W

  TEMPERATURE IN F:       :PCPN:    SNOW:  WIND      :SUNSHINE: SKY     :PK WND
================================================================================
1   2   3   4   5  6A  6B    7    8   9   10  11  12  13   14  15   16   17  18
                                     12Z  AVG MX 2MIN
DY MAX MIN AVG DEP HDD CDD  WTR  SNW DPTH SPD SPD DIR MIN PSBL S-S WX    SPD DR
================================================================================

 1  23   6  15  -2  50   0 0.24  3.8    5   M   M   M   M    M   M        35  M
 2  12  -2   5 -12  60   0 0.00  0.0    7   M   M   M   M    M   M        21  M
 3  12   1   7 -10  58   0 0.08  1.7    7   M   M   M   M    M   M        13  M
 4  15  -1   7 -10  58   0    T  0.1    9   M   M   M   M    M   M        26  M
 5  12 -10   1 -17  64   0 0.00  0.0    9   M   M   M   M    M   M        30  M
 6  32   7  20   2  45   0 0.00  0.0    9   M   M   M   M    M   M        25  M
 7  36  19  28  10  37   0 0.00  0.0    9   M   M   M   M    M   M 1      21  M
 8  29  22  26   8  39   0    T  0.0    8   M   M   M   M    M   M 16     19  M
 9  29  18  24   6  41   0    T    T    8   M   M   M   M    M   M        11  M
10  25  17  21   2  44   0 0.11  0.6    8   M   M   M   M    M   M 146    19  M
11  29   7  18  -1  47   0 0.01  0.1    8   M   M   M   M    M   M 169    30  M
12   8  -4   2 -17  63   0    T    T    8   M   M   M   M    M   M        27  M
13  25   0  13  -7  52   0    T    T    8   M   M   M   M    M   M        25  M
14  17  -6   6 -14  59   0    T    T    8   M   M   M   M    M   M        37  M
15   6  -7   0 -20  65   0 0.00  0.0    8   M   M   M   M    M   M         8  M
16  14   6  10 -11  55   0 0.01  0.4    8   M   M   M   M    M   M        24  M
17  11   2   7 -14  58   0    T    T    8   M   M   M   M    M   M        24  M
18   2  -9  -3 -24  68   0    T    T    8   M   M   M   M    M   M        27  M
19   5 -13  -4 -26  69   0 0.00  0.0    8   M   M   M   M    M   M        14 330
20  20  -2   9 -13  56   0 0.03  0.6    8   M   M   M   M    M   M        28 180
21  24   8  16  -6  49   0    T    T    8   M   M   M   M    M   M        19 320
22   8  -9   0 -23  65   0 0.00  0.0    8   M   M   M   M    M   M        24 320
23   9 -15  -3 -26  68   0 0.00  0.0    8   M   M   M   M    M   M        29  M
24  31   9  20  -4  45   0 0.01  0.5    8   M   M   M   M    M   M        40  M
25  14   5  10 -14  55   0 0.07  0.9    8   M   M   M   M    M   M        14  M
26   8  -4   2 -22  63   0 0.00  0.0    9   M   M   M   M    M   M        21  M
================================================================================
SM  456   45      1433   0  0.56     8.7     M          M        M
================================================================================
AV 17.5  1.7                                 M FASTST   M    M   6    MAX(MPH)
                                 MISC ---->     M   M                 40    M
================================================================================
NOTES:
# LAST OF SEVERAL OCCURRENCES

COLUMN 17 PEAK WIND IN M.P.H.

PRELIMINARY LOCAL CLIMATOLOGICAL DATA (WS FORM: F-6) , PAGE 2

                                          STATION:  La Crosse Weather Office WI
                                          MONTH:    FEBRUARY
                                          YEAR:     2015
                                          LATITUDE:   43 49 N
                                          LONGITUDE:  91 12 W

[TEMPERATURE DATA]      [PRECIPITATION DATA]       SYMBOLS USED IN COLUMN 16

AVERAGE MONTHLY:  9.6   TOTAL FOR MONTH:   0.56    1 = FOG OR MIST
DPTR FM NORMAL: -10.4   DPTR FM NORMAL:   -0.33    2 = FOG REDUCING VISIBILITY
HIGHEST:    36 ON  7    GRTST 24HR  0.24 ON  1- 1      TO 1/4 MILE OR LESS
LOWEST:    -15 ON 23                               3 = THUNDER
                        SNOW, ICE PELLETS, HAIL    4 = ICE PELLETS
                        TOTAL MONTH:   8.7 INCHES  5 = HAIL
                        GRTST 24HR   3.8 ON   M    6 = FREEZING RAIN OR DRIZZLE
                        GRTST DEPTH:   9 ON 26, 7  7 = DUSTSTORM OR SANDSTORM:
                                                       VSBY 1/2 MILE OR LESS
                                                   8 = SMOKE OR HAZE
[NO. OF DAYS WITH]      [WEATHER - DAYS WITH]      9 = BLOWING SNOW
                                                   X = TORNADO
MAX 32 OR BELOW:  25    0.01 INCH OR MORE:   8
MAX 90 OR ABOVE:   0    0.10 INCH OR MORE:   2
MIN 32 OR BELOW:  26    0.50 INCH OR MORE:   0
MIN  0 OR BELOW:  13    1.00 INCH OR MORE:   0

[HDD (BASE 65) ]
TOTAL THIS MO.  1433    CLEAR  (SCALE 0-3)   0
DPTR FM NORMAL   266    PTCLDY (SCALE 4-7)   0
TOTAL FM JUL 1  6053    CLOUDY (SCALE 8-10)  0
DPTR FM NORMAL   321

[CDD (BASE 65) ]
TOTAL THIS MO.     0
DPTR FM NORMAL     0    [PRESSURE DATA]
TOTAL FM JAN 1     0    HIGHEST SLP M ON M
DPTR FM NORMAL     0    LOWEST  SLP M ON M

[REMARKS]
