940
CXUS56 KPQR 291200
CF6AST
PRELIMINARY LOCAL CLIMATOLOGICAL DATA (WS FORM: F-6)

                                          STATION:   ASTORIA OR
                                          MONTH:     APRIL
                                          YEAR:      2016
                                          LATITUDE:   46  9 N
                                          LONGITUDE: 123 53 W

  TEMPERATURE IN F:       :PCPN:    SNOW:  WIND      :SUNSHINE: SKY     :PK WND
================================================================================
1   2   3   4   5  6A  6B    7    8   9   10  11  12  13   14  15   16   17  18
                                     12Z  AVG MX 2MIN
DY MAX MIN AVG DEP HDD CDD  WTR  SNW DPTH SPD SPD DIR MIN PSBL S-S WX    SPD DR
================================================================================

 1  60  45  53   5  12   0 0.00  0.0    0  5.7 13 300   M    M   6 1      17 310
 2  58  43  51   3  14   0 0.00  0.0    0  5.3 13 280   M    M   4 1      19 290
 3  62  39  51   3  14   0 0.15    M    0  8.4 23 250   M    M   4 18     33 220
 4  56  43  50   2  15   0 0.09    M    0  9.8 22 260   M    M   8 1      29 280
 5  59  42  51   3  14   0 0.00  0.0    0  5.0 14 230   M    M   4        18 210
 6  69  38  54   6  11   0 0.00  0.0    0  7.3 16  50   M    M   1 128    19  50
 7  81  50  66  18   0   1 0.00  0.0    0  7.4 18 250   M    M   0        24  70
 8  59  47  53   5  12   0 0.00  0.0    0 12.4 22 310   M    M   5 18     27 320
 9  55  50  53   5  12   0 0.00  0.0    0  6.1 13 320   M    M  10 18     16 260
10  54  49  52   4  13   0 0.00  0.0    0  5.3 13 260   M    M  10 8      16 250
11  57  45  51   3  14   0    T    M    0  4.3 10 330   M    M  10 18     15 360
12  56  46  51   3  14   0 0.41    M    0 10.0 23 190   M    M  10 18     34 190
13  59  39  49   1  16   0 0.28    M    0  8.6 22 190   M    M   7 123    34 210
14  55  44  50   2  15   0 0.13    M    0  8.7 23 320   M    M   8 1      28 320
15  57  38  48   0  17   0    T    M    0  4.9 15 250   M    M   5 1      19 250
16  66  47  57   8   8   0 0.00  0.0    0  4.7 13 330   M    M   3        14 330
17  85  48  67  18   0   2 0.00    M    0  8.1 18 130   M    M   0        23 140
18  74  50  62  13   3   0 0.00  0.0    0  4.9 13 250   M    M   0 18     15 350
19  68  47  58   9   7   0 0.00  0.0    0  5.2 15 250   M    M   3 18     18 250
20  62  52  57   8   8   0 0.00  0.0    0  6.3 17 250   M    M   8 18     23 220
21  66  46  56   7   9   0 0.16    M    0  6.9 18 230   M    M   5 18     27 240
22  60  47  54   5  11   0 0.27    M    0  7.9 21 230   M    M   6 18     27 220
23  60  48  54   5  11   0 0.13    M    0  7.3 21 220   M    M   9 18     28 220
24  56  45  51   1  14   0 0.32    M    0 10.2 21 320   M    M   6 18     28 340
25  57  40  49  -1  16   0 0.01    M    0  8.6 20 300   M    M   3        25 320
26  56  36  46  -4  19   0 0.01    M    0  3.5 12  10   M    M   5        14  10
27  59  45  52   2  13   0 0.01    M    0  5.1 13 310   M    M   5        16 340
28  60  46  53   3  12   0 0.01    M    0  6.0 15 300   M    M  10 1      18 310
================================================================================
SM 1726 1255       324   3  1.98     0.0 193.9          M      155
================================================================================
AV 61.6 44.8                               6.9 FASTST   M    M   6    MAX(MPH)
                                 MISC ---->  # 23 250               # 34  190
================================================================================
NOTES:
# LAST OF SEVERAL OCCURRENCES

COLUMN 17 PEAK WIND IN M.P.H.

PRELIMINARY LOCAL CLIMATOLOGICAL DATA (WS FORM: F-6) , PAGE 2

                                          STATION:  ASTORIA OR
                                          MONTH:    APRIL
                                          YEAR:     2016
                                          LATITUDE:   46  9 N
                                          LONGITUDE: 123 53 W

[TEMPERATURE DATA]      [PRECIPITATION DATA]       SYMBOLS USED IN COLUMN 16

AVERAGE MONTHLY: 53.2   TOTAL FOR MONTH:   1.98    1 = FOG OR MIST
DPTR FM NORMAL:   4.6   DPTR FM NORMAL:   -2.95    2 = FOG REDUCING VISIBILITY
HIGHEST:    85 ON 17    GRTST 24HR  0.43 ON 21-22      TO 1/4 MILE OR LESS
LOWEST:     36 ON 26                               3 = THUNDER
                        SNOW, ICE PELLETS, HAIL    4 = ICE PELLETS
                        TOTAL MONTH:   0.0 INCH    5 = HAIL
                        GRTST 24HR     0.0         6 = FREEZING RAIN OR DRIZZLE
                        GRTST DEPTH:   0           7 = DUSTSTORM OR SANDSTORM:
                                                       VSBY 1/2 MILE OR LESS
                                                   8 = SMOKE OR HAZE
[NO. OF DAYS WITH]      [WEATHER - DAYS WITH]      9 = BLOWING SNOW
                                                   X = TORNADO
MAX 32 OR BELOW:   0    0.01 INCH OR MORE:  13
MAX 90 OR ABOVE:   0    0.10 INCH OR MORE:   8
MIN 32 OR BELOW:   0    0.50 INCH OR MORE:   0
MIN  0 OR BELOW:   0    1.00 INCH OR MORE:   0

[HDD (BASE 65) ]
TOTAL THIS MO.   324    CLEAR  (SCALE 0-3)   7
DPTR FM NORMAL  -135    PTCLDY (SCALE 4-7)  14
TOTAL FM JUL 1  3403    CLOUDY (SCALE 8-10)  7
DPTR FM NORMAL  -976

[CDD (BASE 65) ]
TOTAL THIS MO.     3
DPTR FM NORMAL     3    [PRESSURE DATA]
TOTAL FM JAN 1     3    HIGHEST SLP M ON M
DPTR FM NORMAL     3    LOWEST  SLP 29.58 ON 22

[REMARKS]
