000
CXUS56 KPQR 011230
CF6AST
PRELIMINARY LOCAL CLIMATOLOGICAL DATA (WS FORM: F-6)

                                          STATION:   ASTORIA OR
                                          MONTH:     SEPTEMBER
                                          YEAR:      2014
                                          LATITUDE:   46  9 N
                                          LONGITUDE: 123 53 W

  TEMPERATURE IN F:       :PCPN:    SNOW:  WIND      :SUNSHINE: SKY     :PK WND
================================================================================
1   2   3   4   5  6A  6B    7    8   9   10  11  12  13   14  15   16   17  18
                                     12Z  AVG MX 2MIN
DY MAX MIN AVG DEP HDD CDD  WTR  SNW DPTH SPD SPD DIR MIN PSBL S-S WX    SPD DR
================================================================================

 1  72  58  65   5   0   0 0.00  0.0    0  5.6 13 320   M    M   8        16 250
 2  67  57  62   2   3   0 0.03  0.0    0  9.7 21 300   M    M   7 18     28 230
 3  66  50  58  -2   7   0 0.00  0.0    0  6.2 13 280   M    M   4        19 270
 4  79  46  63   3   2   0 0.00  0.0    0  7.7 20 320   M    M   1 12     30  30
 5  87  52  70  10   0   5 0.00  0.0    0 11.3 20  70   M    M   0        24  60
 6  82  53  68   8   0   3 0.00  0.0    0  9.6 20 240   M    M   2        23 240
 7  64  53  59  -1   6   0 0.00  0.0    0  4.6 12 270   M    M   9 1      30 210
 8  66  53  60   0   5   0 0.01  0.0    0  5.8 14 330   M    M   9 1      18 340
 9  67  52  60   0   5   0 0.00  0.0    0  6.3 14 260   M    M   7        28 210
10  69  57  63   3   2   0 0.00  0.0    0  7.2 16  50   M    M   5        24 300
11  78  58  68   9   0   3 0.00  0.0    0 15.0 26  80   M    M   0        30  60
12  81  50  66   7   0   1 0.00  0.0    0  8.3 16 320   M    M   0        19 320
13  86  51  69  10   0   4 0.00  0.0    0  8.1 15 330   M    M   0        20  20
14  82  47  65   6   0   0 0.00  0.0    0  3.9 13 240   M    M   0        15 230
15  73  46  60   1   5   0 0.00  0.0    0  7.2 18 220   M    M   2        24 210
16  68  56  62   3   3   0    T  0.0    0  3.3 10 240   M    M   5        13 250
17  69  54  62   4   3   0 0.13  0.0    0  3.6 14 240   M    M   3 1      16 240
18  68  57  63   5   2   0 0.00  0.0    0  3.8 14 240   M    M  10 1      17 250
19  73  54  64   6   1   0    T  0.0    0  6.5 14 300   M    M   5 1      17 310
20  86  52  69  11   0   4 0.00  0.0    0  7.8 18  50   M    M   3 12     21  70
21  66  55  61   3   4   0 0.00  0.0    0  9.4 24 230   M    M   7 1      31 230
22  68  58  63   5   2   0 0.04  0.0    0  6.6 15 220   M    M   9 1      20 220
23  65  59  62   5   3   0 1.98  0.0    0  6.7 24 200   M    M   9 1      33 200
24  68  57  63   6   2   0 0.14  0.0    0  6.1 17 220   M    M   7 1      25 190
25  69  53  61   4   4   0 0.22  0.0    0  6.2 21 190   M    M   8 1      30 210
26  66  52  59   2   6   0 2.01  0.0    0  6.4 21 190   M    M   8 12     31 190
27  70  48  59   3   6   0 0.00  0.0    0  6.7 20 320   M    M   4 12     24 330
28  71  45  58   2   7   0 0.00  0.0    0  5.4 20 300   M    M   2 1      23 310
29  64  52  58   2   7   0 0.37  0.0    0  5.6 18 310   M    M   8 18     23 300
30  66  50  58   2   7   0 0.01  0.0    0  6.5 16 280   M    M   6 18     21 280
================================================================================
SM 2156 1585        92  20  4.94     0.0 207.1          M      148
================================================================================
AV 71.9 52.8                               6.9 FASTST   M    M   5    MAX(MPH)
                                 MISC ---->  # 26  80               # 33  200
================================================================================
NOTES:
# LAST OF SEVERAL OCCURRENCES

COLUMN 17 PEAK WIND IN M.P.H.

PRELIMINARY LOCAL CLIMATOLOGICAL DATA (WS FORM: F-6) , PAGE 2

                                          STATION:  ASTORIA OR
                                          MONTH:    SEPTEMBER
                                          YEAR:     2014
                                          LATITUDE:   46  9 N
                                          LONGITUDE: 123 53 W

[TEMPERATURE DATA]      [PRECIPITATION DATA]       SYMBOLS USED IN COLUMN 16

AVERAGE MONTHLY: 62.3   TOTAL FOR MONTH:   4.94    1 = FOG OR MIST
DPTR FM NORMAL:   3.8   DPTR FM NORMAL:    2.80    2 = FOG REDUCING VISIBILITY
HIGHEST:    87 ON  5    GRTST 24HR  2.15 ON 25-26      TO 1/4 MILE OR LESS
LOWEST:     45 ON 28                               3 = THUNDER
                        SNOW, ICE PELLETS, HAIL    4 = ICE PELLETS
                        TOTAL MONTH:   0.0 INCH    5 = HAIL
                        GRTST 24HR     0.0         6 = FREEZING RAIN OR DRIZZLE
                        GRTST DEPTH:   0           7 = DUSTSTORM OR SANDSTORM:
                                                       VSBY 1/2 MILE OR LESS
                                                   8 = SMOKE OR HAZE
[NO. OF DAYS WITH]      [WEATHER - DAYS WITH]      9 = BLOWING SNOW
                                                   X = TORNADO
MAX 32 OR BELOW:   0    0.01 INCH OR MORE:  10
MAX 90 OR ABOVE:   0    0.10 INCH OR MORE:   6
MIN 32 OR BELOW:   0    0.50 INCH OR MORE:   2
MIN  0 OR BELOW:   0    1.00 INCH OR MORE:   2

[HDD (BASE 65) ]
TOTAL THIS MO.    92    CLEAR  (SCALE 0-3)  10
DPTR FM NORMAL  -108    PTCLDY (SCALE 4-7)  14
TOTAL FM JUL 1   250    CLOUDY (SCALE 8-10)  6
DPTR FM NORMAL  -231

[CDD (BASE 65) ]
TOTAL THIS MO.    20
DPTR FM NORMAL    15    [PRESSURE DATA]
TOTAL FM JAN 1    45    HIGHEST SLP 30.20 ON 30
DPTR FM NORMAL    33    LOWEST  SLP 29.66 ON 23

[REMARKS]
#FINAL-09-14#
