000
CXUS52 KFFC 161110
CF6ATL
PRELIMINARY LOCAL CLIMATOLOGICAL DATA (WS FORM: F-6)

                                          STATION:   ATLANTA
                                          MONTH:     DECEMBER
                                          YEAR:      2017
                                          LATITUDE:   33 39 N
                                          LONGITUDE:  84 26 W

  TEMPERATURE IN F:       :PCPN:    SNOW:  WIND      :SUNSHINE: SKY     :PK WND
================================================================================
1   2   3   4   5  6A  6B    7    8   9   10  11  12  13   14  15   16   17  18
                                     12Z  AVG MX 2MIN
DY MAX MIN AVG DEP HDD CDD  WTR  SNW DPTH SPD SPD DIR MIN PSBL S-S WX    SPD DR
================================================================================

 1  66  54  60  11   5   0    T  0.0    0  4.8  9 350   M    M   7 128    12 350
 2  70  50  60  12   5   0 0.00  0.0    0  2.1  8  90   M    M   7 18     13  30
 3  69  50  60  12   5   0 0.00  0.0    0  3.8 13 350   M    M   6 1      16 350
 4  66  47  57   9   8   0 0.00  0.0    0  7.9 15 120   M    M   5 1      21 120
 5  70  55  63  15   2   0 0.38  0.0    0  8.3 25 320   M    M  10 1      31 300
 6  55  37  46  -1  19   0 0.11  0.0    0 11.6 23 330   M    M   8        31 330
 7  48  41  45  -2  20   0 0.00  0.0    0  7.1 14 320   M    M  10        18 310
 8  44  33  39  -8  26   0 0.96  0.8    1  9.7 16  20   M    M  10 145    21 360
 9  39  31  35 -11  30   0 0.22  1.5    2  9.8 17 280   M    M   6 1      22 290
10  45  26  36 -10  29   0 0.00  0.0    1  7.5 16 320   M    M   0        23 320
11  61  30  46   0  19   0 0.00  0.0    T  6.7 15 260   M    M   1        21 270
12  51  36  44  -2  21   0 0.00  0.0    0 13.6 28 330   M    M   3        36 330
13  50  28  39  -7  26   0 0.00  0.0    0 10.1 22 330   M    M   0        29 330
14  58  38  48   3  17   0 0.00  0.0    0  7.4 12 270   M    M   5        17 270
15  46  29  38  -7  27   0 0.00  0.0    0  9.9 22 310   M    M   8        26 320
================================================================================
SM  838  585       259   0  1.67     2.3 120.3          M       86
================================================================================
AV 55.9 39.0                               8.0 FASTST   M    M   6    MAX(MPH)
                                 MISC ---->  # 28 330               # 36  330
================================================================================
NOTES:
# LAST OF SEVERAL OCCURRENCES

COLUMN 17 PEAK WIND IN M.P.H.

PRELIMINARY LOCAL CLIMATOLOGICAL DATA (WS FORM: F-6) , PAGE 2

                                          STATION:  ATLANTA
                                          MONTH:    DECEMBER
                                          YEAR:     2017
                                          LATITUDE:   33 39 N
                                          LONGITUDE:  84 26 W

[TEMPERATURE DATA]      [PRECIPITATION DATA]       SYMBOLS USED IN COLUMN 16

AVERAGE MONTHLY: 47.4   TOTAL FOR MONTH:   1.67    1 = FOG OR MIST
DPTR FM NORMAL:   0.6   DPTR FM NORMAL:   -0.32    2 = FOG REDUCING VISIBILITY
HIGHEST:    70 ON  5, 2 GRTST 24HR  0.96 ON  8- 8      TO 1/4 MILE OR LESS
LOWEST:     26 ON 10                               3 = THUNDER
                        SNOW, ICE PELLETS, HAIL    4 = ICE PELLETS
                        TOTAL MONTH:   2.3 INCHES  5 = HAIL
                        GRTST 24HR   1.5 ON  9- 9  6 = FREEZING RAIN OR DRIZZLE
                        GRTST DEPTH:   2 ON  9     7 = DUSTSTORM OR SANDSTORM:
                                                       VSBY 1/2 MILE OR LESS
                                                   8 = SMOKE OR HAZE
[NO. OF DAYS WITH]      [WEATHER - DAYS WITH]      9 = BLOWING SNOW
                                                   X = TORNADO
MAX 32 OR BELOW:   0    0.01 INCH OR MORE:   4
MAX 90 OR ABOVE:   0    0.10 INCH OR MORE:   4
MIN 32 OR BELOW:   5    0.50 INCH OR MORE:   1
MIN  0 OR BELOW:   0    1.00 INCH OR MORE:   0

[HDD (BASE 65) ]
TOTAL THIS MO.   259    CLEAR  (SCALE 0-3)   3
DPTR FM NORMAL   -15    PTCLDY (SCALE 4-7)   8
TOTAL FM JUL 1   656    CLOUDY (SCALE 8-10)  4
DPTR FM NORMAL   -86

[CDD (BASE 65) ]
TOTAL THIS MO.     0
DPTR FM NORMAL     0    [PRESSURE DATA]
TOTAL FM JAN 1  2165    HIGHEST SLP M ON M
DPTR FM NORMAL   283    LOWEST  SLP 29.82 ON 12

[REMARKS]
