000
CXUS52 KFFC 301110
CF6ATL
PRELIMINARY LOCAL CLIMATOLOGICAL DATA (WS FORM: F-6)

                                          STATION:   ATLANTA
                                          MONTH:     JUNE
                                          YEAR:      2015
                                          LATITUDE:   33 39 N
                                          LONGITUDE:  84 26 W

  TEMPERATURE IN F:       :PCPN:    SNOW:  WIND      :SUNSHINE: SKY     :PK WND
================================================================================
1   2   3   4   5  6A  6B    7    8   9   10  11  12  13   14  15   16   17  18
                                     12Z  AVG MX 2MIN
DY MAX MIN AVG DEP HDD CDD  WTR  SNW DPTH SPD SPD DIR MIN PSBL S-S WX    SPD DR
================================================================================

 1  80  68  74   0   0   9 0.03  0.0    0  4.6 13 170   M    M   9 13     15 160
 2  84  65  75   1   0  10 0.12  0.0    0  4.7 21 340   M    M   6 13     24 340
 3  80  66  73  -2   0   8 0.06  0.0    0  7.6 15 100   M    M   6 3      31  60
 4  79  64  72  -3   0   7 0.00  0.0    0  6.9 15  80   M    M   7        18  50
 5  86  66  76   1   0  11 0.00  0.0    0  5.2 14 320   M    M   4        18 340
 6  89  69  79   3   0  14 0.00  0.0    0  5.0 14 310   M    M   5        21 300
 7  89  72  81   5   0  16 0.00  0.0    0  4.9 13 160   M    M   5        17 160
 8  88  72  80   4   0  15 0.00  0.0    0  7.7 15 200   M    M   6        24 320
 9  88  69  79   3   0  14 1.12  0.0    0  6.7 31 270   M    M   9 38     43 270
10  85  67  76   0   0  11 1.04  0.0    0  4.6 17 110   M    M   8 13     22 110
11  86  71  79   2   0  14 0.91  0.0    0  3.7 22  80   M    M   7 13     25  80
12  85  69  77   0   0  12 0.09  0.0    0  7.1 22 290   M    M   7 1      28 290
13  89  69  79   2   0  14 0.00  0.0    0  4.2 10 170   M    M   5        17 280
14  92  72  82   5   0  17 0.00  0.0    0  3.8 13 220   M    M   3        16 240
15  94  75  85   8   0  20 0.00  0.0    0  3.1 10 260   M    M   2        14 260
16  94  75  85   7   0  20 0.00  0.0    0  5.1 12 290   0    0   0        15 210
17  94  77  86   8   0  21 0.00  0.0    0  5.9 14 240   M    M   2        18 250
18  95  73  84   6   0  19 0.20  0.0    0  4.7 32 260   M    M   5 3      45 270
19  91  73  82   4   0  17 0.00  0.0    0  6.4 14 220   M    M   4        20 220
20  89  75  82   4   0  17 0.34  0.0    0  9.0 30 240   M    M   6 38     40 270
21  93  72  83   5   0  18 0.00  0.0    0  7.7 15 210   M    M   5        20 220
22  94  75  85   6   0  20 0.00  0.0    0  8.0 15 320   M    M   4        21 320
23  94  77  86   7   0  21 0.00  0.0    0  7.6 15 290   M    M   5        20 290
24  93  72  83   4   0  18 1.56  0.0    0  6.9 37 340   M    M   8 3      45 330
25  93  70  82   3   0  17 0.00  0.0    0  6.3 13 210   M    M   6        17 360
26  90  74  82   3   0  17    T  0.0    0  6.1 17 180   M    M   6        44 120
27  85  72  79   0   0  14 1.37  0.0    0  7.0 23 300   M    M   8 13     28 300
28  83  66  75  -4   0  10 0.00  0.0    0  7.2 15 300   M    M   6        23 320
29  86  65  76  -4   0  11 0.00  0.0    0  5.4 13 250   M    M   6        18 270
================================================================================
SM 2568 2050         0 432  6.84     0.0 173.1            0    160
================================================================================
AV 88.6 70.7                               6.0 FASTST    0   0   6    MAX(MPH)
                                 MISC ---->  # 37 340               # 45  270
================================================================================
NOTES:
# LAST OF SEVERAL OCCURRENCES

COLUMN 17 PEAK WIND IN M.P.H.

PRELIMINARY LOCAL CLIMATOLOGICAL DATA (WS FORM: F-6) , PAGE 2

                                          STATION:  ATLANTA
                                          MONTH:    JUNE
                                          YEAR:     2015
                                          LATITUDE:   33 39 N
                                          LONGITUDE:  84 26 W

[TEMPERATURE DATA]      [PRECIPITATION DATA]       SYMBOLS USED IN COLUMN 16

AVERAGE MONTHLY: 79.6   TOTAL FOR MONTH:   6.84    1 = FOG OR MIST
DPTR FM NORMAL:   2.4   DPTR FM NORMAL:    3.05    2 = FOG REDUCING VISIBILITY
HIGHEST:    95 ON 18    GRTST 24HR  1.95 ON 10-11      TO 1/4 MILE OR LESS
LOWEST:     64 ON  4                               3 = THUNDER
                        SNOW, ICE PELLETS, HAIL    4 = ICE PELLETS
                        TOTAL MONTH:   0.0 INCH    5 = HAIL
                        GRTST 24HR     0.0         6 = FREEZING RAIN OR DRIZZLE
                        GRTST DEPTH:   0           7 = DUSTSTORM OR SANDSTORM:
                                                       VSBY 1/2 MILE OR LESS
                                                   8 = SMOKE OR HAZE
[NO. OF DAYS WITH]      [WEATHER - DAYS WITH]      9 = BLOWING SNOW
                                                   X = TORNADO
MAX 32 OR BELOW:   0    0.01 INCH OR MORE:  11
MAX 90 OR ABOVE:  12    0.10 INCH OR MORE:   8
MIN 32 OR BELOW:   0    0.50 INCH OR MORE:   5
MIN  0 OR BELOW:   0    1.00 INCH OR MORE:   4

[HDD (BASE 65) ]
TOTAL THIS MO.     0    CLEAR  (SCALE 0-3)   4
DPTR FM NORMAL     0    PTCLDY (SCALE 4-7)  23
TOTAL FM JUL 1  2656    CLOUDY (SCALE 8-10)  2
DPTR FM NORMAL  -110

[CDD (BASE 65) ]
TOTAL THIS MO.   432
DPTR FM NORMAL    77    [PRESSURE DATA]
TOTAL FM JAN 1   791    HIGHEST SLP  0.00 ON 16
DPTR FM NORMAL   186    LOWEST  SLP  0.00 ON 16

[REMARKS]
