000
CXUS52 KFFC 201110
CF6ATL
PRELIMINARY LOCAL CLIMATOLOGICAL DATA (WS FORM: F-6)

                                          STATION:   ATLANTA
                                          MONTH:     DECEMBER
                                          YEAR:      2014
                                          LATITUDE:   33 39 N
                                          LONGITUDE:  84 26 W

  TEMPERATURE IN F:       :PCPN:    SNOW:  WIND      :SUNSHINE: SKY     :PK WND
================================================================================
1   2   3   4   5  6A  6B    7    8   9   10  11  12  13   14  15   16   17  18
                                     12Z  AVG MX 2MIN
DY MAX MIN AVG DEP HDD CDD  WTR  SNW DPTH SPD SPD DIR MIN PSBL S-S WX    SPD DR
================================================================================

 1  74  46  60  11   5   0 0.00  0.0    0  3.2 12 230   M    M   4        16 220
 2  73  49  61  13   4   0 0.00  0.0    0  2.1 10 170   M    M   4        15 170
 3  70  51  61  13   4   0 0.01  0.0    0  5.1 13 290   M    M   8 18     15 280
 4  72  54  63  15   2   0    T  0.0    0  3.9 10  60   M    M   8         M  M
 5  61  55  58  10   7   0    T  0.0    0  8.2 14 110   M    M  10 128    17 120
 6  67  48  58  11   7   0 0.34  0.0    0 11.5 28 330   M    M   9 1      35 320
 7  62  41  52   5  13   0 0.00  0.0    0 12.3 22 330   M    M   4        28 340
 8  47  39  43  -4  22   0 0.00  0.0    0 10.3 22  80   M    M   8        30  70
 9  55  35  45  -1  20   0    T  0.0    0 10.7 23 350   M    M   5        29 310
10  50  35  43  -3  22   0 0.00  0.0    0 12.1 22 330   M    M   3        26 330
11  52  33  43  -3  22   0 0.00  0.0    0 11.8 20 320   M    M   2        23 320
12  61  32  47   1  18   0 0.00  0.0    0 10.0 15 310   M    M   0        21 330
13  63  37  50   4  15   0 0.00  0.0    0 10.3 16 330   M    M   1        21 300
14  57  34  46   1  19   0 0.00  0.0    0 10.4 16 310   M    M   0        18 330
15  66  30  48   3  17   0 0.00  0.0    0  5.2 10 290   M    M   5 18     15 330
16  61  43  52   7  13   0 0.17  0.0    0 11.8 22 280   M    M   5 1      26 280
17  50  37  44  -1  21   0 0.00  0.0    0  9.3 16 300   M    M   5        22 340
18  55  36  46   2  19   0    T  0.0    0  7.0 14 330   M    M   8        18 320
19  55  38  47   3  18   0 0.01  0.0    0  6.7 12 320   M    M   8        15 320
================================================================================
SM 1151  773       268   0  0.53     0.0 161.9          M       97
================================================================================
AV 60.6 40.7                               8.5 FASTST   M    M   5    MAX(MPH)
                                 MISC ---->  # 28 330               # 35  320
================================================================================
NOTES:
# LAST OF SEVERAL OCCURRENCES

COLUMN 17 PEAK WIND IN M.P.H.

PRELIMINARY LOCAL CLIMATOLOGICAL DATA (WS FORM: F-6) , PAGE 2

                                          STATION:  ATLANTA
                                          MONTH:    DECEMBER
                                          YEAR:     2014
                                          LATITUDE:   33 39 N
                                          LONGITUDE:  84 26 W

[TEMPERATURE DATA]      [PRECIPITATION DATA]       SYMBOLS USED IN COLUMN 16

AVERAGE MONTHLY: 50.6   TOTAL FOR MONTH:   0.53    1 = FOG OR MIST
DPTR FM NORMAL:   4.3   DPTR FM NORMAL:   -1.93    2 = FOG REDUCING VISIBILITY
HIGHEST:    74 ON  1    GRTST 24HR  0.34 ON  6- 6      TO 1/4 MILE OR LESS
LOWEST:     30 ON 15                               3 = THUNDER
                        SNOW, ICE PELLETS, HAIL    4 = ICE PELLETS
                        TOTAL MONTH:   0.0 INCH    5 = HAIL
                        GRTST 24HR     0.0         6 = FREEZING RAIN OR DRIZZLE
                        GRTST DEPTH:   0           7 = DUSTSTORM OR SANDSTORM:
                                                       VSBY 1/2 MILE OR LESS
                                                   8 = SMOKE OR HAZE
[NO. OF DAYS WITH]      [WEATHER - DAYS WITH]      9 = BLOWING SNOW
                                                   X = TORNADO
MAX 32 OR BELOW:   0    0.01 INCH OR MORE:   4
MAX 90 OR ABOVE:   0    0.10 INCH OR MORE:   2
MIN 32 OR BELOW:   2    0.50 INCH OR MORE:   0
MIN  0 OR BELOW:   0    1.00 INCH OR MORE:   0

[HDD (BASE 65) ]
TOTAL THIS MO.   268    CLEAR  (SCALE 0-3)   5
DPTR FM NORMAL   -88    PTCLDY (SCALE 4-7)  11
TOTAL FM JUL 1   815    CLOUDY (SCALE 8-10)  3
DPTR FM NORMAL    -9

[CDD (BASE 65) ]
TOTAL THIS MO.     0
DPTR FM NORMAL     0    [PRESSURE DATA]
TOTAL FM JAN 1  1986    HIGHEST SLP M ON M
DPTR FM NORMAL   104    LOWEST  SLP 29.95 ON 16

[REMARKS]
