000
CXUS51 KGYX 250900
CF6AUG
PRELIMINARY LOCAL CLIMATOLOGICAL DATA (WS FORM: F-6)

                                          STATION:   AUGUSTA
                                          MONTH:     MARCH
                                          YEAR:      2017
                                          LATITUDE:   44 18 N
                                          LONGITUDE:  69 48 W

  TEMPERATURE IN F:       :PCPN:    SNOW:  WIND      :SUNSHINE: SKY     :PK WND
================================================================================
1   2   3   4   5  6A  6B    7    8   9   10  11  12  13   14  15   16   17  18
                                     12Z  AVG MX 2MIN
DY MAX MIN AVG DEP HDD CDD  WTR  SNW DPTH SPD SPD DIR MIN PSBL S-S WX    SPD DR
================================================================================

 1  46  36  41  14  24   0 0.31    M    0  6.7 13 290   M    M  10 12     19 190
 2  47  19  33   6  32   0 0.02    M    M 12.0 29 290   M    M   5 12     42 280
 3  27  13  20  -8  45   0 0.00  0.0    M 12.0 23 340   M    M   2        32 300
 4  13   3   8 -20  57   0    T    M    M 14.0 26 330   M    M   3        43 340
 5  28   4  16 -12  49   0 0.00  0.0    M 13.7 28 350   M    M   0        35 340
 6  37   6  22  -7  43   0 0.00  0.0    M  4.9 16 350   M    M   0        21 340
 7  37  23  30   1  35   0 0.15    M    M  6.0 12 180   M    M   9 12     22 180
 8  50  37  44  15  21   0 0.26  0.0    M  6.1 17 240   M    M   7 12     27 260
 9  41  26  34   4  31   0    T    M    M 12.1 24 280   M    M   6        37 300
10  26  14  20 -10  45   0    T    M    M  6.2 22 350   M    M   5 1      29 350
11  14  -4   5 -25  60   0 0.00  0.0    M 15.0 28 300   M    M   5        42 330
12  19   1  10 -20  55   0 0.00  0.0    0 11.6 21 300   M    M   1        29 320
13  28   7  18 -13  47   0 0.00  0.0    0  4.6 13 290   M    M   1        18 300
14  27  17  22  -9  43   0 2.12    M    M 15.2 36  30   M    M   8 126    61  30
15  30  22  26  -5  39   0 0.02    M    M  9.3 18 290   M    M   9 16     27 270
16  26  15  21 -11  44   0 0.00    M    M 12.2 22 310   M    M   5        32 300
17  33  11  22 -10  43   0 0.00    M    M  8.1 20 340   M    M   0 8      24 340
18  37  14  26  -6  39   0 0.00    M    M  2.9 10 150   M    M   0        14 180
19  39  16  28  -5  37   0 0.00  0.0    M  8.7 17 360   M    M   4        23  30
20  46  24  35   2  30   0 0.00  0.0    M 10.6 21  30   M    M   0        29  20
21  43  31  37   3  28   0    T    M    M  3.6  9 340   M    M   8        12 280
22  35  13  24 -10  41   0    T    M    M 14.9 29 340   M    M   4 18     39 330
23  30   9  20 -14  45   0 0.00  0.0    0 11.0 22 300   M    M   0        31 300
24  32  19  26  -9  39   0 0.13    M    0  5.5 14 170   M    M   9 18     24 230
================================================================================
SM  791  376       972   0  3.01     0.0 226.9          M      101
================================================================================
AV 33.0 15.7                               9.5 FASTST   M    M   4    MAX(MPH)
                                 MISC ---->  # 36  30               # 61   30
================================================================================
NOTES:
# LAST OF SEVERAL OCCURRENCES

COLUMN 17 PEAK WIND IN M.P.H.

PRELIMINARY LOCAL CLIMATOLOGICAL DATA (WS FORM: F-6) , PAGE 2

                                          STATION:  AUGUSTA
                                          MONTH:    MARCH
                                          YEAR:     2017
                                          LATITUDE:   44 18 N
                                          LONGITUDE:  69 48 W

[TEMPERATURE DATA]      [PRECIPITATION DATA]       SYMBOLS USED IN COLUMN 16

AVERAGE MONTHLY: 24.3   TOTAL FOR MONTH:   3.01    1 = FOG OR MIST
DPTR FM NORMAL:  -6.4   DPTR FM NORMAL:    0.47    2 = FOG REDUCING VISIBILITY
HIGHEST:    50 ON  8    GRTST 24HR  2.12 ON 14-14      TO 1/4 MILE OR LESS
LOWEST:     -4 ON 11                               3 = THUNDER
                        SNOW, ICE PELLETS, HAIL    4 = ICE PELLETS
                        TOTAL MONTH:   0.0 INCH    5 = HAIL
                        GRTST 24HR     0.0         6 = FREEZING RAIN OR DRIZZLE
                        GRTST DEPTH:   0           7 = DUSTSTORM OR SANDSTORM:
                                                       VSBY 1/2 MILE OR LESS
                                                   8 = SMOKE OR HAZE
[NO. OF DAYS WITH]      [WEATHER - DAYS WITH]      9 = BLOWING SNOW
                                                   X = TORNADO
MAX 32 OR BELOW:  12    0.01 INCH OR MORE:   7
MAX 90 OR ABOVE:   0    0.10 INCH OR MORE:   5
MIN 32 OR BELOW:  22    0.50 INCH OR MORE:   1
MIN  0 OR BELOW:   1    1.00 INCH OR MORE:   1

[HDD (BASE 65) ]
TOTAL THIS MO.   972    CLEAR  (SCALE 0-3)  10
DPTR FM NORMAL   147    PTCLDY (SCALE 4-7)   9
TOTAL FM JUL 1  5784    CLOUDY (SCALE 8-10)  5
DPTR FM NORMAL  -384

[CDD (BASE 65) ]
TOTAL THIS MO.     0
DPTR FM NORMAL     0    [PRESSURE DATA]
TOTAL FM JAN 1     0    HIGHEST SLP M ON M
DPTR FM NORMAL     0    LOWEST  SLP 28.91 ON 15

[REMARKS]
