337
CXUS51 KGYX 290900
CF6AUG
PRELIMINARY LOCAL CLIMATOLOGICAL DATA (WS FORM: F-6)

                                          STATION:   AUGUSTA
                                          MONTH:     APRIL
                                          YEAR:      2016
                                          LATITUDE:   44 18 N
                                          LONGITUDE:  69 48 W

  TEMPERATURE IN F:       :PCPN:    SNOW:  WIND      :SUNSHINE: SKY     :PK WND
================================================================================
1   2   3   4   5  6A  6B    7    8   9   10  11  12  13   14  15   16   17  18
                                     12Z  AVG MX 2MIN
DY MAX MIN AVG DEP HDD CDD  WTR  SNW DPTH SPD SPD DIR MIN PSBL S-S WX    SPD DR
================================================================================

 1  59  49  54  16  11   0 0.32  0.0    M  8.0 16 200   M    M   9 13     26 170
 2  49  36  43   5  22   0 0.16    M    M  5.6 14 300   M    M   7 1      22 300
 3  37  18  28 -11  37   0 0.00  0.0    0 14.9 30 320   M    M   5        47 340
 4  26  15  21 -18  44   0 0.00  0.0    0  5.7 18 360   M    M   7        24 290
 5  34  16  25 -14  40   0 0.00  0.0    M 11.4 24 340   M    M   0        29 300
 6  40  18  29 -11  36   0 0.05    M    M  7.3 18 180   M    M   4 1      26 160
 7  51  33  42   2  23   0 0.96  0.0    0 13.7 33 160   M    M  10 12     54 170
 8  55  36  46   5  19   0    T  0.0    0  9.2 20 240   M    M   9 1      30 250
 9  43  27  35  -6  30   0 0.00  0.0    0 10.9 20 360   M    M   2        30 340
10  42  22  32 -10  33   0 0.00    M    M  8.8 20 330   M    M   0        26 300
11  47  30  39  -3  26   0 0.01    M    M  7.5 16 170   M    M  10        26 190
12  50  36  43   1  22   0 0.53  0.0    0  8.1 17 310   M    M   8 1      24 310
13  51  33  42  -1  23   0 0.00  0.0    0  7.1 15 330   M    M   1        22 360
14  53  33  43   0  22   0 0.00  0.0    0 11.1 21 340   M    M   0        26 320
15  55  31  43  -1  22   0 0.00  0.0    0 13.3 25 350   M    M   0        32 340
16  59  32  46   2  19   0 0.00  0.0    0 10.6 22  10   M    M   0        28 350
17  70  31  51   6  14   0 0.00  0.0    0  3.6 10 180   M    M   0        16 180
18  60  40  50   5  15   0 0.25    M    0  6.1 20  20   M    M   7 1      25  50
19  57  39  48   3  17   0 0.35    M    0  6.7 22 320   M    M   8 1      31 320
20  57  37  47   1  18   0 0.00  0.0    0 10.6 23 350   M    M   2        33 340
21  74  39  57  11   8   0 0.00  0.0    0  5.9 15 260   M    M   0        21 320
22  72  44  58  11   7   0 0.00  0.0    0  5.1 12 330   M    M   4        19 190
23  60  40  50   3  15   0    T  0.0    0 12.3 25 360   M    M   5        31  10
24  53  33  43  -4  22   0 0.00  0.0    0 11.1 24 350   M    M   0        31  20
25  59  32  46  -2  19   0 0.00  0.0    0  8.7 18 330   M    M   0        25 280
26  38  30  34 -14  31   0 0.09    M    M  4.3  9 330   M    M   6 1      12  10
27  54  28  41  -8  24   0 0.00  0.0    0  8.2 20 330   M    M   2 1      26 330
28  50  27  39 -10  26   0 0.00  0.0    0  7.4 20 310   M    M   0        33 330
================================================================================
SM 1455  885       645   0  2.72     0.0 243.2          M      106
================================================================================
AV 52.0 31.6                               8.7 FASTST   M    M   4    MAX(MPH)
                                 MISC ---->  # 33 160               # 54  170
================================================================================
NOTES:
# LAST OF SEVERAL OCCURRENCES

COLUMN 17 PEAK WIND IN M.P.H.

PRELIMINARY LOCAL CLIMATOLOGICAL DATA (WS FORM: F-6) , PAGE 2

                                          STATION:  AUGUSTA
                                          MONTH:    APRIL
                                          YEAR:     2016
                                          LATITUDE:   44 18 N
                                          LONGITUDE:  69 48 W

[TEMPERATURE DATA]      [PRECIPITATION DATA]       SYMBOLS USED IN COLUMN 16

AVERAGE MONTHLY: 41.8   TOTAL FOR MONTH:   2.72    1 = FOG OR MIST
DPTR FM NORMAL:  -1.7   DPTR FM NORMAL:   -0.80    2 = FOG REDUCING VISIBILITY
HIGHEST:    74 ON 21    GRTST 24HR  0.96 ON  6- 7      TO 1/4 MILE OR LESS
LOWEST:     15 ON  4                               3 = THUNDER
                        SNOW, ICE PELLETS, HAIL    4 = ICE PELLETS
                        TOTAL MONTH:   0.0 INCH    5 = HAIL
                        GRTST 24HR     0.0         6 = FREEZING RAIN OR DRIZZLE
                        GRTST DEPTH:   0           7 = DUSTSTORM OR SANDSTORM:
                                                       VSBY 1/2 MILE OR LESS
                                                   8 = SMOKE OR HAZE
[NO. OF DAYS WITH]      [WEATHER - DAYS WITH]      9 = BLOWING SNOW
                                                   X = TORNADO
MAX 32 OR BELOW:   1    0.01 INCH OR MORE:   9
MAX 90 OR ABOVE:   0    0.10 INCH OR MORE:   6
MIN 32 OR BELOW:  14    0.50 INCH OR MORE:   2
MIN  0 OR BELOW:   0    1.00 INCH OR MORE:   0

[HDD (BASE 65) ]
TOTAL THIS MO.   645    CLEAR  (SCALE 0-3)  14
DPTR FM NORMAL    42    PTCLDY (SCALE 4-7)  10
TOTAL FM JUL 1  6257    CLOUDY (SCALE 8-10)  4
DPTR FM NORMAL  -715

[CDD (BASE 65) ]
TOTAL THIS MO.     0
DPTR FM NORMAL     0    [PRESSURE DATA]
TOTAL FM JAN 1     0    HIGHEST SLP M ON M
DPTR FM NORMAL     0    LOWEST  SLP 29.23 ON  3

[REMARKS]
