418
CXUS53 KGID 200730
CF6AUH
PRELIMINARY LOCAL CLIMATOLOGICAL DATA (WS FORM: F-6)

                                          STATION:   AURORA
                                          MONTH:     JANUARY
                                          YEAR:      2018
                                          LATITUDE:   40 54 N
                                          LONGITUDE:  97 59 W

  TEMPERATURE IN F:       :PCPN:    SNOW:  WIND      :SUNSHINE: SKY     :PK WND
================================================================================
1   2   3   4   5  6A  6B    7    8   9   10  11  12  13   14  15   16   17  18
                                     12Z  AVG MX 2MIN
DY MAX MIN AVG DEP HDD CDD  WTR  SNW DPTH SPD SPD DIR MIN PSBL S-S WX    SPD DR
================================================================================

 1   2 -18  -8 -33  73   0 0.00    M    M  1.1  5 200   M    M   3         M  M
 2  23  -7   8 -17  57   0 0.00    M    M 11.6 21 240   M    M   1        28 250
 3  25   7  16  -9  49   0    T    M    M  9.5 22 360   M    M   6         M  M
 4  33   3  18  -6  47   0 0.00    M    M  6.3 13 220   M    M   0 1       M  M
 5  17   4  11 -13  54   0 0.00    M    M  5.7  8  60   M    M   3         M  M
 6  25   1  13 -11  52   0 0.00    M    M  8.5 16 170   M    M   0        16 190
 7  42  21  32   8  33   0    T    M    M  8.5 16 330   M    M   4         M  M
 8  50  23  37  13  28   0 0.00    M    M  7.8 13 190   M    M   0        18 190
 9  52  35  44  20  21   0 0.00    M    M 11.9 16 170   M    M   0        21 170
10  51  24  38  14  27   0 0.00    M    M 11.4 35 340   M    M   5 12     41 340
11  24   5  15  -9  50   0    M    M    M 27.3 37 340   M    M   4        46 350
12  10  -1   5 -19  60   0    T    M    M 10.3 14  40   M    M   6         M  M
13  15   6  11 -13  54   0    M    M    M  5.8 10 170   M    M  10         M  M
14  37  14  26   2  39   0    M    M    M 10.3 20 330   M    M   9        28 330
15  26  -1  13 -11  52   0 0.00    M    M 21.4 27 330   M    M   6        33 330
16  12  -2   5 -19  60   0 0.00    M    M 10.7 20 340   M    M   3        24 340
17  31   4  18  -6  47   0 0.00    M    M 12.1 18 220   M    M   0        23 220
18  44  13  29   5  36   0 0.00    M    M  8.7 15 240   M    M   0        16 230
19  52  30  41  17  24   0 0.00    M    M  9.5 15 210   M    M   0         M  M
================================================================================
SM  571  161       863   0    T     M    198.4          M       60
================================================================================
AV 30.1  8.5                              10.4 FASTST   M    M   3    MAX(MPH)
                                 MISC ---->  # 37 340               # 46  350
================================================================================
NOTES:
# LAST OF SEVERAL OCCURRENCES

COLUMN 17 PEAK WIND IN M.P.H.

PRELIMINARY LOCAL CLIMATOLOGICAL DATA (WS FORM: F-6) , PAGE 2

                                          STATION:  AURORA
                                          MONTH:    JANUARY
                                          YEAR:     2018
                                          LATITUDE:   40 54 N
                                          LONGITUDE:  97 59 W

[TEMPERATURE DATA]      [PRECIPITATION DATA]       SYMBOLS USED IN COLUMN 16

AVERAGE MONTHLY: 19.3   TOTAL FOR MONTH:      T    1 = FOG OR MIST
DPTR FM NORMAL:  -4.9   DPTR FM NORMAL:   -0.33    2 = FOG REDUCING VISIBILITY
HIGHEST:    52 ON 19, 9 GRTST 24HR    T  ON 12-12      TO 1/4 MILE OR LESS
LOWEST:    -18 ON  1                               3 = THUNDER
                        SNOW, ICE PELLETS, HAIL    4 = ICE PELLETS
                        TOTAL MONTH:    M          5 = HAIL
                        GRTST 24HR    M  ON   M    6 = FREEZING RAIN OR DRIZZLE
                        GRTST DEPTH:  M  ON   M    7 = DUSTSTORM OR SANDSTORM:
                                                       VSBY 1/2 MILE OR LESS
                                                   8 = SMOKE OR HAZE
[NO. OF DAYS WITH]      [WEATHER - DAYS WITH]      9 = BLOWING SNOW
                                                   X = TORNADO
MAX 32 OR BELOW:  11    0.01 INCH OR MORE:   0
MAX 90 OR ABOVE:   0    0.10 INCH OR MORE:   0
MIN 32 OR BELOW:  18    0.50 INCH OR MORE:   0
MIN  0 OR BELOW:   5    1.00 INCH OR MORE:   0

[HDD (BASE 65) ]
TOTAL THIS MO.   863    CLEAR  (SCALE 0-3)  11
DPTR FM NORMAL    90    PTCLDY (SCALE 4-7)   6
TOTAL FM JUL 1  3245    CLOUDY (SCALE 8-10)  2
DPTR FM NORMAL   -49

[CDD (BASE 65) ]
TOTAL THIS MO.     0
DPTR FM NORMAL     0    [PRESSURE DATA]
TOTAL FM JAN 1     0    HIGHEST SLP M ON M
DPTR FM NORMAL     0    LOWEST  SLP M ON M

[REMARKS]
