000
CXUS53 KGID 220730
CF6AUH
PRELIMINARY LOCAL CLIMATOLOGICAL DATA (WS FORM: F-6)

                                          STATION:   AURORA
                                          MONTH:     MAY
                                          YEAR:      2017
                                          LATITUDE:   40 54 N
                                          LONGITUDE:  97 59 W

  TEMPERATURE IN F:       :PCPN:    SNOW:  WIND      :SUNSHINE: SKY     :PK WND
================================================================================
1   2   3   4   5  6A  6B    7    8   9   10  11  12  13   14  15   16   17  18
                                     12Z  AVG MX 2MIN
DY MAX MIN AVG DEP HDD CDD  WTR  SNW DPTH SPD SPD DIR MIN PSBL S-S WX    SPD DR
================================================================================

 1  64  33  49  -7  16   0 0.13    M    M 19.3 31 340   M    M   5        39 320
 2  63  40  52  -5  13   0 0.00    M    M  9.6 16 320   M    M   2         9 290
 3  66  42  54  -3  11   0 0.55    M    M  6.0 15  20   M    M   8 3       M  M
 4  70  40  55  -2  10   0 0.00    M    M  9.3 18  10   M    M   1        21 350
 5  76  41  59   1   6   0 0.00    M    M  5.2 10 290   M    M   0         M  M
 6  82  50  66   8   0   1 0.00    M    M  8.2 12  80   M    M   0        18  70
 7  87  50  69  11   0   4 0.00    M    M 14.8 28 160   M    M   0        37 160
 8  91  62  77  18   0  12 0.00    M    M 12.2 18 190   M    M   1        24 190
 9  79  56  68   9   0   3 0.00    M    M 10.7 22  60   M    M   2        25  60
10  61  53  57  -2   8   0 0.51    M    M 11.2 20  10   M    M   9 13     24  10
11  69  47  58  -2   7   0 0.00    M    M 11.1 20  10   M    M   3        25  10
12  75  42  59  -1   6   0 0.00    M    M  6.6  9 100   M    M   0         M  M
13  78  49  64   4   1   0 0.00    M    M 13.4 22 170   M    M   0        32 180
14  85  59  72  11   0   7 0.00    M    M  9.2 17 170   M    M   0        23 170
15  88  60  74  13   0   9 0.49    M    M 10.4 32 250   M    M   2 3      40 250
16  83  60  72  11   0   7 0.80    M    M 10.6 18 260   M    M   4 3      25 260
17  65  54  60  -2   5   0 1.40    M    M 13.6 24 280   M    M   9 3      41 320
18  59  50  55  -7  10   0 0.69    M    M 18.3 24  60   M    M  10 3      35  60
19  54  45  50 -12  15   0 0.78    M    M 18.6 25  50   M    M  10 1      33  50
20  49  40  45 -18  20   0 0.27    M    M 15.9 23 300   M    M   9 1      29 300
21  69  37  53 -10  12   0 0.00    M    M  9.5 18 300   M    M   0        23 300
================================================================================
SM 1513 1010       140  43  5.62    M    243.7          M       75
================================================================================
AV 72.1 48.1                              11.6 FASTST   M    M   4    MAX(MPH)
                                 MISC ---->  # 32 250               # 41  320
================================================================================
NOTES:
# LAST OF SEVERAL OCCURRENCES

COLUMN 17 PEAK WIND IN M.P.H.

PRELIMINARY LOCAL CLIMATOLOGICAL DATA (WS FORM: F-6) , PAGE 2

                                          STATION:  AURORA
                                          MONTH:    MAY
                                          YEAR:     2017
                                          LATITUDE:   40 54 N
                                          LONGITUDE:  97 59 W

[TEMPERATURE DATA]      [PRECIPITATION DATA]       SYMBOLS USED IN COLUMN 16

AVERAGE MONTHLY: 60.1   TOTAL FOR MONTH:   5.62    1 = FOG OR MIST
DPTR FM NORMAL:   0.4   DPTR FM NORMAL:    2.33    2 = FOG REDUCING VISIBILITY
HIGHEST:    91 ON  8    GRTST 24HR  1.40 ON 17-17      TO 1/4 MILE OR LESS
LOWEST:     33 ON  1                               3 = THUNDER
                        SNOW, ICE PELLETS, HAIL    4 = ICE PELLETS
                        TOTAL MONTH:    M          5 = HAIL
                        GRTST 24HR    M  ON   M    6 = FREEZING RAIN OR DRIZZLE
                        GRTST DEPTH:  M  ON   M    7 = DUSTSTORM OR SANDSTORM:
                                                       VSBY 1/2 MILE OR LESS
                                                   8 = SMOKE OR HAZE
[NO. OF DAYS WITH]      [WEATHER - DAYS WITH]      9 = BLOWING SNOW
                                                   X = TORNADO
MAX 32 OR BELOW:   0    0.01 INCH OR MORE:   9
MAX 90 OR ABOVE:   1    0.10 INCH OR MORE:   9
MIN 32 OR BELOW:   0    0.50 INCH OR MORE:   6
MIN  0 OR BELOW:   0    1.00 INCH OR MORE:   1

[HDD (BASE 65) ]
TOTAL THIS MO.   140    CLEAR  (SCALE 0-3)  13
DPTR FM NORMAL     0    PTCLDY (SCALE 4-7)   3
TOTAL FM JUL 1  5336    CLOUDY (SCALE 8-10)  5
DPTR FM NORMAL  -855

[CDD (BASE 65) ]
TOTAL THIS MO.    43
DPTR FM NORMAL    16    [PRESSURE DATA]
TOTAL FM JAN 1    49    HIGHEST SLP M ON M
DPTR FM NORMAL    10    LOWEST  SLP M ON M

[REMARKS]
