000
CXUS53 KARX 270930
CF6AUM
PRELIMINARY LOCAL CLIMATOLOGICAL DATA (WS FORM: F-6)

                                          STATION:   AUSTIN_MUNI MN
                                          MONTH:     FEBRUARY
                                          YEAR:      2015
                                          LATITUDE:   43 40 N
                                          LONGITUDE:  92 56 W

  TEMPERATURE IN F:       :PCPN:    SNOW:  WIND      :SUNSHINE: SKY     :PK WND
================================================================================
1   2   3   4   5  6A  6B    7    8   9   10  11  12  13   14  15   16   17  18
                                     12Z  AVG MX 2MIN
DY MAX MIN AVG DEP HDD CDD  WTR  SNW DPTH SPD SPD DIR MIN PSBL S-S WX    SPD DR
================================================================================

 1  25   5  15   M  50   0    M    M    5 15.7 23  50   M    M   7        30  50
 2  10  -8   1   M  64   0 0.00  0.0    5  6.4 12 190   M    M   1         M  M
 3  14   0   7   M  58   0    M    M    6  3.6  9 190   M    M   5 1       M  M
 4  14  -4   5   M  60   0    M    M    6 11.4 18 300   M    M   4        27 320
 5  12 -15  -1   M  66   0 0.00  0.0    6  9.4 22 190   M    M   1        25 200
 6  27   7  17   M  48   0 0.00  0.0    6  5.3  9 180   M    M   1         M  M
 7  37  18  28   M  37   0 0.00  0.0    6  5.0 10 180   M    M   0 18      M  M
 8  34  27  31   M  34   0    T  0.0    5  8.7 13  30   M    M   7 168     M  M
 9  28  18  23   M  42   0 0.00  0.0    2  3.2  8  40   M    M   7         M  M
10  36  18  27   M  38   0    M    M    2 10.2 15 160   M    M   7 146    23 160
11  34   1  18   M  47   0    M    M    2 22.2 27 320   M    M   8 19     37 320
12   9  -2   4   M  61   0 0.00  0.0    2  7.9 17 330   M    M   0        27 340
13  30   3  17   M  48   0    M    M    2 12.9 22 300   M    M   7        32 300
14  16   0   8   M  57   0 0.00  0.0    2 15.1 28 320   M    M   2        35 320
15   9   0   5   M  60   0 0.00  0.0    2  8.7 12 140   M    M   7         M  M
16  21   7  14   M  51   0    M    M    2  8.9 13 310   M    M   9        16 310
17  10   0   5   M  60   0    M    M    2 12.5 23 300   M    M   3 8      36 300
18   1  -8  -3   M  68   0 0.00  0.0    2 15.9 22 310   M    M   2 8      29 320
19   5 -11  -3   M  68   0 0.00  0.0    3  4.5 10 170   M    M   1         M  M
20  27   5  16   M  49   0    M  0.0    0  9.8 18 180   M    M  10 8      24 180
21  27   1  14   M  51   0    T  0.0    0 10.3 18 320   M    M   7        24 320
22   1  -8  -3   M  68   0 0.00  0.0    0 11.6 18 330   M    M   0        23 320
23  16 -11   3   M  62   0 0.00  0.0    M 11.9 25 220   M    M   0        32 210
24  34  12  23   M  42   0 0.00  0.0    M 17.9 27 320   M    M   5 8      40 310
25  14   1   8   M  57   0    M    M    M  7.4 12  10   M    M   8        18  10
26   5  -8  -1   M  66   0 0.00  0.0    M 10.1 15 310   M    M   0        23 320
================================================================================
SM  496   48      1412   0    T      0.0 266.5          M      109
================================================================================
AV 19.1  1.8                              10.2 FASTST   M    M   4    MAX(MPH)
                                 MISC ---->    28   M                 40    M
================================================================================
NOTES:
# LAST OF SEVERAL OCCURRENCES

COLUMN 17 PEAK WIND IN M.P.H.

PRELIMINARY LOCAL CLIMATOLOGICAL DATA (WS FORM: F-6) , PAGE 2

                                          STATION:  AUSTIN_MUNI MN
                                          MONTH:    FEBRUARY
                                          YEAR:     2015
                                          LATITUDE:   43 40 N
                                          LONGITUDE:  92 56 W

[TEMPERATURE DATA]      [PRECIPITATION DATA]       SYMBOLS USED IN COLUMN 16

AVERAGE MONTHLY: 10.5   TOTAL FOR MONTH:      T    1 = FOG OR MIST
DPTR FM NORMAL:     M   DPTR FM NORMAL:       M    2 = FOG REDUCING VISIBILITY
HIGHEST:    37 ON  7    GRTST 24HR    T  ON 21-21      TO 1/4 MILE OR LESS
LOWEST:    -15 ON  5                               3 = THUNDER
                        SNOW, ICE PELLETS, HAIL    4 = ICE PELLETS
                        TOTAL MONTH:   0.0 INCH    5 = HAIL
                        GRTST 24HR     0.0         6 = FREEZING RAIN OR DRIZZLE
                        GRTST DEPTH:   6 ON  7, 6  7 = DUSTSTORM OR SANDSTORM:
                                                       VSBY 1/2 MILE OR LESS
                                                   8 = SMOKE OR HAZE
[NO. OF DAYS WITH]      [WEATHER - DAYS WITH]      9 = BLOWING SNOW
                                                   X = TORNADO
MAX 32 OR BELOW:  21    0.01 INCH OR MORE:   0
MAX 90 OR ABOVE:   0    0.10 INCH OR MORE:   0
MIN 32 OR BELOW:  26    0.50 INCH OR MORE:   0
MIN  0 OR BELOW:  13    1.00 INCH OR MORE:   0

[HDD (BASE 65) ]
TOTAL THIS MO.  1412    CLEAR  (SCALE 0-3)  12
DPTR FM NORMAL     M    PTCLDY (SCALE 4-7)  11
TOTAL FM JUL 1  6062    CLOUDY (SCALE 8-10)  3
DPTR FM NORMAL     M

[CDD (BASE 65) ]
TOTAL THIS MO.     0
DPTR FM NORMAL     M    [PRESSURE DATA]
TOTAL FM JAN 1     0    HIGHEST SLP M ON M
DPTR FM NORMAL     M    LOWEST  SLP M ON M

[REMARKS]
