000
CXUS53 KARX 260930
CF6AUM
PRELIMINARY LOCAL CLIMATOLOGICAL DATA (WS FORM: F-6)

                                          STATION:   AUSTIN_MUNI MN
                                          MONTH:     JANUARY
                                          YEAR:      2015
                                          LATITUDE:   43 40 N
                                          LONGITUDE:  92 56 W

  TEMPERATURE IN F:       :PCPN:    SNOW:  WIND      :SUNSHINE: SKY     :PK WND
================================================================================
1   2   3   4   5  6A  6B    7    8   9   10  11  12  13   14  15   16   17  18
                                     12Z  AVG MX 2MIN
DY MAX MIN AVG DEP HDD CDD  WTR  SNW DPTH SPD SPD DIR MIN PSBL S-S WX    SPD DR
================================================================================

 1  28   7  18   M  47   0 0.00  0.0    M 10.5 20 280   M    M   6        24 280
 2  25   9  17   M  48   0 0.00  0.0    M  4.2  8 320   M    M   6         M  M
 3  30  16  23   M  42   0    M    M    M  8.1 18 340   M    M   7 1      29 340
 4  14  -6   4   M  61   0    M    M    M 18.7 27 330   M    M   4 8      36 330
 5   1 -13  -6   M  71   0    M    M    M  7.5 14 300   M    M   3        24 300
 6   3  -9  -3   M  68   0    T    T    M 10.3 20 310   M    M   2 9      29 310
 7   0  -9  -4   M  69   0 0.00  0.0    M 14.8 22 320   M    M   1        29 320
 8  18  -9   5   M  60   0    M    M    6 19.4 30 300   M    M   7 8      40 300
 9   3  -2   1   M  64   0 0.00  0.0    7 14.8 22 300   M    M   4 8      30 310
10  21  -9   6   M  59   0 0.00  0.0    7  7.1 16 200   M    M   4        21 180
11  19   1  10   M  55   0 0.00  0.0    M  4.8 12 350   M    M   2         M  M
12  12 -11   1   M  64   0 0.00  0.0    7  8.0 14 350   M    M   0        22 340
13  14 -17  -1   M  66   0 0.00  0.0    M  5.2 14 190   M    M   2         M  M
14  21  14  18   M  47   0    M    M    M  6.3 10 220   M    M  10         M  M
15  34  18  26   M  39   0 0.00  0.0    M  8.8 20 290   M    M   3 12     27 290
16  34  12  23   M  42   0 0.00  0.0    M  6.4 14 140   M    M   1 12      M  M
17  37  27  32   M  33   0 0.00  0.0    M 11.1 23 290   M    M   4        32 290
18  36  25  31   M  34   0 0.00  0.0    M  8.8 16 290   M    M   0        22 290
19  36  21  29   M  36   0    M    M    M  4.7 12 180   M    M   3 1      16 170
20  36  30  33   M  32   0    M    M    M  4.6 12 300   M    M  10 1       M  M
21  34  25  30   M  35   0    M    M    M  6.5 10 330   M    M  10 1      16 350
22  27  21  24   M  41   0 0.00  0.0    0  8.6 17 220   M    M  10 1      22 220
23  34  21  28   M  37   0 0.00  0.0    0 11.1 16 210   M    M   1        23 210
24  39  25  32   M  33   0 0.00  0.0    0  5.0 10 240   M    M   1 1       M  M
25  34  21  28   M  37   0    M    M    M  7.6 14  20   M    M  10        20  20
================================================================================
SM  590  208      1220   0    T     T    222.9          M      111
================================================================================
AV 23.6  8.3                               8.9 FASTST   M    M   4    MAX(MPH)
                                 MISC ---->    30   M                 40    M
================================================================================
NOTES:
# LAST OF SEVERAL OCCURRENCES

COLUMN 17 PEAK WIND IN M.P.H.

PRELIMINARY LOCAL CLIMATOLOGICAL DATA (WS FORM: F-6) , PAGE 2

                                          STATION:  AUSTIN_MUNI MN
                                          MONTH:    JANUARY
                                          YEAR:     2015
                                          LATITUDE:   43 40 N
                                          LONGITUDE:  92 56 W

[TEMPERATURE DATA]      [PRECIPITATION DATA]       SYMBOLS USED IN COLUMN 16

AVERAGE MONTHLY: 16.0   TOTAL FOR MONTH:      T    1 = FOG OR MIST
DPTR FM NORMAL:     M   DPTR FM NORMAL:       M    2 = FOG REDUCING VISIBILITY
HIGHEST:    39 ON 24    GRTST 24HR    T  ON  6- 6      TO 1/4 MILE OR LESS
LOWEST:    -17 ON 13                               3 = THUNDER
                        SNOW, ICE PELLETS, HAIL    4 = ICE PELLETS
                        TOTAL MONTH:    T          5 = HAIL
                        GRTST 24HR    T  ON  6- 6  6 = FREEZING RAIN OR DRIZZLE
                        GRTST DEPTH:   7 ON 12,10  7 = DUSTSTORM OR SANDSTORM:
                                                       VSBY 1/2 MILE OR LESS
                                                   8 = SMOKE OR HAZE
[NO. OF DAYS WITH]      [WEATHER - DAYS WITH]      9 = BLOWING SNOW
                                                   X = TORNADO
MAX 32 OR BELOW:  15    0.01 INCH OR MORE:   0
MAX 90 OR ABOVE:   0    0.10 INCH OR MORE:   0
MIN 32 OR BELOW:  25    0.50 INCH OR MORE:   0
MIN  0 OR BELOW:   9    1.00 INCH OR MORE:   0

[HDD (BASE 65) ]
TOTAL THIS MO.  1220    CLEAR  (SCALE 0-3)  12
DPTR FM NORMAL     M    PTCLDY (SCALE 4-7)   8
TOTAL FM JUL 1  4421    CLOUDY (SCALE 8-10)  5
DPTR FM NORMAL     M

[CDD (BASE 65) ]
TOTAL THIS MO.     0
DPTR FM NORMAL     M    [PRESSURE DATA]
TOTAL FM JAN 1     0    HIGHEST SLP M ON M
DPTR FM NORMAL     M    LOWEST  SLP M ON M

[REMARKS]
