000
CXUS53 KARX 280930
CF6AUM
PRELIMINARY LOCAL CLIMATOLOGICAL DATA (WS FORM: F-6)

                                          STATION:   AUSTIN_MUNI MN
                                          MONTH:     MARCH
                                          YEAR:      2015
                                          LATITUDE:   43 40 N
                                          LONGITUDE:  92 56 W

  TEMPERATURE IN F:       :PCPN:    SNOW:  WIND      :SUNSHINE: SKY     :PK WND
================================================================================
1   2   3   4   5  6A  6B    7    8   9   10  11  12  13   14  15   16   17  18
                                     12Z  AVG MX 2MIN
DY MAX MIN AVG DEP HDD CDD  WTR  SNW DPTH SPD SPD DIR MIN PSBL S-S WX    SPD DR
================================================================================

 1  25   7  16   M  49   0 0.00  0.0    6 10.3 18 280   M    M   4 1      22 280
 2  21   0  11   M  54   0 0.00  0.0    6  5.6 14 310   M    M   4 1       M  M
 3  30   7  19   M  46   0 0.02    T    6 13.3 23 310   M    M   8 16     31 300
 4  12  -2   5   M  60   0 0.00  0.0    5 13.9 20 320   M    M   0        27 300
 5  10  -9   1   M  64   0 0.00  0.0    5  6.8 12 180   M    M   0         M  M
 6  39   1  20   M  45   0 0.00  0.0    5  9.6 15 180   M    M   0        18 170
 7  41  23  32   M  33   0 0.00  0.0    3  9.3 18 300   M    M   2        23 310
 8  46  30  38   M  27   0 0.00  0.0    3  7.1 16 300   M    M   4        22 300
 9  52  30  41   M  24   0 0.00  0.0    2  9.3 18 220   M    M   1        22 210
10  61  30  46   M  19   0 0.00  0.0    1  8.0 12 220   M    M   0 1       M  M
11  54  28  41   M  24   0 0.00  0.0    0  4.0  7 160   M    M   0         M  M
12  61  36  49   M  16   0 0.00  0.0    0 10.5 21 180   M    M   0        25 180
13  63  37  50   M  15   0 0.00  0.0    0 13.0 22 300   M    M   0 1      27 300
14  57  32  45   M  20   0 0.00  0.0    0  8.8 17 330   M    M   0        25 330
15  64  34  49   M  16   0 0.00  0.0    0 10.0 22 220   M    M   0        32 230
16  64  37  51   M  14   0 0.00  0.0    0  9.9 20 290   M    M   1        29 350
17  43  28  36   M  29   0 0.00  0.0    0  9.4 18 320   M    M   0        27  10
18  43  30  37   M  28   0 0.00  0.0    0  2.0  5  90   M    M   5         M  M
19  46  34  40   M  25   0 0.00  0.0    0  8.4 17 190   M    M   8        20 190
20  57  32  45   M  20   0 0.00  0.0    0  9.2 18 300   M    M   1 1      25 300
21  45  28  37   M  28   0 0.00  0.0    0  8.5 14  10   M    M   1        21  10
22  34  28  31   M  34   0    M    M    0 11.6 20  90   M    M   8        27  80
23  30  27  29   M  36   0    M    M    6  9.3 17  90   M    M   9 1      43  90
24  34  25  30   M  35   0 0.06    M    4 11.2 18 120   M    M   8 1      23 160
25  37  30  34   M  31   0 0.00  0.0    5 14.2 30 290   M    M   9 1      36 290
26  30  23  27   M  38   0 0.00  0.0    M 12.0 16 340   M    M   5        22 320
27  30  12  21   M  44   0 0.00  0.0    M  3.0  7  60   M    M   0         M  M
================================================================================
SM 1129  618       874   0  0.08    T    248.2          M       78
================================================================================
AV 41.8 22.9                               9.2 FASTST   M    M   3    MAX(MPH)
                                 MISC ---->    30   M                 43    M
================================================================================
NOTES:
# LAST OF SEVERAL OCCURRENCES

COLUMN 17 PEAK WIND IN M.P.H.

PRELIMINARY LOCAL CLIMATOLOGICAL DATA (WS FORM: F-6) , PAGE 2

                                          STATION:  AUSTIN_MUNI MN
                                          MONTH:    MARCH
                                          YEAR:     2015
                                          LATITUDE:   43 40 N
                                          LONGITUDE:  92 56 W

[TEMPERATURE DATA]      [PRECIPITATION DATA]       SYMBOLS USED IN COLUMN 16

AVERAGE MONTHLY: 32.4   TOTAL FOR MONTH:   0.08    1 = FOG OR MIST
DPTR FM NORMAL:     M   DPTR FM NORMAL:       M    2 = FOG REDUCING VISIBILITY
HIGHEST:    64 ON 16,15 GRTST 24HR  0.06 ON 24-24      TO 1/4 MILE OR LESS
LOWEST:     -9 ON  5                               3 = THUNDER
                        SNOW, ICE PELLETS, HAIL    4 = ICE PELLETS
                        TOTAL MONTH:    T          5 = HAIL
                        GRTST 24HR    T  ON  3- 3  6 = FREEZING RAIN OR DRIZZLE
                        GRTST DEPTH:   6 ON 23, 3  7 = DUSTSTORM OR SANDSTORM:
                                                       VSBY 1/2 MILE OR LESS
                                                   8 = SMOKE OR HAZE
[NO. OF DAYS WITH]      [WEATHER - DAYS WITH]      9 = BLOWING SNOW
                                                   X = TORNADO
MAX 32 OR BELOW:   8    0.01 INCH OR MORE:   2
MAX 90 OR ABOVE:   0    0.10 INCH OR MORE:   0
MIN 32 OR BELOW:  22    0.50 INCH OR MORE:   0
MIN  0 OR BELOW:   3    1.00 INCH OR MORE:   0

[HDD (BASE 65) ]
TOTAL THIS MO.   874    CLEAR  (SCALE 0-3)  16
DPTR FM NORMAL     M    PTCLDY (SCALE 4-7)   8
TOTAL FM JUL 1  7069    CLOUDY (SCALE 8-10)  3
DPTR FM NORMAL     M

[CDD (BASE 65) ]
TOTAL THIS MO.     0
DPTR FM NORMAL     M    [PRESSURE DATA]
TOTAL FM JAN 1     0    HIGHEST SLP M ON M
DPTR FM NORMAL     M    LOWEST  SLP M ON M

[REMARKS]
