128
CXUS54 KBMX 261216
CF6AUO
PRELIMINARY LOCAL CLIMATOLOGICAL DATA (WS FORM: F-6)

                                          STATION:   AUBURN    AWOS
                                          MONTH:     MAY
                                          YEAR:      2016
                                          LATITUDE:   32 34 N
                                          LONGITUDE:  85 30 W

  TEMPERATURE IN F:       :PCPN:    SNOW:  WIND      :SUNSHINE: SKY     :PK WND
================================================================================
1   2   3   4   5  6A  6B    7    8   9   10  11  12  13   14  15   16   17  18
                                     12Z  AVG MX 2MIN
DY MAX MIN AVG DEP HDD CDD  WTR  SNW DPTH SPD SPD DIR MIN PSBL S-S WX    SPD DR
================================================================================

 1  83  66  75   M   0  10 0.44  0.0    0  5.4 13 210   M    M   2 3      20 190
 2  80  63  72   M   0   7 0.01  0.0    M  8.2 13 200   M    M   5 3      18 280
 3  75  62  69   M   0   4    T  0.0    0  6.6 10 300   M    M   8 1       M  M
 4  71  53  62   M   3   0 0.01  0.0    0  8.6 16 340   M    M   1        20 340
 5  69  50  60   M   5   0 0.00  0.0    0 11.0 18 300   M    M   2        30 290
 6  72  44  58   M   7   0 0.00  0.0    0 10.1 18 340   M    M   2        24 340
 7  79  49  64   M   1   0 0.00  0.0    0  6.9 14 340   M    M   0         M  M
 8  85  61  73   M   0   8 0.00  0.0    0  6.2 12 320   M    M   0         M  M
 9  76  61  69   M   0   4 0.00  0.0    0  6.1 13 180   M    M   1         M  M
10  81  64  73   M   0   8 0.00  0.0    0  6.8 14 180   M    M   4         M  M
11  84  62  73   M   0   8 0.00  0.0    0  3.4  9 170   M    M   1 1       M  M
12  86  66  76   M   0  11 0.16  0.0    0  4.3 12 250   M    M   1 3      25 320
13  81  59  70   M   0   5 0.12  0.0    0  7.7 12 310   M    M   2        20 330
14  81  56  69   M   0   4 0.00  0.0    0  7.4 12 360   M    M   0        18 290
15  74  52  63   M   2   0 0.00  0.0    0  7.4 12  30   M    M   0        17  99
16  79  56  68   M   0   3 0.00  0.0    0  7.2 12  80   M    M   1         M  M
17  73  66  70   M   0   5 0.35  0.0    0  6.6 10  90   M    M   7 1       M  M
18  80  66  73   M   0   8 0.00  0.0    0  3.0  7 180   M    M   7         M  M
19  84  66  75   M   0  10 0.08  0.0    0  5.4 10 320   M    M   6 1       M  M
20  75  65  70   M   0   5 0.41  0.0    M  8.4 15 200   M    M   8 13      M  M
21  83  63  73   M   0   8    T  0.0    0  8.4 17 220   M    M   6 13     21 250
22  78  57  68   M   0   3 0.00  0.0    0  9.3 17 360   M    M   0        24  10
23  81  55  68   M   0   3 0.00  0.0    0  3.5  8  60   M    M   1         M  M
24  84  58  71   M   0   6 0.00  0.0    0  2.3  9 200   M    M   0         M  M
25   M   M   M   M   M   M 0.00  0.0    0   M   M   M   M    M   0         M  M
================================================================================
SM 1894 1420        18 120  1.58     0.0 160.2          M       65
================================================================================
AV 78.9 59.2                               6.7 FASTST   M    M   3    MAX(MPH)
                                 MISC ---->    18   M                 30    M
================================================================================
NOTES:
# LAST OF SEVERAL OCCURRENCES

COLUMN 17 PEAK WIND IN M.P.H.

PRELIMINARY LOCAL CLIMATOLOGICAL DATA (WS FORM: F-6) , PAGE 2

                                          STATION:  AUBURN    AWOS
                                          MONTH:    MAY
                                          YEAR:     2016
                                          LATITUDE:   32 34 N
                                          LONGITUDE:  85 30 W

[TEMPERATURE DATA]      [PRECIPITATION DATA]       SYMBOLS USED IN COLUMN 16

AVERAGE MONTHLY: 69.0   TOTAL FOR MONTH:   1.58    1 = FOG OR MIST
DPTR FM NORMAL:     M   DPTR FM NORMAL:       M    2 = FOG REDUCING VISIBILITY
HIGHEST:    86 ON 12    GRTST 24HR  0.44 ON  1- 1      TO 1/4 MILE OR LESS
LOWEST:     44 ON  6                               3 = THUNDER
                        SNOW, ICE PELLETS, HAIL    4 = ICE PELLETS
                        TOTAL MONTH:   0.0 INCH    5 = HAIL
                        GRTST 24HR     0.0         6 = FREEZING RAIN OR DRIZZLE
                        GRTST DEPTH:   0           7 = DUSTSTORM OR SANDSTORM:
                                                       VSBY 1/2 MILE OR LESS
                                                   8 = SMOKE OR HAZE
[NO. OF DAYS WITH]      [WEATHER - DAYS WITH]      9 = BLOWING SNOW
                                                   X = TORNADO
MAX 32 OR BELOW:   0    0.01 INCH OR MORE:   8
MAX 90 OR ABOVE:   0    0.10 INCH OR MORE:   5
MIN 32 OR BELOW:   0    0.50 INCH OR MORE:   0
MIN  0 OR BELOW:   0    1.00 INCH OR MORE:   0

[HDD (BASE 65) ]
TOTAL THIS MO.    18    CLEAR  (SCALE 0-3)  17
DPTR FM NORMAL     M    PTCLDY (SCALE 4-7)   8
TOTAL FM JUL 1  1478    CLOUDY (SCALE 8-10)  0
DPTR FM NORMAL     M

[CDD (BASE 65) ]
TOTAL THIS MO.   120
DPTR FM NORMAL     M    [PRESSURE DATA]
TOTAL FM JAN 1   220    HIGHEST SLP M ON M
DPTR FM NORMAL     M    LOWEST  SLP M ON M

[REMARKS]
