000
CXUS53 KGRB 290640
CF6AUW
PRELIMINARY LOCAL CLIMATOLOGICAL DATA (WS FORM: F-6)

                                          STATION:   WAUSAU WI
                                          MONTH:     AUGUST
                                          YEAR:      2015
                                          LATITUDE:   44 55 N
                                          LONGITUDE:  89 37 W

  TEMPERATURE IN F:       :PCPN:    SNOW:  WIND      :SUNSHINE: SKY     :PK WND
================================================================================
1   2   3   4   5  6A  6B    7    8   9   10  11  12  13   14  15   16   17  18
                                     12Z  AVG MX 2MIN
DY MAX MIN AVG DEP HDD CDD  WTR  SNW DPTH SPD SPD DIR MIN PSBL S-S WX    SPD DR
================================================================================

 1  83  57  70   1   0   5 0.00  0.0    0  9.4 21 260   M    M   1 3      26 250
 2  85  62  74   5   0   9 0.16  0.0    0  8.5 24 300   M    M   5 13     32 290
 3  76  56  66  -3   0   1 0.00  0.0    0 10.4 23 290   M    M   4        28 280
 4  77  57  67  -2   0   2 0.00  0.0    0  7.9 22 290   M    M   5        27 290
 5  77  56  67  -2   0   2 0.00  0.0    0  4.2 15 160   M    M   4        20 160
 6  78  55  67  -2   0   2    T  0.0    0  7.7 15 130   M    M   4        18 120
 7  66  61  64  -5   1   0 1.48  0.0    0  8.9 16 120   M    M  10 1      20 120
 8  72  61  67  -1   0   2 0.00  0.0    0  5.8 12 130   M    M   8 1      14 150
 9  78  60  69   1   0   4 0.14  0.0    0  3.3 10 310   M    M   8 128    12 310
10  81  64  73   5   0   8 0.09  0.0    0  7.5 16 350   M    M   5 1      22 360
11  79  56  68   0   0   3 0.00  0.0    0  6.8 16 310   M    M   2        22 310
12  82  53  68   0   0   3 0.00  0.0    0  5.7 16 260   M    M   0        22 280
13  84  67  76   8   0  11 0.00  0.0    0  8.4 17 230   M    M   2        21 230
14  92  70  81  13   0  16 0.00  0.0    0  6.2 14 260   M    M   0        20 300
15  89  65  77   9   0  12 0.00  0.0    0  4.0 12 150   M    M   1 1      15 160
16  88  69  79  11   0  14 0.00  0.0    0  9.7 20 230   M    M   2        25 230
17  76  65  71   3   0   6 0.34  0.0    0  5.2 16 280   M    M   9 13     19 290
18  67  62  65  -2   0   0 1.24  0.0    0  9.0 17  90   M    M  10 1      24 100
19  69  58  64  -3   1   0 0.06  0.0    0 10.3 24 210   M    M  10 1      33 210
20  63  51  57 -10   8   0 0.01  0.0    0 11.1 23 300   M    M   8 18     30 280
21  77  47  62  -5   3   0    T  0.0    0  7.6 16 170   M    M   4        20 190
22  81  57  69   2   0   4 0.00  0.0    0 13.2 28 160   M    M   1        36 180
23  69  57  63  -3   2   0 0.08  0.0    0 13.8 30 270   M    M   9 13     42 270
24  59  52  56 -10   9   0    T  0.0    0 15.6 30 300   M    M   9 1      38 300
25  60  52  56 -10   9   0 0.00  0.0    0  9.9 17 300   M    M   9        23 300
26  74  52  63  -3   2   0 0.00  0.0    0  5.3 13 300   M    M   4        20 280
27  75  47  61  -5   4   0 0.00  0.0    0  3.6 12 220   M    M   1        15 200
28  68  58  63  -2   2   0 0.02  0.0    0  6.5 14 170   M    M   7 1      18 180
================================================================================
SM 2125 1627        41 104  3.62     0.0 225.5          M      142
================================================================================
AV 75.9 58.1                               8.1 FASTST   M    M   5    MAX(MPH)
                                 MISC ---->  # 30 270               # 42  270
================================================================================
NOTES:
# LAST OF SEVERAL OCCURRENCES

COLUMN 17 PEAK WIND IN M.P.H.

PRELIMINARY LOCAL CLIMATOLOGICAL DATA (WS FORM: F-6) , PAGE 2

                                          STATION:  WAUSAU WI
                                          MONTH:    AUGUST
                                          YEAR:     2015
                                          LATITUDE:   44 55 N
                                          LONGITUDE:  89 37 W

[TEMPERATURE DATA]      [PRECIPITATION DATA]       SYMBOLS USED IN COLUMN 16

AVERAGE MONTHLY: 67.0   TOTAL FOR MONTH:   3.62    1 = FOG OR MIST
DPTR FM NORMAL:  -0.6   DPTR FM NORMAL:   -0.15    2 = FOG REDUCING VISIBILITY
HIGHEST:    92 ON 14    GRTST 24HR  1.48 ON  7- 7      TO 1/4 MILE OR LESS
LOWEST:     47 ON 27,21                            3 = THUNDER
                        SNOW, ICE PELLETS, HAIL    4 = ICE PELLETS
                        TOTAL MONTH:   0.0 INCH    5 = HAIL
                        GRTST 24HR     0.0         6 = FREEZING RAIN OR DRIZZLE
                        GRTST DEPTH:   0           7 = DUSTSTORM OR SANDSTORM:
                                                       VSBY 1/2 MILE OR LESS
                                                   8 = SMOKE OR HAZE
[NO. OF DAYS WITH]      [WEATHER - DAYS WITH]      9 = BLOWING SNOW
                                                   X = TORNADO
MAX 32 OR BELOW:   0    0.01 INCH OR MORE:  10
MAX 90 OR ABOVE:   1    0.10 INCH OR MORE:   5
MIN 32 OR BELOW:   0    0.50 INCH OR MORE:   2
MIN  0 OR BELOW:   0    1.00 INCH OR MORE:   2

[HDD (BASE 65) ]
TOTAL THIS MO.    41    CLEAR  (SCALE 0-3)   9
DPTR FM NORMAL     6    PTCLDY (SCALE 4-7)  12
TOTAL FM JUL 1    59    CLOUDY (SCALE 8-10)  7
DPTR FM NORMAL     1

[CDD (BASE 65) ]
TOTAL THIS MO.   104
DPTR FM NORMAL    -5    [PRESSURE DATA]
TOTAL FM JAN 1   333    HIGHEST SLP M ON M
DPTR FM NORMAL   -36    LOWEST  SLP 29.47 ON  2

[REMARKS]
