000
CXUS52 KGSP 170817
CF6AVL
PRELIMINARY LOCAL CLIMATOLOGICAL DATA (WS FORM: F-6)

                                          STATION:   ASHEVILLE NC
                                          MONTH:     JANUARY
                                          YEAR:      2017
                                          LATITUDE:   35 25 N
                                          LONGITUDE:  82 33 W

  TEMPERATURE IN F:       :PCPN:    SNOW:  WIND      :SUNSHINE: SKY     :PK WND
================================================================================
1   2   3   4   5  6A  6B    7    8   9   10  11  12  13   14  15   16   17  18
                                     12Z  AVG MX 2MIN
DY MAX MIN AVG DEP HDD CDD  WTR  SNW DPTH SPD SPD DIR MIN PSBL S-S WX    SPD DR
================================================================================

 1  54  41  48  11  17   0 0.02  0.0    0  5.3 20 170   M    M  10 1      24 170
 2  54  45  50  13  15   0 0.51  0.0    0  4.7 13 170   M    M  10 18     17 150
 3  63  47  55  18  10   0 0.34  0.0    0  5.3 18 330   M    M   8 18     24 330
 4  54  30  42   5  23   0 0.00  0.0    0 13.5 31 340   M    M   2        39 340
 5  44  25  35  -2  30   0 0.00  0.0    0  6.2 20 340   M    M   6        24 340
 6  35  25  30  -7  35   0 0.34  4.8    0 12.7 22 340   M    M  10 1      28 350
 7  25  13  19 -18  46   0 0.21  2.2    7 18.8 30 340   M    M   5 18     39 340
 8  22   8  15 -22  50   0 0.00  0.0    6 12.8 30 340   M    M   0        37 340
 9  33  14  24 -13  41   0 0.00  0.0    6  5.8 12 140   M    M   4        18 170
10  43  24  34  -3  31   0    T  0.0    4  8.2 23 190   M    M   6        29 170
11  57  40  49  12  16   0    T  0.0    T  7.4 18 200   M    M   7        29 200
12  68  47  58  21   7   0 0.00  0.0    0  9.4 21 210   M    M   4        26 210
13  69  40  55  18  10   0 0.00  0.0    0  3.1 14 340   M    M   6 1      17 350
14  56  48  52  15  13   0 0.00  0.0    0  2.7 10 160   M    M  10 128    13 160
15  65  46  56  19   9   0 0.01  0.0    0  3.4 12 340   M    M   9 12     14 330
16  58  49  54  17  11   0 0.03  0.0    0  5.2 12 170   M    M   9 18     16 160
================================================================================
SM  800  542       364   0  1.46     7.0 124.5          M      106
================================================================================
AV 50.0 33.9                               7.8 FASTST   M    M   7    MAX(MPH)
                                 MISC ---->  # 31 340               # 39  340
================================================================================
NOTES:
# LAST OF SEVERAL OCCURRENCES

COLUMN 17 PEAK WIND IN M.P.H.

PRELIMINARY LOCAL CLIMATOLOGICAL DATA (WS FORM: F-6) , PAGE 2

                                          STATION:  ASHEVILLE NC
                                          MONTH:    JANUARY
                                          YEAR:     2017
                                          LATITUDE:   35 25 N
                                          LONGITUDE:  82 33 W

[TEMPERATURE DATA]      [PRECIPITATION DATA]       SYMBOLS USED IN COLUMN 16

AVERAGE MONTHLY: 41.9   TOTAL FOR MONTH:   1.46    1 = FOG OR MIST
DPTR FM NORMAL:   4.9   DPTR FM NORMAL:   -0.38    2 = FOG REDUCING VISIBILITY
HIGHEST:    69 ON 13    GRTST 24HR  0.72 ON  2- 3      TO 1/4 MILE OR LESS
LOWEST:      8 ON  8                               3 = THUNDER
                        SNOW, ICE PELLETS, HAIL    4 = ICE PELLETS
                        TOTAL MONTH:   7.0 INCHES  5 = HAIL
                        GRTST 24HR   4.8 ON   M    6 = FREEZING RAIN OR DRIZZLE
                        GRTST DEPTH:   7 ON  7     7 = DUSTSTORM OR SANDSTORM:
                                                       VSBY 1/2 MILE OR LESS
                                                   8 = SMOKE OR HAZE
[NO. OF DAYS WITH]      [WEATHER - DAYS WITH]      9 = BLOWING SNOW
                                                   X = TORNADO
MAX 32 OR BELOW:   2    0.01 INCH OR MORE:   7
MAX 90 OR ABOVE:   0    0.10 INCH OR MORE:   4
MIN 32 OR BELOW:   7    0.50 INCH OR MORE:   1
MIN  0 OR BELOW:   0    1.00 INCH OR MORE:   0

[HDD (BASE 65) ]
TOTAL THIS MO.   364    CLEAR  (SCALE 0-3)   2
DPTR FM NORMAL   -84    PTCLDY (SCALE 4-7)   8
TOTAL FM JUL 1  1642    CLOUDY (SCALE 8-10)  6
DPTR FM NORMAL  -467

[CDD (BASE 65) ]
TOTAL THIS MO.     0
DPTR FM NORMAL     0    [PRESSURE DATA]
TOTAL FM JAN 1     0    HIGHEST SLP M ON M
DPTR FM NORMAL     0    LOWEST  SLP 29.67 ON  4

[REMARKS]
