000
CXUS53 KMPX 191000
CF6AXN
PRELIMINARY LOCAL CLIMATOLOGICAL DATA (WS FORM: F-6)

                                          STATION:   ALEXANDRIA MN
                                          MONTH:     JANUARY
                                          YEAR:      2017
                                          LATITUDE:   45 52 N
                                          LONGITUDE:  95 23 W

  TEMPERATURE IN F:       :PCPN:    SNOW:  WIND      :SUNSHINE: SKY     :PK WND
================================================================================
1   2   3   4   5  6A  6B    7    8   9   10  11  12  13   14  15   16   17  18
                                     12Z  AVG MX 2MIN
DY MAX MIN AVG DEP HDD CDD  WTR  SNW DPTH SPD SPD DIR MIN PSBL S-S WX    SPD DR
================================================================================

 1  25  18  22  11  43   0    M    M    M 11.5 21 300   M    M   7 1      26 300
 2  27  17  22  12  43   0    M    M    M 10.2 18  80   M    M  10 1      23  80
 3  26  -8   9  -1  56   0    M    M    M 18.3 28 320   M    M  10 18     35 310
 4  -4 -14  -9 -19  74   0    M    M    M 11.2 20 300   M    M   4 18     23 300
 5  -9 -19 -14 -24  79   0    M    M    M  7.1 15 300   M    M   4 18     17 310
 6   1 -19  -9 -19  74   0    M    M    M  5.5 12 290   M    M   3 18     14 290
 7  -1 -13  -7 -17  72   0    M    M    M  7.2 14 300   M    M   0        17 300
 8  15 -13   1  -9  64   0    M    M    M 11.5 23 150   M    M   5 1      29 150
 9  20  -4   8  -2  57   0    M    M    M  8.0 18 110   M    M   6 1      24 120
10  18  -3   8  -2  57   0    M    M    M 15.7 32 310   M    M   7 128    40 300
11   4  -5   0 -10  65   0    M    M    M  8.3 17 300   M    M   6 18     22 320
12   6 -15  -4 -14  69   0    M    M    M 13.3 31 310   M    M   2 8      38 300
13   9 -19  -5 -15  70   0    M    M    M  9.1 18 160   M    M   5        23 170
14  14   1   8  -2  57   0    M    M    M  7.2 15 220   M    M   0        17 220
15  26   1  14   4  51   0    M    M    M  7.9 16 210   M    M   0        19 210
16  33   8  21  11  44   0    M    M    M  2.8  9 210   M    M   0 1      12 210
17  25   1  13   3  52   0    M    M    M  5.6 13 210   M    M   0 18     16 210
18  38  20  29  19  36   0    M    M    M  9.2 17 210   M    M   0 1      21 190
================================================================================
SM  273  -66      1063   0    M     M    169.6          M       69
================================================================================
AV 15.2 -3.7                               9.4 FASTST   M    M   4    MAX(MPH)
                                 MISC ---->  # 32 310               # 40  300
================================================================================
NOTES:
# LAST OF SEVERAL OCCURRENCES

COLUMN 17 PEAK WIND IN M.P.H.

PRELIMINARY LOCAL CLIMATOLOGICAL DATA (WS FORM: F-6) , PAGE 2

                                          STATION:  ALEXANDRIA MN
                                          MONTH:    JANUARY
                                          YEAR:     2017
                                          LATITUDE:   45 52 N
                                          LONGITUDE:  95 23 W

[TEMPERATURE DATA]      [PRECIPITATION DATA]       SYMBOLS USED IN COLUMN 16

AVERAGE MONTHLY:  5.8   TOTAL FOR MONTH:      M    1 = FOG OR MIST
DPTR FM NORMAL:  -4.3   DPTR FM NORMAL:       M    2 = FOG REDUCING VISIBILITY
HIGHEST:    38 ON 18    GRTST 24HR  0.11 ON  1- 2      TO 1/4 MILE OR LESS
LOWEST:    -19 ON 13, 6                            3 = THUNDER
                        SNOW, ICE PELLETS, HAIL    4 = ICE PELLETS
                        TOTAL MONTH:    M          5 = HAIL
                        GRTST 24HR    M  ON   M    6 = FREEZING RAIN OR DRIZZLE
                        GRTST DEPTH:  M  ON   M    7 = DUSTSTORM OR SANDSTORM:
                                                       VSBY 1/2 MILE OR LESS
                                                   8 = SMOKE OR HAZE
[NO. OF DAYS WITH]      [WEATHER - DAYS WITH]      9 = BLOWING SNOW
                                                   X = TORNADO
MAX 32 OR BELOW:  16    0.01 INCH OR MORE:   0
MAX 90 OR ABOVE:   0    0.10 INCH OR MORE:   0
MIN 32 OR BELOW:  18    0.50 INCH OR MORE:   0
MIN  0 OR BELOW:  11    1.00 INCH OR MORE:   0

[HDD (BASE 65) ]
TOTAL THIS MO.  1063    CLEAR  (SCALE 0-3)   8
DPTR FM NORMAL    75    PTCLDY (SCALE 4-7)   8
TOTAL FM JUL 1  3946    CLOUDY (SCALE 8-10)  2
DPTR FM NORMAL  -553

[CDD (BASE 65) ]
TOTAL THIS MO.     0
DPTR FM NORMAL     0    [PRESSURE DATA]
TOTAL FM JAN 1     0    HIGHEST SLP M ON M
DPTR FM NORMAL     0    LOWEST  SLP 29.45 ON 10

[REMARKS]
