000
CXUS53 KGRR 241017
CF6AZO
PRELIMINARY LOCAL CLIMATOLOGICAL DATA (WS FORM: F-6)

                                          STATION:   KALAMAZOO
                                          MONTH:     SEPTEMBER
                                          YEAR:      2016
                                          LATITUDE:   42 13 N
                                          LONGITUDE:  85 33 W

  TEMPERATURE IN F:       :PCPN:    SNOW:  WIND      :SUNSHINE: SKY     :PK WND
================================================================================
1   2   3   4   5  6A  6B    7    8   9   10  11  12  13   14  15   16   17  18
                                     12Z  AVG MX 2MIN
DY MAX MIN AVG DEP HDD CDD  WTR  SNW DPTH SPD SPD DIR MIN PSBL S-S WX    SPD DR
================================================================================

 1  74  54  64  -4   1   0 0.00    M    M  6.5 17 360   M    M   3        21 360
 2  76  52  64  -4   1   0 0.00    M    M  4.7 13  30   M    M   1        18  60
 3  78  50  64  -3   1   0 0.00    M    M  1.5  7 150   M    M   0 1      10 140
 4  81  52  67   0   0   2 0.00    M    M  2.4 10 180   M    M   0 1      14 140
 5  86  59  73   6   0   8 0.00    M    M  6.9 17 190   M    M   1        22 200
 6  89  71  80  14   0  15 0.00    M    M  8.7 16 210   M    M   1 1      20 220
 7  91  75  83  17   0  18 0.00    M    M  9.5 18 220   M    M   2 3      26 240
 8  81  67  74   8   0   9 0.06    M    M  6.9 18 240   M    M   8 12     23 250
 9  81  64  73   8   0   8 0.48    M    M  3.6  9 220   M    M   8 128    14 100
10  74  61  68   3   0   3 0.22    M    M 10.0 23 310   M    M   8 138    33 290
11  70  54  62  -2   3   0 0.00    M    M  0.4  4 280   M    M   M         M  M
12   M   M   M   M   M   M 0.00    M    M   M   M   M   M    M   M         M  M
13   M   M   M   M   M   M 0.00    M    M   M   M   M   M    M   M         M  M
14   M   M   M   M   M   M    M    M    M   M   M   M   M    M   M         M  M
15  76  55  66   3   0   1 0.00    M    M  3.5  9 100   M    M   0        14 100
16  81  54  68   6   0   3 0.00    M    M  6.1 17 170   M    M   0        23 180
17  78  63  71   9   0   6 0.72    M    M  6.8 15 260   M    M   6 1      19 260
18  78  56  67   5   0   2 0.00    M    M  3.3 13 270   M    M   2 1      21 230
19  83  53  68   7   0   3 0.00    M    M  5.6 15 180   M    M   0 12     18 180
20  82  59  71  10   0   6 0.00    M    M  3.3 10  50   M    M   3        16  60
21  83  59  71  11   0   6 0.02    M    M  2.8 20 300   M    M   2 18     24 300
22  82  61  72  12   0   7 0.00    M    M  2.6 13 220   M    M   0 18     26 210
23  73  61  67   8   0   2 0.37    M    M  4.3 12  50   M    M   8 18     19  40
================================================================================
SM 1597 1180         6  99  1.87    M     99.4          M       53
================================================================================
AV 79.8 59.0                               5.0 FASTST   M    M   3    MAX(MPH)
                                 MISC ---->  # 23 310               # 33  290
================================================================================
NOTES:
# LAST OF SEVERAL OCCURRENCES

COLUMN 17 PEAK WIND IN M.P.H.

PRELIMINARY LOCAL CLIMATOLOGICAL DATA (WS FORM: F-6) , PAGE 2

                                          STATION:  KALAMAZOO
                                          MONTH:    SEPTEMBER
                                          YEAR:     2016
                                          LATITUDE:   42 13 N
                                          LONGITUDE:  85 33 W

[TEMPERATURE DATA]      [PRECIPITATION DATA]       SYMBOLS USED IN COLUMN 16

AVERAGE MONTHLY: 69.4   TOTAL FOR MONTH:   1.87    1 = FOG OR MIST
DPTR FM NORMAL:   5.5   DPTR FM NORMAL:   -1.16    2 = FOG REDUCING VISIBILITY
HIGHEST:    91 ON  7    GRTST 24HR  0.72 ON 17-17      TO 1/4 MILE OR LESS
LOWEST:     50 ON  3                               3 = THUNDER
                        SNOW, ICE PELLETS, HAIL    4 = ICE PELLETS
                        TOTAL MONTH:    M          5 = HAIL
                        GRTST 24HR    M  ON   M    6 = FREEZING RAIN OR DRIZZLE
                        GRTST DEPTH:  M  ON   M    7 = DUSTSTORM OR SANDSTORM:
                                                       VSBY 1/2 MILE OR LESS
                                                   8 = SMOKE OR HAZE
[NO. OF DAYS WITH]      [WEATHER - DAYS WITH]      9 = BLOWING SNOW
                                                   X = TORNADO
MAX 32 OR BELOW:   0    0.01 INCH OR MORE:   6
MAX 90 OR ABOVE:   1    0.10 INCH OR MORE:   4
MIN 32 OR BELOW:   0    0.50 INCH OR MORE:   1
MIN  0 OR BELOW:   0    1.00 INCH OR MORE:   0

[HDD (BASE 65) ]
TOTAL THIS MO.     6    CLEAR  (SCALE 0-3)  14
DPTR FM NORMAL   -67    PTCLDY (SCALE 4-7)   5
TOTAL FM JUL 1     7    CLOUDY (SCALE 8-10)  0
DPTR FM NORMAL   -82

[CDD (BASE 65) ]
TOTAL THIS MO.    99
DPTR FM NORMAL    48    [PRESSURE DATA]
TOTAL FM JAN 1   893    HIGHEST SLP M ON M
DPTR FM NORMAL   231    LOWEST  SLP 29.73 ON 10

[REMARKS]
