000
CXUS54 KEWX 270910
CF6BAZ
PRELIMINARY LOCAL CLIMATOLOGICAL DATA (WS FORM: F-6)

                                          STATION:   NEW BRAUNFELS
                                          MONTH:     FEBRUARY
                                          YEAR:      2015
                                          LATITUDE:   29 43 N
                                          LONGITUDE:  98  3 W

  TEMPERATURE IN F:       :PCPN:    SNOW:  WIND      :SUNSHINE: SKY     :PK WND
================================================================================
1   2   3   4   5  6A  6B    7    8   9   10  11  12  13   14  15   16   17  18
                                     12Z  AVG MX 2MIN
DY MAX MIN AVG DEP HDD CDD  WTR  SNW DPTH SPD SPD DIR MIN PSBL S-S WX    SPD DR
================================================================================

 1  77  46  62   9   3   0    M    M    M 13.5 28  20   M    M   6 12     33  20
 2  51  37  44  -9  21   0    M    M    M 10.8 26  10   M    M   0        31  10
 3  44  41  43 -10  22   0    M    M    M  3.5  8 160   M    M   9 1      10 160
 4  55  37  46  -7  19   0 0.01    M    M  4.7 13 200   M    M  10 18     15 200
 5  53  42  48  -5  17   0    T    M    M 11.1 22  20   M    M  10 1      26  30
 6  58  40  49  -4  16   0 0.00    M    M  5.0 15 220   M    M   7        18 220
 7  70  40  55   1  10   0 0.00    M    M 11.9 22 210   M    M   5 1      32 230
 8  77  52  65  11   0   0 0.00    M    M 10.9 21 230   M    M   6 128    26 230
 9  84  50  67  13   0   2 0.00    M    M  7.1 14  30   M    M   0        18  30
10  82  44  63   9   2   0 0.00    M    M  7.7 16 230   M    M   0        26 230
11  77  44  61   7   4   0 0.00    M    M  6.5 18 160   M    M   3 128    22 160
12  66  47  57   3   8   0 0.00    M    M 13.9 23  20   M    M   3        29  30
13  69  42  56   2   9   0 0.00    M    M  6.5 13 180   M    M   1        17 190
14  76  45  61   6   4   0 0.00    M    M  7.6 14 250   M    M   0 18     18 220
15  69  56  63   8   2   0 0.03    M    M  7.2 20 180   M    M   7 1      24 190
16  66  38  52  -3  13   0 0.02    M    M 16.2 28  10   M    M   9 1      35  10
17  55  34  45 -10  20   0    T    M    M 10.9 23 360   M    M   6 4      30  10
18  65  29  47  -8  18   0 0.00    M    M  6.8 18 210   M    M   0        24 240
19  72  35  54  -2  11   0 0.00    M    M 11.2 24 190   M    M   1        31 180
20  78  58  68  12   0   3    T    M    M 16.8 28 200   M    M   9        34 190
21  79  57  68  12   0   3 0.00    M    M 11.5 24  50   M    M   7        31  50
22  61  41  51  -5  14   0    T    M    M 15.6 32  20   M    M  10 18     40  10
23  41  32  37 -19  28   0    T    M    M 17.3 28  30   M    M  10 18     35  30
24  40  32  36 -21  29   0    T    M    M  7.9 14  20   M    M  10 1      17  10
25  65  36  51  -6  14   0    T    M    M  6.0 20 320   M    M   5 1      28 330
26  59  32  46 -11  19   0 0.00  0.0    0 12.7 26  50   M    M   2 8      31  40
================================================================================
SM 1689 1087       303   8  0.06     0.0 260.8          M      136
================================================================================
AV 65.0 41.8                              10.0 FASTST   M    M   5    MAX(MPH)
                                 MISC ---->  # 32  20               # 40   10
================================================================================
NOTES:
# LAST OF SEVERAL OCCURRENCES

COLUMN 17 PEAK WIND IN M.P.H.

PRELIMINARY LOCAL CLIMATOLOGICAL DATA (WS FORM: F-6) , PAGE 2

                                          STATION:  NEW BRAUNFELS
                                          MONTH:    FEBRUARY
                                          YEAR:     2015
                                          LATITUDE:   29 43 N
                                          LONGITUDE:  98  3 W

[TEMPERATURE DATA]      [PRECIPITATION DATA]       SYMBOLS USED IN COLUMN 16

AVERAGE MONTHLY: 53.4   TOTAL FOR MONTH:   0.06    1 = FOG OR MIST
DPTR FM NORMAL:  -1.3   DPTR FM NORMAL:   -1.77    2 = FOG REDUCING VISIBILITY
HIGHEST:    84 ON  9    GRTST 24HR  0.20 ON  3- 4      TO 1/4 MILE OR LESS
LOWEST:     29 ON 18                               3 = THUNDER
                        SNOW, ICE PELLETS, HAIL    4 = ICE PELLETS
                        TOTAL MONTH:   0.0 INCH    5 = HAIL
                        GRTST 24HR     0.0         6 = FREEZING RAIN OR DRIZZLE
                        GRTST DEPTH:   0           7 = DUSTSTORM OR SANDSTORM:
                                                       VSBY 1/2 MILE OR LESS
                                                   8 = SMOKE OR HAZE
[NO. OF DAYS WITH]      [WEATHER - DAYS WITH]      9 = BLOWING SNOW
                                                   X = TORNADO
MAX 32 OR BELOW:   0    0.01 INCH OR MORE:   3
MAX 90 OR ABOVE:   0    0.10 INCH OR MORE:   0
MIN 32 OR BELOW:   4    0.50 INCH OR MORE:   0
MIN  0 OR BELOW:   0    1.00 INCH OR MORE:   0

[HDD (BASE 65) ]
TOTAL THIS MO.   303    CLEAR  (SCALE 0-3)  10
DPTR FM NORMAL    19    PTCLDY (SCALE 4-7)   8
TOTAL FM JUL 1  1345    CLOUDY (SCALE 8-10)  8
DPTR FM NORMAL     7

[CDD (BASE 65) ]
TOTAL THIS MO.     8
DPTR FM NORMAL   -12    [PRESSURE DATA]
TOTAL FM JAN 1     8    HIGHEST SLP M ON M
DPTR FM NORMAL   -18    LOWEST  SLP 29.73 ON 20

[REMARKS]
