000
CXUS54 KEWX 200910
CF6BAZ
PRELIMINARY LOCAL CLIMATOLOGICAL DATA (WS FORM: F-6)

                                          STATION:   NEW BRAUNFELS
                                          MONTH:     JANUARY
                                          YEAR:      2018
                                          LATITUDE:   29 43 N
                                          LONGITUDE:  98  3 W

  TEMPERATURE IN F:       :PCPN:    SNOW:  WIND      :SUNSHINE: SKY     :PK WND
================================================================================
1   2   3   4   5  6A  6B    7    8   9   10  11  12  13   14  15   16   17  18
                                     12Z  AVG MX 2MIN
DY MAX MIN AVG DEP HDD CDD  WTR  SNW DPTH SPD SPD DIR MIN PSBL S-S WX    SPD DR
================================================================================

 1  33  26  30 -21  35   0    T    M    M 13.9 26  10   M    M  10 4      30 360
 2  34  26  30 -21  35   0    T    M    M 10.2 16  10   M    M  10 168    19  10
 3  60  16  38 -13  27   0 0.00    M    M  4.6 12  10   M    M   0        18  10
 4  56  25  41 -10  24   0 0.00    M    M  5.2  9 120   M    M   3        13 150
 5  61  39  50  -1  15   0 0.00    M    M  3.4 12 200   M    M   5        14 190
 6  64  34  49  -2  16   0 0.00    M    M  4.8 12 160   M    M   7 18     14 160
 7  69  50  60   9   5   0    T    M    M  9.5 28 190   M    M   8 1      34 190
 8  71  42  57   6   8   0 0.00    M    M 13.9 25 360   M    M   0        33 360
 9  71  34  53   2  12   0 0.00    M    M  4.9 10 210   M    M   0        14 180
10  73  39  56   5   9   0 0.00    M    M  8.2 23 160   M    M   5 12     27 150
11  76  46  61  10   4   0    T    M    M 14.8 40 320   M    M   6        50 320
12  61  36  49  -2  16   0 0.00    M    M 11.8 22 340   M    M   0        28 330
13  56  30  43  -8  22   0 0.00    M    M  7.5 20  30   M    M   0        25  40
14  63  24  44  -7  21   0 0.00    M    M  4.4 20 200   M    M   0        25 210
15  71  34  53   2  12   0 0.06    M    M  9.3 35  20   M    M   7 12     43  30
16  41  26  34 -17  31   0 0.08    M    M 19.8 35  10   M    M  10 16     46  20
17  38  18  28 -23  37   0 0.00    M    M  8.8 16  40   M    M   6        19  50
18  46  33  40 -11  25   0 0.00    M    M  3.4  9 160   M    M  10        11 130
19  50  41  46  -5  19   0 0.02    M    0  2.6  9 200   M    M  10 18     10 200
================================================================================
SM 1094  619       373   0  0.16    M    161.0          M       97
================================================================================
AV 57.6 32.6                               8.5 FASTST   M    M   5    MAX(MPH)
                                 MISC ---->  # 40 320               # 50  320
================================================================================
NOTES:
# LAST OF SEVERAL OCCURRENCES

COLUMN 17 PEAK WIND IN M.P.H.

PRELIMINARY LOCAL CLIMATOLOGICAL DATA (WS FORM: F-6) , PAGE 2

                                          STATION:  NEW BRAUNFELS
                                          MONTH:    JANUARY
                                          YEAR:     2018
                                          LATITUDE:   29 43 N
                                          LONGITUDE:  98  3 W

[TEMPERATURE DATA]      [PRECIPITATION DATA]       SYMBOLS USED IN COLUMN 16

AVERAGE MONTHLY: 45.1   TOTAL FOR MONTH:   0.16    1 = FOG OR MIST
DPTR FM NORMAL:  -5.9   DPTR FM NORMAL:   -0.96    2 = FOG REDUCING VISIBILITY
HIGHEST:    76 ON 11    GRTST 24HR  0.08 ON 16-16      TO 1/4 MILE OR LESS
LOWEST:     16 ON  3                               3 = THUNDER
                        SNOW, ICE PELLETS, HAIL    4 = ICE PELLETS
                        TOTAL MONTH:    M          5 = HAIL
                        GRTST 24HR    M  ON   M    6 = FREEZING RAIN OR DRIZZLE
                        GRTST DEPTH:   0           7 = DUSTSTORM OR SANDSTORM:
                                                       VSBY 1/2 MILE OR LESS
                                                   8 = SMOKE OR HAZE
[NO. OF DAYS WITH]      [WEATHER - DAYS WITH]      9 = BLOWING SNOW
                                                   X = TORNADO
MAX 32 OR BELOW:   0    0.01 INCH OR MORE:   3
MAX 90 OR ABOVE:   0    0.10 INCH OR MORE:   0
MIN 32 OR BELOW:   8    0.50 INCH OR MORE:   0
MIN  0 OR BELOW:   0    1.00 INCH OR MORE:   0

[HDD (BASE 65) ]
TOTAL THIS MO.   373    CLEAR  (SCALE 0-3)   7
DPTR FM NORMAL    99    PTCLDY (SCALE 4-7)   6
TOTAL FM JUL 1   914    CLOUDY (SCALE 8-10)  6
DPTR FM NORMAL    18

[CDD (BASE 65) ]
TOTAL THIS MO.     0
DPTR FM NORMAL     0    [PRESSURE DATA]
TOTAL FM JAN 1     0    HIGHEST SLP M ON M
DPTR FM NORMAL     0    LOWEST  SLP 29.67 ON 10

[REMARKS]
