000
CXUS55 KLBF 241200
CF6BBW
PRELIMINARY LOCAL CLIMATOLOGICAL DATA (WS FORM: F-6)

                                          STATION:   BROKEN BOW NE
                                          MONTH:     OCTOBER
                                          YEAR:      2014
                                          LATITUDE:   41 26 N
                                          LONGITUDE:  99 39 W

  TEMPERATURE IN F:       :PCPN:    SNOW:  WIND      :SUNSHINE: SKY     :PK WND
================================================================================
1   2   3   4   5  6A  6B    7    8   9   10  11  12  13   14  15   16   17  18
                                     12Z  AVG MX 2MIN
DY MAX MIN AVG DEP HDD CDD  WTR  SNW DPTH SPD SPD DIR MIN PSBL S-S WX    SPD DR
================================================================================

 1  78  51  65  10   0   0 0.04    M    M  7.7 28 330   M    M   5 138    37 320
 2  69  46  58   3   7   0 0.96    M    M 13.4 31 340   M    M   4 13     40 340
 3  55  35  45  -9  20   0 0.11    M    M 20.1 33 310   M    M   2 1      47 340
 4  64  31  48  -6  17   0 0.00    M    M  4.5 13 250   M    M   3 8      16 250
 5  71  46  59   5   6   0    T    M    M 13.8 28 330   M    M   3        38 340
 6  78  46  62   9   3   0    T    M    M  9.8 25 310   M    M   2        35 330
 7  75  45  60   7   5   0 0.00    M    M  9.6 24 320   M    M   2        32 340
 8  69  42  56   4   9   0 0.00    M    M  5.1 15 160   M    M   3        23 140
 9  68  43  56   4   9   0 0.00    M    M  7.6 17  50   M    M   2        27 100
10  61  32  47  -5  18   0 0.00    M    M  3.4 13  40   M    M   2        15  40
11  65  30  48  -3  17   0 0.00    M    M  9.5 22 180   M    M   0        28 200
12  58  45  52   1  13   0 0.03    M    M 14.3 32 350   M    M   6        43 360
13  65  46  56   6   9   0 0.00    M    M 21.3 41 360   M    M   2        49  10
14  69  33  51   1  14   0 0.00    M    M  6.9 21 350   M    M   0        24 340
15  78  30  54   4  11   0 0.00    M    M  7.6 20 180   M    M   0        26 200
16  73  42  58   9   7   0 0.00    M    M 13.2 33 350   M    M   0        43 340
17  65  35  50   1  15   0 0.00    M    M 12.4 25 350   M    M   1        31 340
18  66  26  46  -3  19   0 0.00    M    M  7.3 18 180   M    M   0        26 200
19  79  43  61  13   4   0 0.00    M    M  5.0 12 240   M    M   0        15 240
20  76  34  55   7  10   0 0.00    M    M  2.5 12 140   M    M   0        18 180
21  77  36  57   9   8   0 0.00    M    M 10.0 26 180   M    M   0        33 190
22  66  43  55   8  10   0 0.23    M    M  5.2 12 180   M    M   4 12     17 180
23  73  39  56   9   9   0 0.00    M    M  5.2 15 200   M    M   5 12     21 190
================================================================================
SM 1598  899       240   0  1.37    M    215.4          M       46
================================================================================
AV 69.5 39.1                               9.4 FASTST   M    M   2    MAX(MPH)
                                 MISC ---->  # 41 360               # 49   10
================================================================================
NOTES:
# LAST OF SEVERAL OCCURRENCES

COLUMN 17 PEAK WIND IN M.P.H.

PRELIMINARY LOCAL CLIMATOLOGICAL DATA (WS FORM: F-6) , PAGE 2

                                          STATION:  BROKEN BOW NE
                                          MONTH:    OCTOBER
                                          YEAR:     2014
                                          LATITUDE:   41 26 N
                                          LONGITUDE:  99 39 W

[TEMPERATURE DATA]      [PRECIPITATION DATA]       SYMBOLS USED IN COLUMN 16

AVERAGE MONTHLY: 54.3   TOTAL FOR MONTH:   1.37    1 = FOG OR MIST
DPTR FM NORMAL:   3.4   DPTR FM NORMAL:   -0.11    2 = FOG REDUCING VISIBILITY
HIGHEST:    79 ON 19    GRTST 24HR  0.96 ON  2- 2      TO 1/4 MILE OR LESS
LOWEST:     26 ON 18                               3 = THUNDER
                        SNOW, ICE PELLETS, HAIL    4 = ICE PELLETS
                        TOTAL MONTH:    M          5 = HAIL
                        GRTST 24HR    M  ON   M    6 = FREEZING RAIN OR DRIZZLE
                        GRTST DEPTH:  M  ON   M    7 = DUSTSTORM OR SANDSTORM:
                                                       VSBY 1/2 MILE OR LESS
                                                   8 = SMOKE OR HAZE
[NO. OF DAYS WITH]      [WEATHER - DAYS WITH]      9 = BLOWING SNOW
                                                   X = TORNADO
MAX 32 OR BELOW:   0    0.01 INCH OR MORE:   5
MAX 90 OR ABOVE:   0    0.10 INCH OR MORE:   3
MIN 32 OR BELOW:   5    0.50 INCH OR MORE:   1
MIN  0 OR BELOW:   0    1.00 INCH OR MORE:   0

[HDD (BASE 65) ]
TOTAL THIS MO.   240    CLEAR  (SCALE 0-3)  17
DPTR FM NORMAL   -88    PTCLDY (SCALE 4-7)   6
TOTAL FM JUL 1   383    CLOUDY (SCALE 8-10)  0
DPTR FM NORMAL  -113

[CDD (BASE 65) ]
TOTAL THIS MO.     0
DPTR FM NORMAL    -2    [PRESSURE DATA]
TOTAL FM JAN 1   799    HIGHEST SLP M ON M
DPTR FM NORMAL    35    LOWEST  SLP 29.60 ON 12

[REMARKS]
