216
CXAK56 PAFC 011132
CF6BET

PRELIMINARY LOCAL CLIMATOLOGICAL DATA (WS FORM: F-6)

                                          STATION:   BETHEL
                                          MONTH:     JUNE
                                          YEAR:      2017
                                          LATITUDE:   60 46 N
                                          LONGITUDE: 161 48 W

  TEMPERATURE IN F:       :PCPN:    SNOW:  WIND      :SUNSHINE: SKY     :PK WND
================================================================================
1   2   3   4   5  6A  6B    7    8   9   10  11  12  13   14  15   16   17  18
                                     12Z  AVG MX 2MIN
DY MAX MIN AVG DEP HDD CDD  WTR  SNW DPTH SPD SPD DIR MIN PSBL S-S WX    SPD DR
================================================================================

 1  71  45  58  10   7   0 0.00  0.0    0 13.8 24  10   M    M   2        33  30
 2  76  42  59  11   6   0 0.00  0.0    0 11.5 21 170   M    M   3        24 170
 3  70  45  58   9   7   0 0.00  0.0    0  8.7 14 210   M    M   3 1       M  M
 4  75  44  60  11   5   0 0.00  0.0    0  7.1 14 110   M    M   2        20 110
 5  79  48  64  15   1   0 0.00  0.0    0  8.9 31 360   M    M   5 12     36 360
 6  68  50  59   9   6   0    T  0.0    0  9.5 20 330   M    M   7        24 330
 7  67  51  59   9   6   0    T  0.0    0 12.1 18 210   M    M   5         M  M
 8  72  45  59   9   6   0 0.08  0.0    0 10.2 22 300   M    M   8 12      M  M
 9  64  48  56   5   9   0 0.05  0.0    0  7.2 12 200   M    M   8 12      M  M
10  59  48  54   3  11   0 0.10  0.0    0  6.5 16 200   M    M  10 1      20 190
11  62  45  54   3  11   0 0.18  0.0    0  8.3 17 180   M    M   7 1      17 180
12  62  41  52   0  13   0    T  0.0    0  6.6 16 300   M    M   7 12      M  M
13  60  49  55   3  10   0 0.04  0.0    0  8.5 14 310   M    M  10         M  M
14  69  49  59   7   6   0 0.11  0.0    0  6.0 21 110   M    M   4 1      27 110
15  68  41  55   2  10   0 0.17  0.0    0  8.3 13 160   M    M   5 123     M  M
16  69  47  58   5   7   0 0.14  0.0    0  7.9 26 170   M    M   8 123    32 170
17  61  49  55   2  10   0 0.00  0.0    0 13.2 16 210   M    M   8 1       M  M
18  64  47  56   2   9   0 0.00  0.0    0  7.8 12 220   M    M   7         M  M
19  55  48  52  -2  13   0 0.00  0.0    0 11.1 16 330   M    M   9         M  M
20  60  46  53  -1  12   0    T  0.0    0  7.7 15 270   M    M   8        19 260
21  58  45  52  -2  13   0    T  0.0    0  8.0 14 320   M    M   8 1      19 310
22  66  44  55   1  10   0 0.00  0.0    0  8.6 14 300   M    M   2         M  M
23  65  48  57   2   8   0 0.00  0.0    0  9.6 15 190   M    M   5        21 190
24  62  45  54  -1  11   0 0.00  0.0    0  8.1 10 190   M    M   8         M  M
25  66  48  57   2   8   0    T  0.0    0  7.6 20 210   M    M   8        27 200
26  54  47  51  -4  14   0 0.09  0.0    0  7.6 14 140   M    M   9 1       M  M
27  57  48  53  -3  12   0 0.22  0.0    0  8.2 12  70   M    M  10 1       M  M
28  54  47  51  -5  14   0 0.05  0.0    0  9.4 20 160   M    M  10        25 160
29  60  49  55  -1  10   0 0.15  0.0    0  4.7 14 110   M    M  10 1      16 120
30  61  48  55  -1  10   0 0.01  0.0    0  4.1  9 330   M    M   9         M  M
================================================================================
SM 1934 1397       275   0  1.39     0.0 256.8          M      205
================================================================================
AV 64.5 46.6                               8.6 FASTST   M    M   7    MAX(MPH)
                                 MISC ---->  # 31 360               # 36  360
================================================================================
NOTES:
# LAST OF SEVERAL OCCURRENCES

COLUMN 17 PEAK WIND IN M.P.H.

PRELIMINARY LOCAL CLIMATOLOGICAL DATA (WS FORM: F-6) , PAGE 2

                                          STATION:  BETHEL
                                          MONTH:    JUNE
                                          YEAR:     2017
                                          LATITUDE:   60 46 N
                                          LONGITUDE: 161 48 W

[TEMPERATURE DATA]      [PRECIPITATION DATA]       SYMBOLS USED IN COLUMN 16

AVERAGE MONTHLY: 55.5   TOTAL FOR MONTH:   1.39    1 = FOG OR MIST
DPTR FM NORMAL:   3.0   DPTR FM NORMAL:   -0.33    2 = FOG REDUCING VISIBILITY
HIGHEST:    79 ON  5    GRTST 24HR  0.22 ON 27-27      TO 1/4 MILE OR LESS
LOWEST:     41 ON 15,12                            3 = THUNDER
                        SNOW, ICE PELLETS, HAIL    4 = ICE PELLETS
                        TOTAL MONTH:   0.0 INCH    5 = HAIL
                        GRTST 24HR     0.0         6 = FREEZING RAIN OR DRIZZLE
                        GRTST DEPTH:   0           7 = DUSTSTORM OR SANDSTORM:
                                                       VSBY 1/2 MILE OR LESS
                                                   8 = SMOKE OR HAZE
[NO. OF DAYS WITH]      [WEATHER - DAYS WITH]      9 = BLOWING SNOW
                                                   X = TORNADO
MAX 32 OR BELOW:   0    0.01 INCH OR MORE:  13
MAX 90 OR ABOVE:   0    0.10 INCH OR MORE:   7
MIN 32 OR BELOW:   0    0.50 INCH OR MORE:   0
MIN  0 OR BELOW:   0    1.00 INCH OR MORE:   0

[HDD (BASE 65) ]
TOTAL THIS MO.   275    CLEAR  (SCALE 0-3)   5
DPTR FM NORMAL  -103    PTCLDY (SCALE 4-7)  13
TOTAL FM JUL 1 11845    CLOUDY (SCALE 8-10) 12
DPTR FM NORMAL  -674

[CDD (BASE 65) ]
TOTAL THIS MO.     0
DPTR FM NORMAL    -1    [PRESSURE DATA]
TOTAL FM JAN 1     0    HIGHEST SLP M ON M
DPTR FM NORMAL    -1    LOWEST  SLP 29.58 ON 10

[REMARKS]
CXUS51 KPHI 010800
CF6ABE
PRELIMINARY LOCAL CLIMATOLOGICAL DATA (WS FORM: F-6)

                                          STATION:   ALLENTOWN PA
                                          MONTH:     JUNE
                                          YEAR:      2017
                                          LATITUDE:   40 39 N
                                          LONGITUDE:  75 26 W

  TEMPERATURE IN F:       :PCPN:    SNOW:  WIND      :SUNSHINE: SKY     :PK WND
================================================================================
1   2   3   4   5  6A  6B    7    8   9   10  11  12  13   14  15   16   17  18
                                     12Z  AVG MX 2MIN
DY MAX MIN AVG DEP HDD CDD  WTR  SNW DPTH SPD SPD DIR MIN PSBL S-S WX    SPD DR
================================================================================

 1  79  55  67   2   0   2    T  0.0    0  8.4 22 300   M    M   2        30 300
 2  77  48  63  -2   2   0    T  0.0    0  8.8 26 280   M    M   1        37 260
 3  76  50  63  -3   2   0 0.23  0.0    M  5.9 18 330   M    M   2 1      24 330
 4  67  46  57  -9   8   0 0.11  0.0    0  2.5  9 320   M    M   7 18     12 320
 5  75  58  67   1   0   2    T  0.0    0  3.3 17 240   M    M   5 18     21 240
 6  66  54  60  -6   5   0 1.07  0.0    0  8.9 15 110   M    M  10 138    20  70
 7  70  50  60  -7   5   0 0.01  0.0    0  6.0 14  70   M    M   8 1      19  70
 8  74  47  61  -6   4   0 0.00  0.0    0  4.0 13 110   M    M   0 1      18  90
 9  82  46  64  -3   1   0 0.00  0.0    0  5.3 20 290   M    M   2        27 290
10  87  61  74   6   0   9    T  0.0    0  6.1 21 240   M    M   4 1      28 250
11  91  60  76   8   0  11 0.00  0.0    0  6.7 18 260   M    M   0 1      24 240
12  92  63  78  10   0  13 0.00  0.0    0  5.5 17 270   M    M   0        21 260
13  95  67  81  12   0  16 0.00  0.0    0  6.9 18 240   M    M   1        24 280
14  88  70  79  10   0  14 0.00  0.0    0  7.2 15  40   M    M   4        21 170
15  84  67  76   7   0  11 0.00  0.0    0  7.3 16 140   M    M   7        24 150
16  72  64  68  -2   0   3 0.06  0.0    0  5.9 12 110   M    M  10 8      16 140
17  80  68  74   4   0   9 0.48  0.0    0  5.0 10 110   M    M   9 18     14  90
18  90  74  82  12   0  17 0.00  0.0    0  9.0 17 190   M    M   7        24 220
19  88  71  80  10   0  15 0.67  0.0    0 10.7 32 250   M    M   6 138    43 250
20  83  64  74   4   0   9 0.00  0.0    0 10.0 23 250   M    M   2        32 250
21  84  59  72   1   0   7    T  0.0    0  5.4 24 210   M    M   1 3      30 210
22  88  59  74   3   0   9 0.00  0.0    0  5.8 16 260   M    M   1 1      21 250
23  87  71  79   8   0  14 0.95  0.0    0  6.3 17 260   M    M   3 13     23 250
24  84  69  77   6   0  12 1.16  0.0    0  9.1 17 260   M    M   3 1      24 280
25  83  60  72   0   0   7    T  0.0    0  5.0 16 270   M    M   2        22 250
26  80  55  68  -4   0   3    T  0.0    0  6.6 17 250   M    M   3        23 290
27  78  54  66  -6   0   1    T  0.0    0  5.9 18 240   M    M   3        28 250
28  79  51  65  -7   0   0 0.00  0.0    0  7.9 18 310   M    M   1        23 300
29  87  61  74   2   0   9 0.00  0.0    M  8.8 20 190   M    M   1        26 180
30  92  68  80   8   0  15 0.56  0.0    0  8.9 23 210   M    M   3 13     31 190
================================================================================
SM 2458 1790        27 208  5.30     0.0 203.1          M      108
================================================================================
AV 81.9 59.7                               6.8 FASTST   M    M   4    MAX(MPH)
                                 MISC ---->  # 32 250               # 43  250
================================================================================
NOTES:
# LAST OF SEVERAL OCCURRENCES

COLUMN 17 PEAK WIND IN M.P.H.

PRELIMINARY LOCAL CLIMATOLOGICAL DATA (WS FORM: F-6) , PAGE 2

                                          STATION:  ALLENTOWN PA
                                          MONTH:    JUNE
                                          YEAR:     2017
                                          LATITUDE:   40 39 N
                                          LONGITUDE:  75 26 W

[TEMPERATURE DATA]      [PRECIPITATION DATA]       SYMBOLS USED IN COLUMN 16

AVERAGE MONTHLY: 70.8   TOTAL FOR MONTH:   5.30    1 = FOG OR MIST
DPTR FM NORMAL:   1.7   DPTR FM NORMAL:    0.99    2 = FOG REDUCING VISIBILITY
HIGHEST:    95 ON 13    GRTST 24HR  1.16 ON 24-24      TO 1/4 MILE OR LESS
LOWEST:     46 ON  9, 4                            3 = THUNDER
                        SNOW, ICE PELLETS, HAIL    4 = ICE PELLETS
                        TOTAL MONTH:   0.0 INCH    5 = HAIL
                        GRTST 24HR     0.0         6 = FREEZING RAIN OR DRIZZLE
                        GRTST DEPTH:   0           7 = DUSTSTORM OR SANDSTORM:
                                                       VSBY 1/2 MILE OR LESS
                                                   8 = SMOKE OR HAZE
[NO. OF DAYS WITH]      [WEATHER - DAYS WITH]      9 = BLOWING SNOW
                                                   X = TORNADO
MAX 32 OR BELOW:   0    0.01 INCH OR MORE:  10
MAX 90 OR ABOVE:   5    0.10 INCH OR MORE:   8
MIN 32 OR BELOW:   0    0.50 INCH OR MORE:   5
MIN  0 OR BELOW:   0    1.00 INCH OR MORE:   2

[HDD (BASE 65) ]
TOTAL THIS MO.    27    CLEAR  (SCALE 0-3)  15
DPTR FM NORMAL    -6    PTCLDY (SCALE 4-7)  11
TOTAL FM JUL 1  4816    CLOUDY (SCALE 8-10)  4
DPTR FM NORMAL  -985

[CDD (BASE 65) ]
TOTAL THIS MO.   208
DPTR FM NORMAL    53    [PRESSURE DATA]
TOTAL FM JAN 1   268    HIGHEST SLP 30.16 ON 28
DPTR FM NORMAL    68    LOWEST  SLP 29.58 ON 24

[REMARKS]
#FINAL-06-17#
