000
CXAK56 PABE 011003
CF6BET

PRELIMINARY LOCAL CLIMATOLOGICAL DATA (WS FORM: F-6)

                                          STATION:   BETHEL
                                          MONTH:     06
                                          YEAR:      2015
                                          LATITUDE:   60 47 N
                                          LONGITUDE: 161 50 W

  TEMPERATURE IN F:       :PCPN:    SNOW:  WIND      :SUNSHINE: SKY     :PK WND
================================================================================
1   2   3   4   5  6A  6B    7     8   9   10  11  12  13   14  15   16  17  18
                                      12Z  AVG MX 2MIN
DY MAX MIN AVG DEP HDD CDD  WTR   SNW DPTH SPD SPD DIR MIN PSBL S-S WX   SPD DR
================================================================================

 1  71  53  62  14   3   0  0.05  0.0   0  5.7 20  130   M    M   M 3    23 140
 2  62  50  56   8   9   0  0.02  0.0   0  4.9 17  230   M    M   M      21 220
 3  68  47  58   9   7   0  0.10  0.0   0 10.2 24  350   M    M   M 138  32 360
 4  61  46  54   5  11   0     T  0.0   0 15.9 28  340   M    M   M      37 340
 5  54  40  47  -2  18   0  0.00  0.0   0 13.7 22  330   M    M   M      26 330
 6  59  35  47  -3  18   0  0.00  0.0   0  6.9 18  220   M    M   M      21 230
 7  52  37  45  -5  20   0  0.02  0.0   0 12.4 24  210   M    M   M      29 200
 8  54  38  46  -4  19   0     T  0.0   0  8.9 18  160   M    M   M      22 160
 9  63  46  55   4  10   0  0.01  0.0   0  8.6 15  300   M    M   M      19 310
10  51  42  47  -4  18   0     T  0.0   0  8.9 15  300   M    M   M      21 280
11  58  41  50  -1  15   0  0.00  0.0   0 10.1 22  200   M    M   M      28 210
12  49  42  46  -6  19   0  0.00  0.0   0 10.9 16  200   M    M   M      20 210
13  65  42  54   2  11   0  0.00  0.0   0  6.6 12  230   M    M   M      15 200
14  72  41  57   5   8   0  0.00  0.0   0  8.8 16  320   M    M   M 2    20 310
15  79  49  64  11   1   0  0.00  0.0   0 15.7 24  340   M    M   M      28 330
16  76  46  61   8   4   0  0.00  0.0   0  0.0 22  350   M    M   M      26 360
17  81  48  65  12   0   0  0.00  0.0   0 13.2 20  330   M    M   M      28 320
18  78  52  65  11   0   0  0.00  0.0   0 10.9 17  320   M    M   M      22 320
19  84  52  68  14   0   3  0.00  0.0   0  8.7 22  120   M    M   M      29 260
20  71  55  63   9   2   0  0.00  0.0   0 12.6 22  170   M    M   M      26 190
21  83  54  69  15   0   4  0.00  0.0   0  7.9 20  200   M    M   M      25 330
22  71  55  63   8   2   0  0.00  0.0   0  9.2 23  220   M    M   M 18   26 220
23  74  51  63   8   2   0  0.01  0.0   0  7.4 15   90   M    M   M 138  21  90
24  80  56  68  13   0   3  0.03  0.0   0 11.3 18  350   M    M   M 18   22 340
25  72  49  61   6   4   0  0.00  0.0   0 12.7 17  270   M    M   M 18   23 290
26  64  47  56   1   9   0     T  0.0   0 10.9 17  290   M    M   M 18   23 320
27  63  46  55  -1  10   0  0.04  0.0   0  8.2 13   40   M    M   M 8    19  20
28  74  41  58   2   7   0     T  0.0   0  6.1 21  140   M    M   M 2    24 140
29  73  49  61   5   4   0  0.00  0.0   0  8.7 23  320   M    M   M 18   28 310
30  66  50  58   2   7   0  0.00  0.0   0  6.7 14  270   M    M   M 8    17 290
================================================================================
SM 2028 1400       238  10  0.28  0.0    282.7           M        M
================================================================================
AV 67.6 46.7                              9.4 FASTST  PSBL  %   M    MAX(MPH)
                                 MISC ---->     28  340                 37 340
================================================================================
NOTES:
# LAST OF SEVERAL OCCURRENCES

COLUMN 17 PEAK WIND IN M.P.H.

PRELIMINARY LOCAL CLIMATOLOGICAL DATA (WS FORM: F-6) , PAGE 2

                                          STATION:   BETHEL
                                          MONTH:     06
                                          YEAR:      2015
                                          LATITUDE:  60 47 N
                                          LONGITUDE: 161 50 W

[TEMPERATURE DATA]      [PRECIPITATION DATA]       SYMBOLS USED IN COLUMN 16

AVERAGE MONTHLY:57.1   TOTAL FOR MONTH: 0.28       1 = FOG
DPTR FM NORMAL:  4.6   DPTR FM NORMAL: -1.44       2 = FOG REDUCING VISIBILITY
HIGHEST:    84 ON 19    GRTST 24HR   0.10 ON  3        TO 1/4 MILE OR LESS
LOWEST:     35 ON  6                               3 = THUNDER
                        SNOW, ICE PELLETS, HAIL    4 = ICE PELLETS
                        TOTAL MONTH:  0.0         5 = HAIL
                        GRTST 24HR   0.0           6 = GLAZE OR RIME
                        GRTST DEPTH:    0          7 = BLOWING DUST OR SAND:
                                                       VSBY 1/2 MILE OR LESS
                                                   8 = SMOKE OR HAZE
[NO. OF DAYS WITH]      [WEATHER - DAYS WITH]      9 = BLOWING SNOW
                                                   X = TORNADO
MAX 32 OR BELOW:   0    0.01 INCH OR MORE:   8
MAX 70 OR ABOVE:  15    0.10 INCH OR MORE:   1
MIN 32 OR BELOW:   0    0.50 INCH OR MORE:   0
MIN  0 OR BELOW:   0    1.00 INCH OR MORE:   0

[HDD (BASE 65) ]
TOTAL THIS MO.   238    CLEAR  (SCALE 0-3)   M
DPTR FM NORMAL  -139    PTCLDY (SCALE 4-7)   M
SEASONAL TOTAL 10979    CLOUDY (SCALE 8-10)  M
DPTR FM NORMAL -1546

[CDD (BASE 65) ]
TOTAL THIS MO.    10
DPTR FM NORMAL    10    [PRESSURE DATA]
SEASONAL TOTAL    10    HIGHEST SLP     M
DPTR FM NORMAL    10    LOWEST  SLP     M

[REMARKS]
