000
CXAK56 PABE 270907
CF6BET

PRELIMINARY LOCAL CLIMATOLOGICAL DATA (WS FORM: F-6)

                                          STATION:   BETHEL
                                          MONTH:     08
                                          YEAR:      2016
                                          LATITUDE:   60 47 N
                                          LONGITUDE: 161 50 W

  TEMPERATURE IN F:       :PCPN:    SNOW:  WIND      :SUNSHINE: SKY     :PK WND
================================================================================
1   2   3   4   5  6A  6B    7     8   9   10  11  12  13   14  15   16  17  18
                                      12Z  AVG MX 2MIN
DY MAX MIN AVG DEP HDD CDD  WTR   SNW DPTH SPD SPD DIR MIN PSBL S-S WX   SPD DR
================================================================================

 1  67  51  59   4   6   0  0.00  0.0   0  7.7 18  320   M    M   M 1     23 310
 2  58  49  54  -1  11   0  0.01  0.0   0  8.5 17  260   M    M   M 1     21 250
 3  64  48  56   1   9   0     T  0.0   0  4.9 14  360   M    M   M       17 360
 4  60  50  55   0  10   0  0.11  0.0   0  5.9 17  190   M    M   M 1     21 180
 5  67  55  61   6   4   0  0.23  0.0   0  9.8 18  180   M    M   M 1     24 120
 6  62  51  57   2   8   0  0.06  0.0   0 12.5 25  160   M    M   M 1     33 180
 7  61  52  57   2   8   0  0.31  0.0   0 11.2 22  180   M    M   M 1     25 190
 8  63  50  57   3   8   0  0.20  0.0   0  8.1 17  250   M    M   M 1     21 170
 9  64  50  57   3   8   0  0.00  0.0   0  7.2 15  310   M    M   M       20 250
10  61  51  56   2   9   0  0.00  0.0   0  6.8 14  270   M    M   M 1     16 290
11  68  50  59   5   6   0  0.00  0.0   0  0.0 12  320   M    M   M 1     17 240
12  67  52  60   6   5   0     T  0.0   0  0.0 15   80   M    M   M       19  80
13  68  51  60   6   5   0  0.02  0.0   0 10.8 18   30   M    M   M       25  30
14  73  53  63   9   2   0  0.30  0.0   0  7.9 29   10   M    M   M 1     37  10
15  69  55  62   8   3   0  0.02  0.0   0  4.6 12  330   M    M   M 1     14 320
16  70  55  63   9   2   0  0.10  0.0   0  4.3 12  320   M    M   M 1     14  10
17  69  49  59   5   6   0  0.00  0.0   0  9.9 24   70   M    M   M 1     31  70
18  68  46  57   3   8   0  0.00  0.0   0  6.8 14  180   M    M   M       21 180
19  66  54  60   7   5   0     T  0.0   0  8.4 20  240   M    M   M 2     23 210
20  56  52  54   1  11   0  0.97  0.0   0 23.7 35  190   M    M   M 1     45 180
21  58  53  56   3   9   0  0.47  0.0   0 12.6 30  170   M    M   M 1     38 170
22  64  53  59   6   6   0  0.09  0.0   0  3.7 10   40   M    M   M 1     12  40
23  60  51  56   3   9   0  0.06  0.0   0 10.7 21  190   M    M   M 1     26 190
24  63  51  57   4   8   0  0.11  0.0   0  4.5  9   20   M    M   M 1     12  10
25  64  54  59   6   6   0  0.23  0.0   0  9.4 17  210   M    M   M 1     22 190
26  64  49  57   5   8   0  0.00  0.0   0  4.3 10  290   M    M   M 1     19 300
================================================================================
SM 1674 1335       180   0  3.29 0.0    204.2           M        M
================================================================================
AV 64.4 51.3                              7.9 FASTST  PSBL  %   M    MAX(MPH)
                                 MISC ---->     35  190                 45 180
================================================================================
NOTES:
# LAST OF SEVERAL OCCURRENCES

COLUMN 17 PEAK WIND IN M.P.H.

PRELIMINARY LOCAL CLIMATOLOGICAL DATA (WS FORM: F-6) , PAGE 2

                                          STATION:   BETHEL
                                          MONTH:     08
                                          YEAR:      2016
                                          LATITUDE:  60 47 N
                                          LONGITUDE: 161 50 W

[TEMPERATURE DATA]      [PRECIPITATION DATA]       SYMBOLS USED IN COLUMN 16

AVERAGE MONTHLY:57.9   TOTAL FOR MONTH: 3.29       1 = FOG
DPTR FM NORMAL:  4.0   DPTR FM NORMAL: 0.54       2 = FOG REDUCING VISIBILITY
HIGHEST:    73 ON 14    GRTST 24HR   0.97 ON 20        TO 1/4 MILE OR LESS
LOWEST:     46 ON 18                               3 = THUNDER
                        SNOW, ICE PELLETS, HAIL    4 = ICE PELLETS
                        TOTAL MONTH: 0.0         5 = HAIL
                        GRTST 24HR   0.0           6 = GLAZE OR RIME
                        GRTST DEPTH:    0          7 = BLOWING DUST OR SAND:
                                                       VSBY 1/2 MILE OR LESS
                                                   8 = SMOKE OR HAZE
[NO. OF DAYS WITH]      [WEATHER - DAYS WITH]      9 = BLOWING SNOW
                                                   X = TORNADO
MAX 32 OR BELOW:   0    0.01 INCH OR MORE:  16
MAX 70 OR ABOVE:   2    0.10 INCH OR MORE:  10
MIN 32 OR BELOW:   0    0.50 INCH OR MORE:   1
MIN  0 OR BELOW:   0    1.00 INCH OR MORE:   0

[HDD (BASE 65) ]
TOTAL THIS MO.   180    CLEAR  (SCALE 0-3)   M
DPTR FM NORMAL  -111    PTCLDY (SCALE 4-7)   M
SEASONAL TOTAL   365    CLOUDY (SCALE 8-10)  M
DPTR FM NORMAL  -210

[CDD (BASE 65) ]
TOTAL THIS MO.     0
DPTR FM NORMAL     0    [PRESSURE DATA]
SEASONAL TOTAL    13    HIGHEST SLP     M
DPTR FM NORMAL    13    LOWEST  SLP     M

[REMARKS]
