000
CXUS55 KCTP 160700
CF6BFD
PRELIMINARY LOCAL CLIMATOLOGICAL DATA (WS FORM: F-6)

                                          STATION:   BRADFORD
                                          MONTH:     JANUARY
                                          YEAR:      2018
                                          LATITUDE:   41 47 N
                                          LONGITUDE:  78 38 W

  TEMPERATURE IN F:       :PCPN:    SNOW:  WIND      :SUNSHINE: SKY     :PK WND
================================================================================
1   2   3   4   5  6A  6B    7    8   9   10  11  12  13   14  15   16   17  18
                                     12Z  AVG MX 2MIN
DY MAX MIN AVG DEP HDD CDD  WTR  SNW DPTH SPD SPD DIR MIN PSBL S-S WX    SPD DR
================================================================================

 1  10 -16  -3 -25  68   0 0.01    M    M  6.5 22 290   M    M   9 128    29 290
 2  11   3   7 -15  58   0    T    M    M  9.4 17 270   M    M   6 18     24 240
 3  20  -2   9 -13  56   0 0.00    M    M  6.7 16 220   M    M   3        24 200
 4  14   0   7 -14  58   0    T    M    M 14.4 28 310   M    M   9 1289   36 300
 5   3  -1   1 -20  64   0    T    M    M 16.7 26 300   M    M  10 189    37 300
 6   3  -2   1 -20  64   0    T    M    M 13.5 28 320   M    M  10 1289   36 310
 7  23 -15   4 -17  61   0 0.00    M    M  6.3 16 210   M    M   5        23 210
 8  32  23  28   7  37   0 0.12    M    M 10.8 22 220   M    M  10 12     35 220
 9  32  16  24   3  41   0 0.00    M    M  9.6 20 280   M    M   8 1      30 270
10  41  10  26   5  39   0 0.00    M    M  8.1 16 150   M    M   5 18     22 150
11  65  48  57  36   8   0 0.57    M    M  8.3 14 160   M    M   9 1      22 150
12  58  18  38  17  27   0 1.91    M    M 10.2 25 320   M    M  10 16     29 320
13  18   0   9 -12  56   0 0.03    M    M 13.7 23 330   M    M   8 18     30 310
14  14 -17  -1 -22  66   0    T    M    M  2.8 10 110   M    M   1 18     15 100
15  18   0   9 -12  56   0 0.05    M    M  9.0 16 150   M    M   5 18     22 140
================================================================================
SM  362   65       759   0  2.69    M    146.0          M      108
================================================================================
AV 24.1  4.3                               9.7 FASTST   M    M   7    MAX(MPH)
                                 MISC ---->  # 28 310               # 37  300
================================================================================
NOTES:
# LAST OF SEVERAL OCCURRENCES

COLUMN 17 PEAK WIND IN M.P.H.

PRELIMINARY LOCAL CLIMATOLOGICAL DATA (WS FORM: F-6) , PAGE 2

                                          STATION:  BRADFORD
                                          MONTH:    JANUARY
                                          YEAR:     2018
                                          LATITUDE:   41 47 N
                                          LONGITUDE:  78 38 W

[TEMPERATURE DATA]      [PRECIPITATION DATA]       SYMBOLS USED IN COLUMN 16

AVERAGE MONTHLY: 14.2   TOTAL FOR MONTH:   2.69    1 = FOG OR MIST
DPTR FM NORMAL:  -7.0   DPTR FM NORMAL:    1.04    2 = FOG REDUCING VISIBILITY
HIGHEST:    65 ON 11    GRTST 24HR  1.91 ON 12-12      TO 1/4 MILE OR LESS
LOWEST:    -17 ON 14                               3 = THUNDER
                        SNOW, ICE PELLETS, HAIL    4 = ICE PELLETS
                        TOTAL MONTH:    M          5 = HAIL
                        GRTST 24HR    M  ON   M    6 = FREEZING RAIN OR DRIZZLE
                        GRTST DEPTH:  M  ON   M    7 = DUSTSTORM OR SANDSTORM:
                                                       VSBY 1/2 MILE OR LESS
                                                   8 = SMOKE OR HAZE
[NO. OF DAYS WITH]      [WEATHER - DAYS WITH]      9 = BLOWING SNOW
                                                   X = TORNADO
MAX 32 OR BELOW:  12    0.01 INCH OR MORE:   6
MAX 90 OR ABOVE:   0    0.10 INCH OR MORE:   3
MIN 32 OR BELOW:  14    0.50 INCH OR MORE:   2
MIN  0 OR BELOW:   9    1.00 INCH OR MORE:   1

[HDD (BASE 65) ]
TOTAL THIS MO.   759    CLEAR  (SCALE 0-3)   2
DPTR FM NORMAL   189    PTCLDY (SCALE 4-7)   4
TOTAL FM JUL 1  3581    CLOUDY (SCALE 8-10)  9
DPTR FM NORMAL   -45

[CDD (BASE 65) ]
TOTAL THIS MO.     0
DPTR FM NORMAL     0    [PRESSURE DATA]
TOTAL FM JAN 1     0    HIGHEST SLP M ON M
DPTR FM NORMAL     0    LOWEST  SLP 29.53 ON 12

[REMARKS]
