000
CXUS55 KCTP 011131
CF6BFD
PRELIMINARY LOCAL CLIMATOLOGICAL DATA (WS FORM: F-6)

                                          STATION:   BRADFORD
                                          MONTH:     FEBRUARY
                                          YEAR:      2015
                                          LATITUDE:   41 47 N
                                          LONGITUDE:  78 38 W

  TEMPERATURE IN F:       :PCPN:    SNOW:  WIND      :SUNSHINE: SKY     :PK WND
================================================================================
1   2   3   4   5  6A  6B    7    8   9   10  11  12  13   14  15   16   17  18
                                     12Z  AVG MX 2MIN
DY MAX MIN AVG DEP HDD CDD  WTR  SNW DPTH SPD SPD DIR MIN PSBL S-S WX    SPD DR
================================================================================

 1  26  20  23   1  42   0 0.26    M    M  6.6 17 120   M    M  10 18     22 120
 2  33   2  18  -4  47   0 0.28    M    M 13.5 29 310   M    M  10 168    39 320
 3  20   1  11 -11  54   0    T    M    M  6.5 12 210   M    M   7 18     18 230
 4  32  18  25   3  40   0 0.13    M    M  8.4 20 320   M    M  10 18     24 310
 5  18  -1   9 -13  56   0    T    M    M 10.3 23 320   M    M   7 89     27 310
 6  19  -2   9 -13  56   0    T    M    M  7.4 17 300   M    M   6 8      24 280
 7  37  18  28   6  37   0 0.00    M    M  6.0 13 220   M    M   9 8      19 240
 8  43  35  39  16  26   0    T    M    M  4.3 12 230   M    M   9 1      18 220
 9  36  15  26   3  39   0 0.08    M    M  6.1 10  40   M    M  10 168    14  40
10  20  13  17  -6  48   0 0.00    M    M  5.8 12  80   M    M  10 18     13  80
11  31   7  19  -4  46   0    T    M    M  4.8 13 260   M    M   7 18     21 270
12  28  -4  12 -11  53   0 0.02    M    M 15.1 29 310   M    M  10 189    34 310
13  13  -5   4 -19  61   0    T    M    M  7.8 15 300   M    M   3 8      21 310
14  23  -2  11 -12  54   0 0.04    M    M 12.9 26 310   M    M   9 28     37 310
15  -2 -14  -8 -32  73   0    T    M    M 14.4 25 300   M    M   6 8      32 310
16   9 -25  -8 -32  73   0 0.00    M    M  2.7 10 300   M    M   1 8      13 320
17  18  -8   5 -19  60   0    T    M    M  3.9 16 290   M    M   5 18     22 300
18  17   2  10 -14  55   0 0.06    M    M  7.6 22 320   M    M   9 18     28 310
19   3 -11  -4 -28  69   0    T    M    M 12.6 23 280   M    M   8 89     32 280
20   7 -15  -4 -28  69   0 0.00    M    M  7.4 14 190   M    M   1 8      19 290
21  20   1  11 -14  54   0 0.11    M    M  7.7 15 170   M    M  10 18     23 190
22  27  11  19  -6  46   0    T    M    M  6.7 22 320   M    M  10 128    28 330
23  11 -13  -1 -26  66   0    T    M    M  9.8 21 310   M    M   3 8      26 300
24  21 -20   1 -24  64   0    T    M    M  7.3 18 210   M    M   3        31 250
25  21   4  13 -12  52   0 0.01    M    M  9.6 21 290   M    M   5 8      30 290
26  17   6  12 -14  53   0 0.01    M    M  6.6 12 330   M    M  10 8      14  60
27  12 -11   1 -25  64   0    T    M    M  5.0 16 320   M    M   4 189    19 320
28  24 -19   3 -23  62   0 0.00    M    M  2.1  7 130   M    M   0 18     10 210
================================================================================
SM  584    3      1519   0  1.00    M    218.9          M      192
================================================================================
AV 20.9  0.1                               7.8 FASTST   M    M   7    MAX(MPH)
                                 MISC ---->  # 29 310               # 39  320
================================================================================
NOTES:
# LAST OF SEVERAL OCCURRENCES

COLUMN 17 PEAK WIND IN M.P.H.

PRELIMINARY LOCAL CLIMATOLOGICAL DATA (WS FORM: F-6) , PAGE 2

                                          STATION:  BRADFORD
                                          MONTH:    FEBRUARY
                                          YEAR:     2015
                                          LATITUDE:   41 47 N
                                          LONGITUDE:  78 38 W

[TEMPERATURE DATA]      [PRECIPITATION DATA]       SYMBOLS USED IN COLUMN 16

AVERAGE MONTHLY: 10.5   TOTAL FOR MONTH:   1.00    1 = FOG OR MIST
DPTR FM NORMAL: -13.1   DPTR FM NORMAL:   -1.35    2 = FOG REDUCING VISIBILITY
HIGHEST:    43 ON  8    GRTST 24HR  0.54 ON  1- 2      TO 1/4 MILE OR LESS
LOWEST:    -25 ON 16                               3 = THUNDER
                        SNOW, ICE PELLETS, HAIL    4 = ICE PELLETS
                        TOTAL MONTH:    M          5 = HAIL
                        GRTST 24HR    M  ON   M    6 = FREEZING RAIN OR DRIZZLE
                        GRTST DEPTH:  M  ON   M    7 = DUSTSTORM OR SANDSTORM:
                                                       VSBY 1/2 MILE OR LESS
                                                   8 = SMOKE OR HAZE
[NO. OF DAYS WITH]      [WEATHER - DAYS WITH]      9 = BLOWING SNOW
                                                   X = TORNADO
MAX 32 OR BELOW:  24    0.01 INCH OR MORE:  10
MAX 90 OR ABOVE:   0    0.10 INCH OR MORE:   4
MIN 32 OR BELOW:  27    0.50 INCH OR MORE:   0
MIN  0 OR BELOW:  14    1.00 INCH OR MORE:   0

[HDD (BASE 65) ]
TOTAL THIS MO.  1519    CLEAR  (SCALE 0-3)   4
DPTR FM NORMAL   360    PTCLDY (SCALE 4-7)  11
TOTAL FM JUL 1  5899    CLOUDY (SCALE 8-10) 13
DPTR FM NORMAL   329

[CDD (BASE 65) ]
TOTAL THIS MO.     0
DPTR FM NORMAL     0    [PRESSURE DATA]
TOTAL FM JAN 1     0    HIGHEST SLP 30.81 ON 28
DPTR FM NORMAL     0    LOWEST  SLP 29.37 ON  2

[REMARKS]
#FINAL-02-15#
