000
CXUS55 KCYS 011901
CF6BFF
PRELIMINARY LOCAL CLIMATOLOGICAL DATA (WS FORM: F-6)     ...CORRECTED...

                                          STATION:   SCOTTSBLUFF NE AIRPORT
                                          MONTH:     AUGUST
                                          YEAR:      2014
                                          LATITUDE:   41 52 N
                                          LONGITUDE: 103 36 W

  TEMPERATURE IN F:       :PCPN:    SNOW:  WIND      :SUNSHINE: SKY     :PK WND
================================================================================
1   2   3   4   5  6A  6B    7    8   9   10  11  12  13   14  15   16   17  18
                                     12Z  AVG MX 2MIN
DY MAX MIN AVG DEP HDD CDD  WTR  SNW DPTH SPD SPD DIR MIN PSBL S-S WX    SPD DR
================================================================================

 1  90  51  71  -3   0   6 0.00  0.0    0  4.4 13 100   M    M   0        17 110
 2  94  55  75   1   0  10    T  0.0    0  6.0 20  30   M    M   1 3      24  30
 3  95  57  76   2   0  11 0.00  0.0    0  7.9 17 100   M    M   0        23 100
 4  96  61  79   5   0  14    T  0.0    0  7.7 23 260   M    M   1        28 250
 5  82  63  73  -1   0   8 0.06  0.0    0  6.2 24 340   M    M   4 13     29 340
 6  87  57  72  -2   0   7 0.20  0.0    0  6.2 39 330   M    M   1 13     50 330
 7  90  57  74   0   0   9    T  0.0    0  5.8 30 270   M    M   0 1238   39 290
 8  89  54  72  -2   0   7 0.00  0.0    0  5.2 12 120   M    M   0 1      16 150
 9  93  58  76   3   0  11 0.19  0.0    0  8.8 33 330   M    M   2 3      42 330
10  83  55  69  -4   0   4 0.00  0.0    0  5.6 13  70   M    M   2        15  70
11  89  57  73   0   0   8 0.00  0.0    0  7.4 18 100   M    M   2        23  90
12  91  57  74   1   0   9 0.00  0.0    0  9.9 17 100   M    M   0        20 100
13 100  58  79   6   0  14 0.00  0.0    0  8.8 18 180   M    M   0        22 180
14  90  63  77   4   0  12    T  0.0    0  6.4 16 290   M    M   1        20 280
15  94  61  78   6   0  13 0.00  0.0    0  8.0 15 290   M    M   0        20 260
16  95  56  76   4   0  11 0.00  0.0    0  5.6 16 260   M    M   0        21 270
17  98  59  79   7   0  14 0.00  0.0    0  9.5 18 280   M    M   0 1      24 270
18  90  56  73   1   0   8    T  0.0    0  6.7 23  40   M    M   0 13     28  40
19  96  56  76   4   0  11 0.02  0.0    0  8.1 23 240   M    M   1 3      31 230
20  93  63  78   6   0  13 0.00  0.0    0  8.0 22 290   M    M   2        35 270
21  90  57  74   3   0   9    T  0.0    0  5.5 14 280   M    M   1        28 270
22  77  62  70  -1   0   5 0.04  0.0    0  7.8 20 110   M    M   5        23 120
23  86  55  71   0   0   6    T  0.0    0  7.7 25 280   M    M   4 1      33 270
24  86  46  66  -4   0   1    T  0.0    0  8.0 24 260   M    M   1        35 250
25  78  50  64  -6   1   0    T  0.0    0  6.9 14 130   M    M   1        17 270
26  89  57  73   3   0   8 0.25  0.0    0  8.9 31 160   M    M   2 13     41 160
27  71  60  66  -4   0   1 0.64  0.0    0  6.1 21 300   M    M   6 13     25 310
28  70  52  61  -8   4   0 0.16  0.0    0  6.9 17 300   M    M   5 1      22 300
29  83  49  66  -3   0   1 0.01  0.0    0  7.5 22 330   M    M   2 1      27 310
30  93  53  73   4   0   8    T  0.0    0 10.0 32 200   M    M   1 3      44 220
31  79  49  64  -4   1   0 0.09  0.0    0  8.0 37 320   M    M   2 13     45 320
================================================================================
SM 2737 1744         6 239  1.66     0.0 225.5          M       47
================================================================================
AV 88.3 56.3                               7.3 FASTST   M    M   2    MAX(MPH)
                                 MISC ---->    39 330                 50  330
================================================================================
NOTES:
# LAST OF SEVERAL OCCURRENCES

COLUMN 17 PEAK WIND IN M.P.H.

PRELIMINARY LOCAL CLIMATOLOGICAL DATA (WS FORM: F-6) , PAGE 2

                                          STATION:  SCOTTSBLUFF NE AIRPORT
                                          MONTH:    AUGUST
                                          YEAR:     2014
                                          LATITUDE:   41 52 N
                                          LONGITUDE: 103 36 W

[TEMPERATURE DATA]      [PRECIPITATION DATA]       SYMBOLS USED IN COLUMN 16

AVERAGE MONTHLY: 72.3   TOTAL FOR MONTH:   1.66    1 = FOG OR MIST
DPTR FM NORMAL:   0.4   DPTR FM NORMAL:    0.36    2 = FOG REDUCING VISIBILITY
HIGHEST:   100 ON 13    GRTST 24HR  0.89 ON 26-27      TO 1/4 MILE OR LESS
LOWEST:     46 ON 24                               3 = THUNDER
                        SNOW, ICE PELLETS, HAIL    4 = ICE PELLETS
                        TOTAL MONTH:   0.0 INCH    5 = HAIL
                        GRTST 24HR     0.0         6 = FREEZING RAIN OR DRIZZLE
                        GRTST DEPTH:   0           7 = DUSTSTORM OR SANDSTORM:
                                                       VSBY 1/2 MILE OR LESS
                                                   8 = SMOKE OR HAZE
[NO. OF DAYS WITH]      [WEATHER - DAYS WITH]      9 = BLOWING SNOW
                                                   X = TORNADO
MAX 32 OR BELOW:   0    0.01 INCH OR MORE:  10
MAX 90 OR ABOVE:  17    0.10 INCH OR MORE:   5
MIN 32 OR BELOW:   0    0.50 INCH OR MORE:   1
MIN  0 OR BELOW:   0    1.00 INCH OR MORE:   0

[HDD (BASE 65) ]
TOTAL THIS MO.     6    CLEAR  (SCALE 0-3)  26
DPTR FM NORMAL    -8    PTCLDY (SCALE 4-7)   5
TOTAL FM JUL 1    13    CLOUDY (SCALE 8-10)  0
DPTR FM NORMAL    -7

[CDD (BASE 65) ]
TOTAL THIS MO.   239
DPTR FM NORMAL    10    [PRESSURE DATA]
TOTAL FM JAN 1   643    HIGHEST SLP 30.21 ON 11
DPTR FM NORMAL   -22    LOWEST  SLP 29.62 ON 19

[REMARKS]
NONE
#FINAL-08-14#
