000
CXUS54 KAMA 251015
CF6BGD
PRELIMINARY LOCAL CLIMATOLOGICAL DATA (WS FORM: F-6)

                                          STATION:   BORGER
                                          MONTH:     FEBRUARY
                                          YEAR:      2017
                                          LATITUDE:   35 42 N
                                          LONGITUDE: 101 24 W

  TEMPERATURE IN F:       :PCPN:    SNOW:  WIND      :SUNSHINE: SKY     :PK WND
================================================================================
1   2   3   4   5  6A  6B    7    8   9   10  11  12  13   14  15   16   17  18
                                     12Z  AVG MX 2MIN
DY MAX MIN AVG DEP HDD CDD  WTR  SNW DPTH SPD SPD DIR MIN PSBL S-S WX    SPD DR
================================================================================

 1  50  29  40   0  25   0 0.00  0.0    0 10.2 18  40   M    M   0        26  50
 2  36  19  28 -12  37   0 0.00  0.0    0  8.2 20  50   M    M   0        25  50
 3  41  17  29 -11  36   0 0.00  0.0    0  6.9 18 170   M    M   0        24 170
 4  68  29  49   8  16   0 0.00  0.0    0 11.0 23 250   M    M   0        30 210
 5  72  29  51  10  14   0 0.00  0.0    0  6.6 17 140   M    M   0        24 140
 6  73  40  57  16   8   0 0.00  0.0    0 14.9 32 250   M    M   0        43 250
 7  73  41  57  16   8   0 0.00  0.0    0  9.5 16 260   M    M   0        21 260
 8  58  30  44   3  21   0 0.00  0.0    0  8.3 23  20   M    M   0        28  20
 9  76  31  54  13  11   0 0.00  0.0    0 15.0 26 210   M    M   0        36 200
10  90  54  72  31   0   7 0.00  0.0    0 17.4 28 250   M    M   0        37 250
11  89  54  72  31   0   7 0.00  0.0    0 17.2 29  30   M    M   0        37 250
12  54  40  47   5  18   0 0.00  0.0    0 15.7 25  40   M    M   1        32  30
13  40  32  36  -6  29   0 0.21  0.0    0  3.2 17  30   M    M   7 1      20  30
14  45  33  39  -3  26   0 0.16    T    0  8.4 26  20   M    M   8 1      35  10
15  58  28  43   1  22   0 0.00  0.0    0  6.2 15 190   M    M   0        19 190
16  71  35  53  11  12   0 0.00  0.0    0 12.0 18 200   M    M   0        27 220
17  71  37  54  12  11   0 0.00  0.0    0  9.5 17 140   M    M   0        24 200
18  72  34  53  11  12   0 0.00  0.0    0  6.8 16 140   M    M   0        23 140
19  69  46  58  15   7   0    T    M    0 13.2 32 240   M    M   1        44 240
20  70  43  57  14   8   0 0.00  0.0    0 14.8 32 350   M    M   0        40 350
21  78  32  55  12  10   0 0.00  0.0    0  6.0 13 190   M    M   0        17 180
22  79  46  63  20   2   0 0.00  0.0    0  9.4 18 280   M    M   0        25 280
23  79  38  59  15   6   0 0.00  0.0    0 16.6 38 240   M    M   0        50 250
24  47  27  37  -7  28   0 0.00  0.0    0 11.6 22  10   M    M   3        29 360
================================================================================
SM 1559  844       367  14  0.37    T    258.6          M       20
================================================================================
AV 65.0 35.2                              10.8 FASTST   M    M   1    MAX(MPH)
                                 MISC ---->  # 38 240               # 50  250
================================================================================
NOTES:
# LAST OF SEVERAL OCCURRENCES

COLUMN 17 PEAK WIND IN M.P.H.

PRELIMINARY LOCAL CLIMATOLOGICAL DATA (WS FORM: F-6) , PAGE 2

                                          STATION:  BORGER
                                          MONTH:    FEBRUARY
                                          YEAR:     2017
                                          LATITUDE:   35 42 N
                                          LONGITUDE: 101 24 W

[TEMPERATURE DATA]      [PRECIPITATION DATA]       SYMBOLS USED IN COLUMN 16

AVERAGE MONTHLY: 50.1   TOTAL FOR MONTH:   0.37    1 = FOG OR MIST
DPTR FM NORMAL:   8.3   DPTR FM NORMAL:   -0.18    2 = FOG REDUCING VISIBILITY
HIGHEST:    90 ON 10    GRTST 24HR  0.36 ON 13-14      TO 1/4 MILE OR LESS
LOWEST:     17 ON  3                               3 = THUNDER
                        SNOW, ICE PELLETS, HAIL    4 = ICE PELLETS
                        TOTAL MONTH:    T          5 = HAIL
                        GRTST 24HR    T  ON 14-14  6 = FREEZING RAIN OR DRIZZLE
                        GRTST DEPTH:   0           7 = DUSTSTORM OR SANDSTORM:
                                                       VSBY 1/2 MILE OR LESS
                                                   8 = SMOKE OR HAZE
[NO. OF DAYS WITH]      [WEATHER - DAYS WITH]      9 = BLOWING SNOW
                                                   X = TORNADO
MAX 32 OR BELOW:   0    0.01 INCH OR MORE:   2
MAX 90 OR ABOVE:   1    0.10 INCH OR MORE:   2
MIN 32 OR BELOW:  11    0.50 INCH OR MORE:   0
MIN  0 OR BELOW:   0    1.00 INCH OR MORE:   0

[HDD (BASE 65) ]
TOTAL THIS MO.   367    CLEAR  (SCALE 0-3)  22
DPTR FM NORMAL  -193    PTCLDY (SCALE 4-7)   2
TOTAL FM JUL 1  2269    CLOUDY (SCALE 8-10)  0
DPTR FM NORMAL  -643

[CDD (BASE 65) ]
TOTAL THIS MO.    14
DPTR FM NORMAL    14    [PRESSURE DATA]
TOTAL FM JAN 1    14    HIGHEST SLP M ON M
DPTR FM NORMAL    14    LOWEST  SLP 29.32 ON 23

[REMARKS]
