000
CXUS54 KAMA 251015
CF6BGD
PRELIMINARY LOCAL CLIMATOLOGICAL DATA (WS FORM: F-6)

                                          STATION:   BORGER
                                          MONTH:     JANUARY
                                          YEAR:      2015
                                          LATITUDE:   35 42 N
                                          LONGITUDE: 101 24 W

  TEMPERATURE IN F:       :PCPN:    SNOW:  WIND      :SUNSHINE: SKY     :PK WND
================================================================================
1   2   3   4   5  6A  6B    7    8   9   10  11  12  13   14  15   16   17  18
                                     12Z  AVG MX 2MIN
DY MAX MIN AVG DEP HDD CDD  WTR  SNW DPTH SPD SPD DIR MIN PSBL S-S WX    SPD DR
================================================================================

 1  31  20  26 -11  39   0    T    M    0  5.3 12 230   M    M   8 168    14 220
 2  36  19  28  -9  37   0 0.00  0.0    T  2.8 13 140   M    M   4 1      16 130
 3  34  20  27 -10  38   0 0.13  1.4    1  8.4 35 360   M    M   9 18     41 360
 4  31   9  20 -18  45   0 0.00  0.0    1  8.8 29 360   M    M   2        37 340
 5  58  21  40   2  25   0 0.00  0.0    1 12.6 24 230   M    M   2 18     38 220
 6  51  30  41   3  24   0 0.00  0.0    0  4.6  9  10   M    M   0        13  30
 7  39  17  28 -10  37   0    T    T    0 12.2 31  20   M    M   5        37  40
 8  58  20  39   1  26   0 0.00  0.0    0 13.6 28 240   M    M   3        34 230
 9  37  24  31  -7  34   0 0.00  0.0    0  7.3 23  40   M    M  10        28  50
10  49  24  37  -1  28   0 0.00  0.0    0 14.5 24 210   M    M   1        33 200
11  61  26  44   6  21   0 0.00  0.0    0  7.8 15 190   M    M   0        20 200
12  32  22  27 -11  38   0 0.00  0.0    0 10.1 23  20   M    M   6 1      29  30
13  37  21  29  -9  36   0    T    T    0  6.3 10 190   M    M   9 4      15 210
14  34  27  31  -7  34   0 0.11  1.6    1  4.1 13 200   M    M  10 1      15 210
15  56  26  41   2  24   0 0.00  0.0    T  7.4 18  10   M    M   0 1      23  10
16  69  26  48   9  17   0 0.00  0.0    0  9.8 21 200   M    M   0        31 210
17  61  33  47   8  18   0 0.00  0.0    0 12.0 33  10   M    M   0        43 360
18  70  30  50  11  15   0 0.00  0.0    0 12.0 33 240   M    M   0        44 240
19  73  32  53  14  12   0 0.00  0.0    0  7.0 14 240   M    M   0        20 280
20  49  35  42   3  23   0 0.00  0.0    0  9.6 23  30   M    M   4        27  30
21  38  32  35  -4  30   0 0.52  4.6    0  7.0 16  50   M    M   9 12     22  40
22  35  22  29 -10  36   0 0.11  0.0    6  8.9 18  40   M    M   6 1      25  40
23  37  17  27 -12  38   0 0.00  0.0    5 10.0 17 250   M    M   1 1      21 240
24  49  30  40   0  25   0 0.00  0.0    3  9.7 18 230   M    M   0        26 220
================================================================================
SM 1125  583       700   0  0.87     7.6 211.8          M       89
================================================================================
AV 46.9 24.3                               8.8 FASTST   M    M   4    MAX(MPH)
                                 MISC ---->  # 35 360               # 44  240
================================================================================
NOTES:
# LAST OF SEVERAL OCCURRENCES

COLUMN 17 PEAK WIND IN M.P.H.

PRELIMINARY LOCAL CLIMATOLOGICAL DATA (WS FORM: F-6) , PAGE 2

                                          STATION:  BORGER
                                          MONTH:    JANUARY
                                          YEAR:     2015
                                          LATITUDE:   35 42 N
                                          LONGITUDE: 101 24 W

[TEMPERATURE DATA]      [PRECIPITATION DATA]       SYMBOLS USED IN COLUMN 16

AVERAGE MONTHLY: 35.6   TOTAL FOR MONTH:   0.87    1 = FOG OR MIST
DPTR FM NORMAL:  -2.8   DPTR FM NORMAL:    0.46    2 = FOG REDUCING VISIBILITY
HIGHEST:    73 ON 19    GRTST 24HR  0.63 ON 21-22      TO 1/4 MILE OR LESS
LOWEST:      9 ON  4                               3 = THUNDER
                        SNOW, ICE PELLETS, HAIL    4 = ICE PELLETS
                        TOTAL MONTH:   7.6 INCHES  5 = HAIL
                        GRTST 24HR   4.6 ON   M    6 = FREEZING RAIN OR DRIZZLE
                        GRTST DEPTH:   6 ON 22     7 = DUSTSTORM OR SANDSTORM:
                                                       VSBY 1/2 MILE OR LESS
                                                   8 = SMOKE OR HAZE
[NO. OF DAYS WITH]      [WEATHER - DAYS WITH]      9 = BLOWING SNOW
                                                   X = TORNADO
MAX 32 OR BELOW:   3    0.01 INCH OR MORE:   4
MAX 90 OR ABOVE:   0    0.10 INCH OR MORE:   4
MIN 32 OR BELOW:  22    0.50 INCH OR MORE:   1
MIN  0 OR BELOW:   0    1.00 INCH OR MORE:   0

[HDD (BASE 65) ]
TOTAL THIS MO.   700    CLEAR  (SCALE 0-3)  13
DPTR FM NORMAL    59    PTCLDY (SCALE 4-7)   6
TOTAL FM JUL 1  2116    CLOUDY (SCALE 8-10)  5
DPTR FM NORMAL   -62

[CDD (BASE 65) ]
TOTAL THIS MO.     0
DPTR FM NORMAL     0    [PRESSURE DATA]
TOTAL FM JAN 1     0    HIGHEST SLP M ON M
DPTR FM NORMAL     0    LOWEST  SLP 29.78 ON  3

[REMARKS]
