000
CXUS51 KBGM 280800
CF6BGM
PRELIMINARY LOCAL CLIMATOLOGICAL DATA (WS FORM: F-6)

                                          STATION:   BINGHAMTON NY
                                          MONTH:     FEBRUARY
                                          YEAR:      2015
                                          LATITUDE:   42 13 N
                                          LONGITUDE:  75 59 W

  TEMPERATURE IN F:       :PCPN:    SNOW:  WIND      :SUNSHINE: SKY     :PK WND
================================================================================
1   2   3   4   5  6A  6B    7    8   9   10  11  12  13   14  15   16   17  18
                                     12Z  AVG MX 2MIN
DY MAX MIN AVG DEP HDD CDD  WTR  SNW DPTH SPD SPD DIR MIN PSBL S-S WX    SPD DR
================================================================================

 1  24  11  18  -5  47   0 0.15  1.9    8  6.6 15 110   M    M  10 18     17 110
 2  25   4  15  -8  50   0 0.38  8.8   13 13.4 26 320   M    M  10 129    37 320
 3  20   0  10 -13  55   0    T  0.1   14  9.0 17 250   M    M   2 1      21 270
 4  32  16  24   1  41   0 0.23  5.0   15  8.8 20 330   M    M  10 1      27 340
 5  24  -1  12 -11  53   0 0.06  1.5   17 12.1 23 350   M    M   6 189    33 300
 6  20  -3   9 -14  56   0    T    T   17  9.3 20 270   M    M   5 8      28 270
 7  28  13  21  -2  44   0 0.06  0.8   16  5.6 10 210   M    M  10 18     14 230
 8  39  27  33   9  32   0 0.11  0.8   15  6.1 12 170   M    M  10 1      16 160
 9  28  19  24   0  41   0 0.32  2.4   15  5.9 18 140   M    M  10 12     23 130
10  23  16  20  -4  45   0    T  0.0   16 10.5 16 340   M    M  10 16     21  10
11  29  13  21  -3  44   0 0.04  0.7   16  5.0 12 210   M    M   7 18     14 180
12  27   0  14 -10  51   0 0.06  0.7   16 12.0 24 320   M    M   9 189    34 330
13   8  -2   3 -21  62   0 0.05  0.8   16  9.6 18 300   M    M   6 18     25 280
14  19   2  11 -13  54   0 0.28  4.3   16 10.6 26 320   M    M  10 18     37 320
15   6  -7   0 -25  65   0 0.01  0.2   20 17.9 28 330   M    M  10 189    39 330
16   8  -7   1 -24  64   0    T  0.1   19  8.8 20 320   M    M   2 189    26 310
17  19   0  10 -15  55   0 0.01  0.1   18  4.5  9 250   M    M   4 18     12 280
18  22   0  11 -14  54   0 0.06  1.1   18  6.1 23 290   M    M   6 18     32 290
19  10  -7   2 -24  63   0 0.03  0.9   19 13.8 23 310   M    M   9 1289   37 290
20   9 -10   0 -26  65   0 0.00  0.0   19 10.4 22 290   M    M   1        28 290
21  20  -1  10 -16  55   0 0.16  2.4   18 10.2 21 180   M    M   9 18     32 190
22  32  19  26   0  39   0    T  0.1   18  4.7 16 320   M    M   9 1      24 330
23  20  -7   7 -19  58   0    T  0.1   18 12.0 25 340   M    M   6 189    31 340
24  18 -10   4 -23  61   0 0.00  0.0   18  9.8 21 180   M    M   1        29 180
25  25   7  16 -11  49   0    T    T   18  9.7 22 280   M    M   2        30 270
26  17   6  12 -15  53   0    T  0.1   17  6.8 13 360   M    M   9 8      15 310
27  16   1   9 -18  56   0    T    T   17  7.6 15 350   M    M   2 18     20 340
================================================================================
SM  568   99      1412   0  2.01    32.9 246.8          M      185
================================================================================
AV 21.0  3.7                               9.1 FASTST   M    M   7    MAX(MPH)
                                 MISC ---->  # 28 330               # 39  330
================================================================================
NOTES:
# LAST OF SEVERAL OCCURRENCES

COLUMN 17 PEAK WIND IN M.P.H.

PRELIMINARY LOCAL CLIMATOLOGICAL DATA (WS FORM: F-6) , PAGE 2

                                          STATION:  BINGHAMTON NY
                                          MONTH:    FEBRUARY
                                          YEAR:     2015
                                          LATITUDE:   42 13 N
                                          LONGITUDE:  75 59 W

[TEMPERATURE DATA]      [PRECIPITATION DATA]       SYMBOLS USED IN COLUMN 16

AVERAGE MONTHLY: 12.4   TOTAL FOR MONTH:   2.01    1 = FOG OR MIST
DPTR FM NORMAL: -12.4   DPTR FM NORMAL:   -0.21    2 = FOG REDUCING VISIBILITY
HIGHEST:    39 ON  8    GRTST 24HR  4.78 ON  4- 5      TO 1/4 MILE OR LESS
LOWEST:    -10 ON 24,20                            3 = THUNDER
                        SNOW, ICE PELLETS, HAIL    4 = ICE PELLETS
                        TOTAL MONTH:  32.9 INCHES  5 = HAIL
                        GRTST 24HR   8.8 ON   M    6 = FREEZING RAIN OR DRIZZLE
                        GRTST DEPTH:  20 ON 15     7 = DUSTSTORM OR SANDSTORM:
                                                       VSBY 1/2 MILE OR LESS
                                                   8 = SMOKE OR HAZE
[NO. OF DAYS WITH]      [WEATHER - DAYS WITH]      9 = BLOWING SNOW
                                                   X = TORNADO
MAX 32 OR BELOW:  26    0.01 INCH OR MORE:  16
MAX 90 OR ABOVE:   0    0.10 INCH OR MORE:   7
MIN 32 OR BELOW:  27    0.50 INCH OR MORE:   0
MIN  0 OR BELOW:  14    1.00 INCH OR MORE:   0

[HDD (BASE 65) ]
TOTAL THIS MO.  1412    CLEAR  (SCALE 0-3)   6
DPTR FM NORMAL   322    PTCLDY (SCALE 4-7)   7
TOTAL FM JUL 1  5476    CLOUDY (SCALE 8-10) 14
DPTR FM NORMAL   314

[CDD (BASE 65) ]
TOTAL THIS MO.     0
DPTR FM NORMAL     0    [PRESSURE DATA]
TOTAL FM JAN 1     0    HIGHEST SLP M ON M
DPTR FM NORMAL     0    LOWEST  SLP 29.36 ON  2

[REMARKS]
