000
CXUS55 KVEF 230940
CF6BIH
PRELIMINARY LOCAL CLIMATOLOGICAL DATA (WS FORM: F-6)

                                          STATION:   BISHOP CA
                                          MONTH:     OCTOBER
                                          YEAR:      2014
                                          LATITUDE:   37 22 N
                                          LONGITUDE: 118 22 W

  TEMPERATURE IN F:       :PCPN:    SNOW:  WIND      :SUNSHINE: SKY     :PK WND
================================================================================
1   2   3   4   5  6A  6B    7    8   9   10  11  12  13   14  15   16   17  18
                                     12Z  AVG MX 2MIN
DY MAX MIN AVG DEP HDD CDD  WTR  SNW DPTH SPD SPD DIR MIN PSBL S-S WX    SPD DR
================================================================================

 1  79  49  64   2   1   0 0.00  0.0    0 11.4 24 360   M    M   1        30  10
 2  83  35  59  -3   6   0    T  0.0    0  5.4 13 320   M    M   0        13 190
 3  89  40  65   3   0   0 0.00  0.0    0  5.8 12 300   M    M   0        12 300
 4  92  43  68   7   0   3 0.00  0.0    0  6.5 17 170   M    M   0        24 170
 5  93  48  71  10   0   6 0.00  0.0    0  6.8 13 310   M    M   0        17 300
 6  91  42  67   7   0   2 0.00  0.0    0  6.5 15 170   M    M   0        18 170
 7  90  45  68   8   0   3 0.00  0.0    0  6.0 15 140   M    M   0        20 140
 8  90  44  67   7   0   2    T    M    0  5.3 14 220   M    M   0        18 110
 9  88  42  65   6   0   0 0.00  0.0    0  5.8 13 160   M    M   0        17 160
10  85  41  63   4   2   0 0.00  0.0    0  5.5 18 360   M    M   0        24 360
11  87  42  65   6   0   0 0.00  0.0    0  5.6 13 160   M    M   0        17 160
12  84  49  67   9   0   2 0.00  0.0    0 11.0 25 340   M    M   0        34 330
13  84  36  60   2   5   0 0.00  0.0    0  8.8 23 160   M    M   0        32 160
14  83  38  61   3   4   0 0.00  0.0    0 15.9 31 170   M    M   0        43 170
15  83  47  65   8   0   0 0.00  0.0    0 12.5 28 150   M    M   0        34 150
16  79  37  58   1   7   0 0.00  0.0    0  7.1 18 170   M    M   0        24 160
17  77  46  62   6   3   0 0.00  0.0    0  6.4 15 150   M    M   0        20 170
18  80  40  60   4   5   0 0.00  0.0    0  6.3 17 160   M    M   0        21 150
19  82  38  60   4   5   0 0.00  0.0    0  7.9 22 180   M    M   0        30 170
20  83  39  61   6   4   0 0.00  0.0    0  8.0 23 150   M    M   0        29 160
21  79  35  57   2   8   0 0.00  0.0    0  6.5 13 320   M    M   0        18 330
22  79  35  57   2   8   0 0.00  0.0    0  7.3 21 160   M    M   0        25 150
================================================================================
SM 1860  911        58  18    T      0.0 168.3          M        1
================================================================================
AV 84.5 41.4                               7.7 FASTST   M    M   0    MAX(MPH)
                                 MISC ---->  # 31 170               # 43  170
================================================================================
NOTES:
# LAST OF SEVERAL OCCURRENCES

COLUMN 17 PEAK WIND IN M.P.H.

PRELIMINARY LOCAL CLIMATOLOGICAL DATA (WS FORM: F-6) , PAGE 2

                                          STATION:  BISHOP CA
                                          MONTH:    OCTOBER
                                          YEAR:     2014
                                          LATITUDE:   37 22 N
                                          LONGITUDE: 118 22 W

[TEMPERATURE DATA]      [PRECIPITATION DATA]       SYMBOLS USED IN COLUMN 16

AVERAGE MONTHLY: 63.0   TOTAL FOR MONTH:      T    1 = FOG OR MIST
DPTR FM NORMAL:   4.5   DPTR FM NORMAL:   -0.19    2 = FOG REDUCING VISIBILITY
HIGHEST:    93 ON  5    GRTST 24HR    T  ON  8- 8      TO 1/4 MILE OR LESS
LOWEST:     35 ON 22,21                            3 = THUNDER
                        SNOW, ICE PELLETS, HAIL    4 = ICE PELLETS
                        TOTAL MONTH:   0.0 INCH    5 = HAIL
                        GRTST 24HR     0.0         6 = FREEZING RAIN OR DRIZZLE
                        GRTST DEPTH:   0           7 = DUSTSTORM OR SANDSTORM:
                                                       VSBY 1/2 MILE OR LESS
                                                   8 = SMOKE OR HAZE
[NO. OF DAYS WITH]      [WEATHER - DAYS WITH]      9 = BLOWING SNOW
                                                   X = TORNADO
MAX 32 OR BELOW:   0    0.01 INCH OR MORE:   0
MAX 90 OR ABOVE:   5    0.10 INCH OR MORE:   0
MIN 32 OR BELOW:   0    0.50 INCH OR MORE:   0
MIN  0 OR BELOW:   0    1.00 INCH OR MORE:   0

[HDD (BASE 65) ]
TOTAL THIS MO.    58    CLEAR  (SCALE 0-3)  22
DPTR FM NORMAL   -94    PTCLDY (SCALE 4-7)   0
TOTAL FM JUL 1    83    CLOUDY (SCALE 8-10)  0
DPTR FM NORMAL  -112

[CDD (BASE 65) ]
TOTAL THIS MO.    18
DPTR FM NORMAL    11    [PRESSURE DATA]
TOTAL FM JAN 1  1384    HIGHEST SLP M ON M
DPTR FM NORMAL   281    LOWEST  SLP 29.67 ON 15

[REMARKS]
