000
CXUS55 KVEF 230940
CF6BIH
PRELIMINARY LOCAL CLIMATOLOGICAL DATA (WS FORM: F-6)

                                          STATION:   BISHOP CA
                                          MONTH:     MAY
                                          YEAR:      2015
                                          LATITUDE:   37 22 N
                                          LONGITUDE: 118 22 W

  TEMPERATURE IN F:       :PCPN:    SNOW:  WIND      :SUNSHINE: SKY     :PK WND
================================================================================
1   2   3   4   5  6A  6B    7    8   9   10  11  12  13   14  15   16   17  18
                                     12Z  AVG MX 2MIN
DY MAX MIN AVG DEP HDD CDD  WTR  SNW DPTH SPD SPD DIR MIN PSBL S-S WX    SPD DR
================================================================================

 1  87  45  66   7   0   1 0.00  0.0    0 10.3 25 150   M    M   0 3      34 130
 2  87  43  65   6   0   0 0.00  0.0    0  8.4 25 150   M    M   0        33 140
 3  86  42  64   4   1   0 0.00  0.0    0  8.5 23 350   M    M   0        31 250
 4  85  43  64   4   1   0 0.00  0.0    0 10.7 35  20   M    M   1 8      48  30
 5  84  43  64   4   1   0    T  0.0    0  7.4 28 220   M    M   1        36 220
 6  82  44  63   3   2   0 0.00  0.0    0 10.4 29 250   M    M   1        36 240
 7  65  38  52  -9  13   0 0.11  0.0    0 10.7 31  90   M    M   4 3      39  80
 8  52  34  43 -18  22   0 0.63    T    T  6.6 13 280   M    M  10 1      15 330
 9  73  46  60  -1   5   0 0.00  0.0    0  9.3 21 350   M    M   4        26 350
10  80  38  59  -3   6   0 0.00  0.0    0  4.7 10 140   M    M   0        15  30
11  81  45  63   1   2   0 0.00  0.0    0  9.6 26 230   M    M   0        36 230
12  80  42  61  -1   4   0 0.00  0.0    0 10.3 25 250   M    M   0        39 160
13  74  42  58  -5   7   0 0.00  0.0    0 13.8 26 150   M    M   0        35 150
14  60  45  53 -10  12   0 0.04  0.0    0  7.1 24 360   M    M   7 3      31 350
15  64  34  49 -14  16   0    T  0.0    0  6.4 23  20   M    M   6        29  20
16  76  47  62  -1   3   0    T  0.0    0  8.2 20  10   M    M   5        26  10
17  74  45  60  -4   5   0    T  0.0    0 10.3 28 170   M    M   5        36 160
18  69  47  58  -6   7   0 0.03  0.0    0  7.0 18 190   M    M   8        23 270
19  76  41  59  -5   6   0    T  0.0    0  6.8 26 360   M    M   5 3      34 360
20  74  49  62  -2   3   0 0.00  0.0    0  8.4 24 110   M    M   5        33 150
21  74  43  59  -6   6   0 0.01  0.0    0 10.5 28 140   M    M   5        38 180
22  71  48  60  -5   5   0 0.04    M    0  9.2 18 250   M    M   6        23 310
================================================================================
SM 1654  944       127   1  0.86    T    194.6          M       73
================================================================================
AV 75.2 42.9                               8.8 FASTST   M    M   3    MAX(MPH)
                                 MISC ---->  # 35  20               # 48   30
================================================================================
NOTES:
# LAST OF SEVERAL OCCURRENCES

COLUMN 17 PEAK WIND IN M.P.H.

PRELIMINARY LOCAL CLIMATOLOGICAL DATA (WS FORM: F-6) , PAGE 2

                                          STATION:  BISHOP CA
                                          MONTH:    MAY
                                          YEAR:     2015
                                          LATITUDE:   37 22 N
                                          LONGITUDE: 118 22 W

[TEMPERATURE DATA]      [PRECIPITATION DATA]       SYMBOLS USED IN COLUMN 16

AVERAGE MONTHLY: 59.0   TOTAL FOR MONTH:   0.86    1 = FOG OR MIST
DPTR FM NORMAL:  -3.0   DPTR FM NORMAL:    0.73    2 = FOG REDUCING VISIBILITY
HIGHEST:    87 ON  2, 1 GRTST 24HR  0.72 ON  7- 8      TO 1/4 MILE OR LESS
LOWEST:     34 ON 15, 8                            3 = THUNDER
                        SNOW, ICE PELLETS, HAIL    4 = ICE PELLETS
                        TOTAL MONTH:    T          5 = HAIL
                        GRTST 24HR    T  ON  8- 8  6 = FREEZING RAIN OR DRIZZLE
                        GRTST DEPTH:   T           7 = DUSTSTORM OR SANDSTORM:
                                                       VSBY 1/2 MILE OR LESS
                                                   8 = SMOKE OR HAZE
[NO. OF DAYS WITH]      [WEATHER - DAYS WITH]      9 = BLOWING SNOW
                                                   X = TORNADO
MAX 32 OR BELOW:   0    0.01 INCH OR MORE:   6
MAX 90 OR ABOVE:   0    0.10 INCH OR MORE:   2
MIN 32 OR BELOW:   0    0.50 INCH OR MORE:   1
MIN  0 OR BELOW:   0    1.00 INCH OR MORE:   0

[HDD (BASE 65) ]
TOTAL THIS MO.   127    CLEAR  (SCALE 0-3)  10
DPTR FM NORMAL    29    PTCLDY (SCALE 4-7)  11
TOTAL FM JUL 1  3118    CLOUDY (SCALE 8-10)  1
DPTR FM NORMAL -1022

[CDD (BASE 65) ]
TOTAL THIS MO.     1
DPTR FM NORMAL   -31    [PRESSURE DATA]
TOTAL FM JAN 1     5    HIGHEST SLP M ON M
DPTR FM NORMAL   -31    LOWEST  SLP 29.44 ON  6

[REMARKS]
