000
CXUS55 KBYZ 301055
CF6BIL
PRELIMINARY LOCAL CLIMATOLOGICAL DATA (WS FORM: F-6)

                                          STATION:   BILLINGS MT
                                          MONTH:     APRIL
                                          YEAR:      2017
                                          LATITUDE:   45 47 N
                                          LONGITUDE: 108 32 W

  TEMPERATURE IN F:       :PCPN:    SNOW:  WIND      :SUNSHINE: SKY     :PK WND
================================================================================
1   2   3   4   5  6A  6B    7    8   9   10  11  12  13   14  15   16   17  18
                                     12Z  AVG MX 2MIN
DY MAX MIN AVG DEP HDD CDD  WTR  SNW DPTH SPD SPD DIR MIN PSBL S-S WX    SPD DR
================================================================================

 1  62  38  50   8  15   0 0.00  0.0    0 12.3 24 240   M    M   8 1      29 220
 2  57  38  48   6  17   0 0.37    T    0  7.8 30 310   M    M   9 135    36 310
 3  50  30  40  -2  25   0    T    T    0 15.3 30 320   M    M   6 1      36 310
 4  50  29  40  -3  25   0 0.01  0.1    T 10.8 20 310   M    M   6 1      24 320
 5  59  36  48   5  17   0 0.00  0.0    0 12.0 21 240   M    M   5        25 240
 6  71  41  56  13   9   0 0.00  0.0    0  9.4 20 190   M    M   5        24 180
 7  71  48  60  16   5   0    T  0.0    0  9.2 29 290   M    M   7        36 290
 8  60  42  51   7  14   0 0.06  0.0    0  7.7 29 310   M    M   9 3      35 300
 9  43  32  38  -6  27   0 1.26  3.3    0 12.9 29 320   M    M  10 19     36 330
10  52  30  41  -3  24   0    T  0.0    1  7.3 22 300   M    M   5 1      27 210
11  57  34  46   1  19   0    T  0.0    0  7.7 16 220   M    M   7        24 240
12  61  39  50   5  15   0 0.00  0.0    0  8.1 21 120   M    M   5        27 120
13  80  39  60  15   5   0 0.00  0.0    0  8.6 29 150   M    M   4        40 140
14  59  41  50   4  15   0    T  0.0    0 15.5 31 270   M    M   5        36 270
15  54  36  45  -1  20   0 0.00  0.0    0 22.1 37 270   M    M   3        46 280
16  57  34  46   0  19   0 0.00  0.0    0  8.5 21  60   M    M   5        26  60
17  59  35  47   1  18   0    T  0.0    0 11.3 43 310   M    M   6        49 310
18  64  40  52   5  13   0 0.04  0.0    0  7.4 23 320   M    M   7        26 320
19  62  43  53   6  12   0 0.03  0.0    0 14.1 31 320   M    M   5 1      37 320
20  66  35  51   4  14   0 0.00  0.0    0 11.7 24 120   M    M   3        35 100
21  52  42  47  -1  18   0 0.51  0.0    0 11.4 28 320   M    M  10 1      32 320
22  60  40  50   2  15   0 0.00  0.0    0  6.1 17 180   M    M   7        20 150
23  67  43  55   7  10   0    T  0.0    0  6.7 44 320   M    M   8 3      52 320
24  57  40  49   0  16   0 0.09  0.0    0  8.5 24  60   M    M   7 18     29  60
25  41  32  37 -12  28   0    T  0.0    0 10.1 22  50   M    M  10 1      27  50
26  52  33  43  -6  22   0 0.06    T    0  5.7 14 290   M    M   9 1      17 290
27  47  38  43  -7  22   0 0.80  0.0    0  9.3 22 340   M    M  10 14     25 340
28  47  37  42  -8  23   0 0.11  0.0    0  7.1 17  10   M    M  10        23  10
29  57  33  45  -5  20   0 0.00  0.0    0  7.7 17 220   M    M   3 1      22 160
================================================================================
SM 1674 1078       502   0  3.34     3.4 292.3          M      194
================================================================================
AV 57.7 37.2                              10.1 FASTST   M    M   7    MAX(MPH)
                                 MISC ---->  # 44 320               # 52  320
================================================================================
NOTES:
# LAST OF SEVERAL OCCURRENCES

COLUMN 17 PEAK WIND IN M.P.H.

PRELIMINARY LOCAL CLIMATOLOGICAL DATA (WS FORM: F-6) , PAGE 2

                                          STATION:  BILLINGS MT
                                          MONTH:    APRIL
                                          YEAR:     2017
                                          LATITUDE:   45 47 N
                                          LONGITUDE: 108 32 W

[TEMPERATURE DATA]      [PRECIPITATION DATA]       SYMBOLS USED IN COLUMN 16

AVERAGE MONTHLY: 47.5   TOTAL FOR MONTH:   3.34    1 = FOG OR MIST
DPTR FM NORMAL:   1.5   DPTR FM NORMAL:    1.74    2 = FOG REDUCING VISIBILITY
HIGHEST:    80 ON 13    GRTST 24HR  1.26 ON  9- 9      TO 1/4 MILE OR LESS
LOWEST:     29 ON  4                               3 = THUNDER
                        SNOW, ICE PELLETS, HAIL    4 = ICE PELLETS
                        TOTAL MONTH:   3.4 INCHES  5 = HAIL
                        GRTST 24HR   3.3 ON  9- 9  6 = FREEZING RAIN OR DRIZZLE
                        GRTST DEPTH:   1 ON 10     7 = DUSTSTORM OR SANDSTORM:
                                                       VSBY 1/2 MILE OR LESS
                                                   8 = SMOKE OR HAZE
[NO. OF DAYS WITH]      [WEATHER - DAYS WITH]      9 = BLOWING SNOW
                                                   X = TORNADO
MAX 32 OR BELOW:   0    0.01 INCH OR MORE:  11
MAX 90 OR ABOVE:   0    0.10 INCH OR MORE:   5
MIN 32 OR BELOW:   5    0.50 INCH OR MORE:   3
MIN  0 OR BELOW:   0    1.00 INCH OR MORE:   1

[HDD (BASE 65) ]
TOTAL THIS MO.   502    CLEAR  (SCALE 0-3)   1
DPTR FM NORMAL   -50    PTCLDY (SCALE 4-7)  20
TOTAL FM JUL 1  6305    CLOUDY (SCALE 8-10)  8
DPTR FM NORMAL   -57

[CDD (BASE 65) ]
TOTAL THIS MO.     0
DPTR FM NORMAL     0    [PRESSURE DATA]
TOTAL FM JAN 1     0    HIGHEST SLP M ON M
DPTR FM NORMAL     0    LOWEST  SLP 29.37 ON 13

[REMARKS]
