000
CXUS55 KBYZ 231055
CF6BIL
PRELIMINARY LOCAL CLIMATOLOGICAL DATA (WS FORM: F-6)

                                          STATION:   BILLINGS MT
                                          MONTH:     JULY
                                          YEAR:      2014
                                          LATITUDE:   45 47 N
                                          LONGITUDE: 108 32 W

  TEMPERATURE IN F:       :PCPN:    SNOW:  WIND      :SUNSHINE: SKY     :PK WND
================================================================================
1   2   3   4   5  6A  6B    7    8   9   10  11  12  13   14  15   16   17  18
                                     12Z  AVG MX 2MIN
DY MAX MIN AVG DEP HDD CDD  WTR  SNW DPTH SPD SPD DIR MIN PSBL S-S WX    SPD DR
================================================================================

 1  76  54  65  -5   0   0 0.02  0.0    0  7.6 15  60   M    M   3 3      18  60
 2  84  52  68  -2   0   3 0.00  0.0    0  7.0 17  90   M    M   1        23 160
 3  87  55  71   1   0   6    T  0.0    0  6.8 26 320   M    M   4 3      33 320
 4  95  64  80  10   0  15 0.06  0.0    0  9.5 32 240   M    M   5        45 240
 5  97  60  79   8   0  14 0.00  0.0    0  8.1 22 360   M    M   6        27 360
 6  96  62  79   8   0  14    T  0.0    0  8.8 22 330   M    M   4 3      26 320
 7  82  63  73   2   0   8 0.01  0.0    0 11.3 29 360   M    M   3 3      36  10
 8  85  55  70  -2   0   5 0.00  0.0    0  6.8 15  50   M    M   1        20  40
 9  91  58  75   3   0  10    T  0.0    0  5.4 20 310   M    M   4        26 300
10  93  68  81   9   0  16 0.01  0.0    0  7.6 16 240   M    M   4 3      20 230
11  81  64  73   1   0   8    T  0.0    0  9.9 25  40   M    M   6        31  30
12  88  64  76   4   0  11 0.00  0.0    0  7.2 14  90   M    M   5        19  70
13  91  60  76   3   0  11 0.00  0.0    0  8.9 20  80   M    M   2        23  90
14  81  58  70  -3   0   5 0.00  0.0    0 11.1 20  60   M    M   4        26  60
15  71  57  64  -9   1   0 0.02  0.0    0  8.6 16  30   M    M   7 3      21  50
16  83  61  72  -1   0   7 0.00  0.0    0  5.6 13 160   M    M   5        18 170
17  93  65  79   6   0  14 0.00  0.0    0 13.3 22 240   M    M   3        28 220
18  87  64  76   2   0  11 0.00  0.0    0  7.1 23  40   M    M   5        28  30
19  97  60  79   5   0  14 0.00  0.0    0 11.4 30 290   M    M   5 8      36 300
20  95  63  79   5   0  14    T  0.0    0  9.0 21 350   M    M   3        27 350
21  83  63  73  -1   0   8    T  0.0    0  8.0 30 330   M    M   8        37 330
22  92  59  76   2   0  11 0.22  0.0    0  5.9 43 250   M    M   5 3      56 240
================================================================================
SM 1928 1329         1 205  0.34     0.0 184.9          M       93
================================================================================
AV 87.6 60.4                               8.4 FASTST   M    M   4    MAX(MPH)
                                 MISC ---->  # 43 250               # 56  240
================================================================================
NOTES:
# LAST OF SEVERAL OCCURRENCES

COLUMN 17 PEAK WIND IN M.P.H.

PRELIMINARY LOCAL CLIMATOLOGICAL DATA (WS FORM: F-6) , PAGE 2

                                          STATION:  BILLINGS MT
                                          MONTH:    JULY
                                          YEAR:     2014
                                          LATITUDE:   45 47 N
                                          LONGITUDE: 108 32 W

[TEMPERATURE DATA]      [PRECIPITATION DATA]       SYMBOLS USED IN COLUMN 16

AVERAGE MONTHLY: 74.0   TOTAL FOR MONTH:   0.34    1 = FOG OR MIST
DPTR FM NORMAL:   1.8   DPTR FM NORMAL:   -0.65    2 = FOG REDUCING VISIBILITY
HIGHEST:    97 ON 19, 5 GRTST 24HR  0.22 ON 22-22      TO 1/4 MILE OR LESS
LOWEST:     52 ON  2                               3 = THUNDER
                        SNOW, ICE PELLETS, HAIL    4 = ICE PELLETS
                        TOTAL MONTH:   0.0 INCH    5 = HAIL
                        GRTST 24HR     0.0         6 = FREEZING RAIN OR DRIZZLE
                        GRTST DEPTH:   0           7 = DUSTSTORM OR SANDSTORM:
                                                       VSBY 1/2 MILE OR LESS
                                                   8 = SMOKE OR HAZE
[NO. OF DAYS WITH]      [WEATHER - DAYS WITH]      9 = BLOWING SNOW
                                                   X = TORNADO
MAX 32 OR BELOW:   0    0.01 INCH OR MORE:   6
MAX 90 OR ABOVE:  10    0.10 INCH OR MORE:   1
MIN 32 OR BELOW:   0    0.50 INCH OR MORE:   0
MIN  0 OR BELOW:   0    1.00 INCH OR MORE:   0

[HDD (BASE 65) ]
TOTAL THIS MO.     1    CLEAR  (SCALE 0-3)   5
DPTR FM NORMAL   -11    PTCLDY (SCALE 4-7)  17
TOTAL FM JUL 1     1    CLOUDY (SCALE 8-10)  0
DPTR FM NORMAL   -11

[CDD (BASE 65) ]
TOTAL THIS MO.   205
DPTR FM NORMAL    34    [PRESSURE DATA]
TOTAL FM JAN 1   240    HIGHEST SLP M ON M
DPTR FM NORMAL   -33    LOWEST  SLP 29.68 ON M

[REMARKS]
