000
CXUS53 KGRR 281017
CF6BIV
PRELIMINARY LOCAL CLIMATOLOGICAL DATA (WS FORM: F-6)

                                          STATION:   HOLLAND
                                          MONTH:     MARCH
                                          YEAR:      2017
                                          LATITUDE:   42 49 N
                                          LONGITUDE:  86 10 W

  TEMPERATURE IN F:       :PCPN:    SNOW:  WIND      :SUNSHINE: SKY     :PK WND
================================================================================
1   2   3   4   5  6A  6B    7    8   9   10  11  12  13   14  15   16   17  18
                                     12Z  AVG MX 2MIN
DY MAX MIN AVG DEP HDD CDD  WTR  SNW DPTH SPD SPD DIR MIN PSBL S-S WX    SPD DR
================================================================================

 1  53  28  41   9  24   0 0.20    M    M 13.5 26 290   M    M   9 128    42 270
 2  31  26  29  -3  36   0    T    M    M 11.3 23 300   M    M   9 8      30 320
 3  29  18  24  -8  41   0 0.02    M    M  8.9 23 300   M    M   5 1      32 310
 4  35  19  27  -6  38   0 0.00    M    M 11.2 20 120   M    M   4        26 110
 5  53  27  40   7  25   0 0.00    M    M 13.3 22 140   M    M   5        27 150
 6  60  50  55  22  10   0 0.00    M    M 15.2 28 170   M    M  10        36 170
 7  60  41  51  17  14   0 0.12    M    M 21.3 32 240   M    M   5 13     43 250
 8  46  38  42   8  23   0 0.00    M    M 24.0 41 250   M    M   1        54 250
 9  38  31  35   1  30   0 0.00    M    M  7.6 17 280   M    M   7        24 300
10  33  19  26  -9  39   0    T    M    M 10.4 24 320   M    M   8 8      34 320
11  24  17  21 -14  44   0    T    M    M  9.8 18 300   M    M  10        27 310
12  31  17  24 -11  41   0 0.00    M    M  4.6 12 100   M    M   8        14 130
13  29  20  25 -11  40   0 0.04    M    M  8.7 14  80   M    M  10 18     19  70
14  27  17  22 -14  43   0    T    M    M  8.4 16 340   M    M   5 18     23 340
15  31  18  25 -11  40   0    T    M    M  9.5 21 300   M    M   6        30 300
16  39  24  32  -5  33   0 0.00    M    M  6.8 17 250   M    M   0        20 250
17  36  24  30  -7  35   0 0.16    M    M  8.3 17 130   M    M   8 13     21 140
18  39  35  37   0  28   0 0.08    M    M  9.5 17 310   M    M  10 1      25 310
19  46  33  40   2  25   0 0.00    M    M  5.2 15 150   M    M   6        19 150
20  57  37  47   9  18   0 0.13    M    M  7.3 16 150   M    M   4 13     21  10
21  46  26  36  -2  29   0 0.00    M    M  9.9 23 320   M    M   0 1      33 320
22  38  21  30  -9  35   0 0.00    M    M  6.0 16  10   M    M   0        26  10
23  49  22  36  -3  29   0 0.23    M    0 10.8 21 150   M    M   6 13     27 160
24  68  43  56  16   9   0    T    M    0 12.0 29 210   M    M   3        37 220
25  48  39  44   4  21   0 0.49    M    0 14.9 24 100   M    M  10 1      31 100
26  57  43  50  10  15   0 0.33    M    0  8.9 22 100   M    M  10 1      25 100
27  47  40  44   3  21   0 0.01    M    0  5.3 10 280   M    M  10 1      13 270
================================================================================
SM 1150  773       786   0  1.81    M    282.6          M      169
================================================================================
AV 42.6 28.6                              10.5 FASTST   M    M   6    MAX(MPH)
                                 MISC ---->  # 41 250               # 54  250
================================================================================
NOTES:
# LAST OF SEVERAL OCCURRENCES

COLUMN 17 PEAK WIND IN M.P.H.

PRELIMINARY LOCAL CLIMATOLOGICAL DATA (WS FORM: F-6) , PAGE 2

                                          STATION:  HOLLAND
                                          MONTH:    MARCH
                                          YEAR:     2017
                                          LATITUDE:   42 49 N
                                          LONGITUDE:  86 10 W

[TEMPERATURE DATA]      [PRECIPITATION DATA]       SYMBOLS USED IN COLUMN 16

AVERAGE MONTHLY: 35.6   TOTAL FOR MONTH:   1.81    1 = FOG OR MIST
DPTR FM NORMAL:  -0.5   DPTR FM NORMAL:   -0.19    2 = FOG REDUCING VISIBILITY
HIGHEST:    68 ON 24    GRTST 24HR  0.49 ON 25-25      TO 1/4 MILE OR LESS
LOWEST:     17 ON 14,12                            3 = THUNDER
                        SNOW, ICE PELLETS, HAIL    4 = ICE PELLETS
                        TOTAL MONTH:    M          5 = HAIL
                        GRTST 24HR    M  ON   M    6 = FREEZING RAIN OR DRIZZLE
                        GRTST DEPTH:   0           7 = DUSTSTORM OR SANDSTORM:
                                                       VSBY 1/2 MILE OR LESS
                                                   8 = SMOKE OR HAZE
[NO. OF DAYS WITH]      [WEATHER - DAYS WITH]      9 = BLOWING SNOW
                                                   X = TORNADO
MAX 32 OR BELOW:   7    0.01 INCH OR MORE:  11
MAX 90 OR ABOVE:   0    0.10 INCH OR MORE:   7
MIN 32 OR BELOW:  17    0.50 INCH OR MORE:   0
MIN  0 OR BELOW:   0    1.00 INCH OR MORE:   0

[HDD (BASE 65) ]
TOTAL THIS MO.   786    CLEAR  (SCALE 0-3)   5
DPTR FM NORMAL     5    PTCLDY (SCALE 4-7)  13
TOTAL FM JUL 1  4648    CLOUDY (SCALE 8-10)  9
DPTR FM NORMAL  -633

[CDD (BASE 65) ]
TOTAL THIS MO.     0
DPTR FM NORMAL     0    [PRESSURE DATA]
TOTAL FM JAN 1     0    HIGHEST SLP M ON M
DPTR FM NORMAL     0    LOWEST  SLP 29.34 ON  1

[REMARKS]
